000
CXUS55 KLOX 281155
CF6CQT
PRELIMINARY LOCAL CLIMATOLOGICAL DATA (WS FORM: F-6)

                                          STATION:   DOWNTOWN LOS ANGELES (USC) CA
                                          MONTH:     AUGUST
                                          YEAR:      2016
                                          LATITUDE:   34  1 N
                                          LONGITUDE: 118 17 W

  TEMPERATURE IN F:       :PCPN:    SNOW:  WIND      :SUNSHINE: SKY     :PK WND
================================================================================
1   2   3   4   5  6A  6B    7    8   9   10  11  12  13   14  15   16   17  18
                                     12Z  AVG MX 2MIN
DY MAX MIN AVG DEP HDD CDD  WTR  SNW DPTH SPD SPD DIR MIN PSBL S-S WX    SPD DR
================================================================================

 1  85  67  76   2   0  11 0.00  0.0    0  2.3 10 270   M    M   2 18     17 280
 2  85  66  76   2   0  11 0.00  0.0    0  2.2 12 280   M    M   2 8      16 270
 3  83  67  75   1   0  10 0.00  0.0    0  2.0  9 270   M    M   2        15 280
 4  84  66  75   1   0  10 0.00  0.0    0  2.0 10 270   M    M   1 8      16 270
 5  80  66  73  -1   0   8 0.00  0.0    0  1.7  9 270   M    M   4 1      14 280
 6  79  65  72  -2   0   7 0.00  0.0    0  2.2 10 270   M    M   5        14 280
 7  80  66  73  -1   0   8 0.00  0.0    0  2.0 10 280   M    M   4 18     16 280
 8  81  67  74   0   0   9 0.00  0.0    0  1.9  9 270   M    M   6 18     16 270
 9  81  67  74   0   0   9 0.00  0.0    0  1.8  8 270   M    M   5        13 280
10  82  66  74   0   0   9 0.00  0.0    0  2.1 10 270   M    M   5 8      15 280
11  81  66  74   0   0   9 0.00  0.0    0  2.6 10 270   M    M   5        17 280
12  79  65  72  -2   0   7 0.00  0.0    0  2.5 10 270   M    M   0        17 280
13  84  65  75   1   0  10 0.00  0.0    0  1.4 10 270   M    M   0        15 280
14  86  67  77   3   0  12 0.00  0.0    M  1.7  9 280   M    M   0        16 270
15  91  65  78   4   0  13 0.00  0.0    0  1.9 12 280   M    M   0 18     15 270
16  86  63  75   1   0  10 0.00  0.0    0  1.2  8 270   M    M   0 18     11 280
17  84  60  72  -2   0   7 0.00  0.0    0  1.8  8 280   M    M   2 128    11 260
18  83  61  72  -2   0   7 0.00  0.0    0  1.7  9 270   M    M   2 18     12 280
19  80  61  71  -3   0   6 0.00  0.0    0  2.1  9 280   M    M   0 1      14 280
20  76  62  69  -5   0   4 0.00  0.0    0  2.3 12 280   M    M   1        17 280
21  83  63  73  -1   0   8 0.00  0.0    0  1.5  9 280   M    M   0 18     15 270
22  84  63  74   0   0   9 0.00  0.0    0  1.9 10 280   M    M   0 1      16 270
23  83  64  74   0   0   9 0.00  0.0    0  1.2  9 260   M    M   0        14 270
24  83  64  74   0   0   9 0.00  0.0    0  1.8 10 270   M    M   0 8      14 270
25  82  63  73  -1   0   8 0.00  0.0    0  1.6  8 280   M    M   2 8      13 270
26  78  64  71  -3   0   6 0.00  0.0    0  2.1 10 280   M    M   5        15 280
27  77  64  71  -3   0   6 0.00  0.0    0  1.9  9 280   M    M   5 8      16 270
================================================================================
SM 2220 1743         0 232  0.00     0.0  51.4          M       58
================================================================================
AV 82.2 64.6                               1.9 FASTST   M    M   2    MAX(MPH)
                                 MISC ---->  # 12 280                 17    M
================================================================================
NOTES:
# LAST OF SEVERAL OCCURRENCES

COLUMN 17 PEAK WIND IN M.P.H.

PRELIMINARY LOCAL CLIMATOLOGICAL DATA (WS FORM: F-6) , PAGE 2

                                          STATION:  DOWNTOWN LOS ANGELES (USC) CA
                                          MONTH:    AUGUST
                                          YEAR:     2016
                                          LATITUDE:   34  1 N
                                          LONGITUDE: 118 17 W

[TEMPERATURE DATA]      [PRECIPITATION DATA]       SYMBOLS USED IN COLUMN 16

AVERAGE MONTHLY: 73.4   TOTAL FOR MONTH:   0.00    1 = FOG OR MIST
DPTR FM NORMAL:  -0.6   DPTR FM NORMAL:   -0.03    2 = FOG REDUCING VISIBILITY
HIGHEST:    91 ON 15    GRTST 24HR  0.00 ON 27-27      TO 1/4 MILE OR LESS
LOWEST:     60 ON 17                               3 = THUNDER
                        SNOW, ICE PELLETS, HAIL    4 = ICE PELLETS
                        TOTAL MONTH:   0.0 INCH    5 = HAIL
                        GRTST 24HR     0.0         6 = FREEZING RAIN OR DRIZZLE
                        GRTST DEPTH:   0           7 = DUSTSTORM OR SANDSTORM:
                                                       VSBY 1/2 MILE OR LESS
                                                   8 = SMOKE OR HAZE
[NO. OF DAYS WITH]      [WEATHER - DAYS WITH]      9 = BLOWING SNOW
                                                   X = TORNADO
MAX 32 OR BELOW:   0    0.01 INCH OR MORE:   0
MAX 90 OR ABOVE:   1    0.10 INCH OR MORE:   0
MIN 32 OR BELOW:   0    0.50 INCH OR MORE:   0
MIN  0 OR BELOW:   0    1.00 INCH OR MORE:   0

[HDD (BASE 65) ]
TOTAL THIS MO.     0    CLEAR  (SCALE 0-3)  18
DPTR FM NORMAL     0    PTCLDY (SCALE 4-7)   9
TOTAL FM JUL 1     0    CLOUDY (SCALE 8-10)  0
DPTR FM NORMAL     0

[CDD (BASE 65) ]
TOTAL THIS MO.   232
DPTR FM NORMAL   -11    [PRESSURE DATA]
TOTAL FM JAN 1   955    HIGHEST SLP M ON M
DPTR FM NORMAL   165    LOWEST  SLP 29.72 ON  7

[REMARKS]
