000
CXUS52 KILM 251000
CF6CRE
PRELIMINARY LOCAL CLIMATOLOGICAL DATA (WS FORM: F-6)

                                          STATION:   NORTH MYRTLE BEACH SC
                                          MONTH:     MAY
                                          YEAR:      2016
                                          LATITUDE:   33 49 N
                                          LONGITUDE:  78 43 W

  TEMPERATURE IN F:       :PCPN:    SNOW:  WIND      :SUNSHINE: SKY     :PK WND
================================================================================
1   2   3   4   5  6A  6B    7    8   9   10  11  12  13   14  15   16   17  18
                                     12Z  AVG MX 2MIN
DY MAX MIN AVG DEP HDD CDD  WTR  SNW DPTH SPD SPD DIR MIN PSBL S-S WX    SPD DR
================================================================================

 1  76  68  72   6   0   7 0.70    M    M  7.9 15 230   M    M   5 123    19 230
 2  79  70  75   9   0  10    T    M    M  9.9 18 200   M    M   2 13     25 190
 3  77  67  72   6   0   7 1.57    M    M 10.2 29 220   M    M   7 138    35 210
 4  81  63  72   5   0   7 0.02    M    M  7.3 17 240   M    M   5 1      22 240
 5  73  52  63  -4   2   0 0.13    M    M  6.6 16 330   M    M   2 3      24 310
 6  70  47  59  -8   6   0    T    M    M  4.7 15  30   M    M   6        19 290
 7  78  52  65  -2   0   0 0.00    M    M  8.1 17 270   M    M   1        25 290
 8  89  65  77   9   0  12 0.00    M    M  7.1 15 250   M    M   0        20 250
 9  85  63  74   6   0   9 0.00    M    M  7.6 18 210   M    M   0 1      22 200
10  80  68  74   6   0   9 0.00    M    M  8.3 16 200   M    M   0        20 220
11  80  65  73   5   0   8 0.00    M    M  9.8 18 200   M    M   1 12     23 210
12  83  69  76   7   0  11 0.13    M    M  9.2 22 210   M    M   0 138    26 200
13  79  65  72   3   0   7 1.26    M    M  4.1 29 220   M    M   3 13     36 220
14  84  64  74   5   0   9 0.00    M    M  8.1 24 210   M    M   1 1      30 220
15  73  54  64  -6   1   0 0.00    M    M  5.9 16  20   M    M   0        24  20
16  73  52  63  -7   2   0 0.00    M    M  8.4 18  40   M    M   3        23  40
17  79  68  74   4   0   9 0.31    M    M  5.6 14 270   M    M   5 1      18 260
18  74  63  69  -1   0   4 0.03    M    M  8.1 14  40   M    M  10 1      19  30
19  72  62  67  -3   0   2 0.00    M    M  7.5 12  30   M    M   8 1      16  20
20  74  61  68  -3   0   3    T    M    M 10.5 15  60   M    M  10 1      23  70
21  82  68  75   4   0  10 0.01    M    M  5.1 13 230   M    M   7 1      19 280
22  78  61  70  -1   0   5 0.07    M    M  5.9 14  10   M    M   6 1      22  10
23  73  55  64  -8   1   0    T    M    M  4.4 13 350   M    M   3        18 310
24  77  52  65  -7   0   0 0.00    M    M  7.6 18 200   M    M   0 1      23 200
================================================================================
SM 1869 1474        12 129  4.23    M    177.9          M       85
================================================================================
AV 77.9 61.4                               7.4 FASTST   M    M   4    MAX(MPH)
                                 MISC ---->  # 29 220               # 36  220
================================================================================
NOTES:
# LAST OF SEVERAL OCCURRENCES

COLUMN 17 PEAK WIND IN M.P.H.

PRELIMINARY LOCAL CLIMATOLOGICAL DATA (WS FORM: F-6) , PAGE 2

                                          STATION:  NORTH MYRTLE BEACH SC
                                          MONTH:    MAY
                                          YEAR:     2016
                                          LATITUDE:   33 49 N
                                          LONGITUDE:  78 43 W

[TEMPERATURE DATA]      [PRECIPITATION DATA]       SYMBOLS USED IN COLUMN 16

AVERAGE MONTHLY: 69.6   TOTAL FOR MONTH:   4.23    1 = FOG OR MIST
DPTR FM NORMAL:   0.8   DPTR FM NORMAL:    1.74    2 = FOG REDUCING VISIBILITY
HIGHEST:    89 ON  8    GRTST 24HR  1.59 ON  3- 4      TO 1/4 MILE OR LESS
LOWEST:     47 ON  6                               3 = THUNDER
                        SNOW, ICE PELLETS, HAIL    4 = ICE PELLETS
                        TOTAL MONTH:    M          5 = HAIL
                        GRTST 24HR    M  ON   M    6 = FREEZING RAIN OR DRIZZLE
                        GRTST DEPTH:  M  ON   M    7 = DUSTSTORM OR SANDSTORM:
                                                       VSBY 1/2 MILE OR LESS
                                                   8 = SMOKE OR HAZE
[NO. OF DAYS WITH]      [WEATHER - DAYS WITH]      9 = BLOWING SNOW
                                                   X = TORNADO
MAX 32 OR BELOW:   0    0.01 INCH OR MORE:  10
MAX 90 OR ABOVE:   0    0.10 INCH OR MORE:   6
MIN 32 OR BELOW:   0    0.50 INCH OR MORE:   3
MIN  0 OR BELOW:   0    1.00 INCH OR MORE:   2

[HDD (BASE 65) ]
TOTAL THIS MO.    12    CLEAR  (SCALE 0-3)  13
DPTR FM NORMAL   -11    PTCLDY (SCALE 4-7)   8
TOTAL FM JUL 1  1781    CLOUDY (SCALE 8-10)  3
DPTR FM NORMAL  -665

[CDD (BASE 65) ]
TOTAL THIS MO.   129
DPTR FM NORMAL    14    [PRESSURE DATA]
TOTAL FM JAN 1   229    HIGHEST SLP  0.00 ON  5
DPTR FM NORMAL    72    LOWEST  SLP  0.00 ON  5

[REMARKS]
