000
CXUS54 KFWD 270730
CF6CRS
PRELIMINARY LOCAL CLIMATOLOGICAL DATA (WS FORM: F-6)

                                          STATION:   CORSICANA
                                          MONTH:     MAY
                                          YEAR:      2015
                                          LATITUDE:   32  1 N
                                          LONGITUDE:  96 24 W

  TEMPERATURE IN F:       :PCPN:    SNOW:  WIND      :SUNSHINE: SKY     :PK WND
================================================================================
1   2   3   4   5  6A  6B    7    8   9   10  11  12  13   14  15   16   17  18
                                     12Z  AVG MX 2MIN
DY MAX MIN AVG DEP HDD CDD  WTR  SNW DPTH SPD SPD DIR MIN PSBL S-S WX    SPD DR
================================================================================

 1  82  57  70   0   0   5 0.00  0.0    0  2.1 12  90   M    M   0        14 110
 2  82  59  71   1   0   6 0.00  0.0    0  5.8 13 150   M    M   1        20 190
 3  81  59  70   0   0   5 0.00  0.0    0  9.9 17 170   M    M   2        24 150
 4  83  64  74   3   0   9 0.00  0.0    0  9.5 16 120   M    M   1        22 110
 5  81  62  72   1   0   7 0.25  0.0    0 12.3 25 130   M    M   6 138    33 140
 6  84  69  77   6   0  12 0.04  0.0    0 12.4 22 150   M    M   6 1      29 160
 7  85  70  78   6   0  13    T  0.0    0 10.3 20 150   M    M   7        25 160
 8  86  69  78   6   0  13 0.97  0.0    0  9.8 32 190   M    M   7 138    39 190
 9  86  72  79   7   0  14 0.01  0.0    0 12.1 25 180   M    M   7 13     32 180
10  82  69  76   4   0  11 9.91  0.0    0 10.9 44 270   M    M   6 1238   50 270
11  73  66  70  -3   0   5 0.11  0.0    0  7.8 16  10   M    M  10 138    21 340
12  71  64  68  -5   0   3 0.02  0.0    0  7.2 14  40   M    M   8 1      20  40
13  73  64  69  -4   0   4 0.30  0.0    0  9.2 24 170   M    M   8 13     31 190
14  83  64  74   0   0   9 0.11  0.0    0  7.7 23 160   M    M   5 13     28 160
15  77  70  74   0   0   9 0.04  0.0    0  8.4 18 190   M    M   6 13     23 190
16  88  70  79   5   0  14    T  0.0    0 14.3 26 170   M    M   5 1      33 160
17  79  67  73  -1   0   8 0.25  0.0    0 12.6 29 280   M    M   5 13     36 280
18  88  71  80   6   0  15 0.00  0.0    0  6.7 21 150   M    M   M 1      25 150
19  84  71  78   3   0  13    T  0.0    0  9.8 16 160   M    M   7 1      22 130
20  89  69  79   4   0  14 0.02  0.0    0  6.7 18  10   M    M   5 13     24  10
21  69  59  64 -11   1   0 0.38  0.0    0 10.7 17  10   M    M  10 13     25 360
22  77  61  69  -7   0   4    T  0.0    0  9.0 15 100   M    M   9 1      20  70
23  84  70  77   1   0  12 0.56  0.0    0 10.2 28 150   M    M   8 13     38 170
24  79  67  73  -3   0   8 0.30  0.0    0 10.7 31 140   M    M   6 13     40 130
25  82  66  74  -2   0   9 1.85  0.0    0 11.1 38 290   M    M   7 138    46 290
26  88  66  77   1   0  12 0.66  0.0    0 10.2 24  20   M    M   6 13     33 360
================================================================================
SM 2116 1715         1 234 15.78     0.0 247.4          M      148
================================================================================
AV 81.4 66.0                               9.5 FASTST   M    M   6    MAX(MPH)
                                 MISC ---->  # 44 270               # 50  270
================================================================================
NOTES:
# LAST OF SEVERAL OCCURRENCES

COLUMN 17 PEAK WIND IN M.P.H.

PRELIMINARY LOCAL CLIMATOLOGICAL DATA (WS FORM: F-6) , PAGE 2

                                          STATION:  CORSICANA
                                          MONTH:    MAY
                                          YEAR:     2015
                                          LATITUDE:   32  1 N
                                          LONGITUDE:  96 24 W

[TEMPERATURE DATA]      [PRECIPITATION DATA]       SYMBOLS USED IN COLUMN 16

AVERAGE MONTHLY: 73.7   TOTAL FOR MONTH:  15.78    1 = FOG OR MIST
DPTR FM NORMAL:   0.4   DPTR FM NORMAL:   12.24    2 = FOG REDUCING VISIBILITY
HIGHEST:    89 ON 20    GRTST 24HR 10.02 ON 10-11      TO 1/4 MILE OR LESS
LOWEST:     57 ON  1                               3 = THUNDER
                        SNOW, ICE PELLETS, HAIL    4 = ICE PELLETS
                        TOTAL MONTH:   0.0 INCH    5 = HAIL
                        GRTST 24HR     0.0         6 = FREEZING RAIN OR DRIZZLE
                        GRTST DEPTH:   0           7 = DUSTSTORM OR SANDSTORM:
                                                       VSBY 1/2 MILE OR LESS
                                                   8 = SMOKE OR HAZE
[NO. OF DAYS WITH]      [WEATHER - DAYS WITH]      9 = BLOWING SNOW
                                                   X = TORNADO
MAX 32 OR BELOW:   0    0.01 INCH OR MORE:  17
MAX 90 OR ABOVE:   0    0.10 INCH OR MORE:  12
MIN 32 OR BELOW:   0    0.50 INCH OR MORE:   5
MIN  0 OR BELOW:   0    1.00 INCH OR MORE:   2

[HDD (BASE 65) ]
TOTAL THIS MO.     1    CLEAR  (SCALE 0-3)   4
DPTR FM NORMAL    -1    PTCLDY (SCALE 4-7)  17
TOTAL FM JUL 1  2109    CLOUDY (SCALE 8-10)  4
DPTR FM NORMAL    21

[CDD (BASE 65) ]
TOTAL THIS MO.   234
DPTR FM NORMAL    14    [PRESSURE DATA]
TOTAL FM JAN 1   418    HIGHEST SLP M ON M
DPTR FM NORMAL    58    LOWEST  SLP 29.68 ON 16

[REMARKS]
