000
CXUS51 KRLX 012040
CF6CRW
PRELIMINARY LOCAL CLIMATOLOGICAL DATA (WS FORM: F-6)

                                          STATION:   CHARLESTON WV
                                          MONTH:     AUGUST
                                          YEAR:      2015
                                          LATITUDE:   38 22 N
                                          LONGITUDE:  81 36 W

  TEMPERATURE IN F:       :PCPN:    SNOW:  WIND      :SUNSHINE: SKY     :PK WND
================================================================================
1   2   3   4   5  6A  6B    7    8   9   10  11  12  13   14  15   16   17  18
                                     12Z  AVG MX 2MIN
DY MAX MIN AVG DEP HDD CDD  WTR  SNW DPTH SPD SPD DIR MIN PSBL S-S WX    SPD DR
================================================================================

 1  85  64  75   0   0  10 0.00  0.0    0  4.0 12 330   M    M   4        19 300
 2  85  60  73  -2   0   8 0.00  0.0    0  1.6  8 220   M    M   3        10 180
 3  88  61  75   0   0  10 0.00  0.0    0  6.1 22 240   M    M   4 123    34 250
 4  88  63  76   1   0  11 0.00  0.0    0  5.6 15 240   M    M   5        19 250
 5  88  70  79   4   0  14 0.00  0.0    0  3.2  9 250   M    M   5        13 240
 6  75  68  72  -3   0   7 0.15  0.0    0  3.0  8  40   M    M   8 18     10  20
 7  81  69  75   0   0  10 0.01  0.0    0  2.7 10 330   M    M   9 18     13 340
 8  88  68  78   3   0  13 0.00  0.0    0  3.2 13 310   M    M   6 18     17 330
 9  89  64  77   2   0  12 0.00  0.0    0  1.5  8 320   M    M   4 1      13  10
10  85  68  77   2   0  12 1.48  0.0    0  3.6 26 360   M    M   8 13     35 360
11  84  66  75   0   0  10 0.00  0.0    0  4.1 15 310   M    M   6 18     20 310
12  82  63  73  -2   0   8 0.00  0.0    0  3.6 14 290   M    M   6 1      21 330
13  81  60  71  -4   0   6 0.00  0.0    0  1.8  9 330   M    M   4 12     12 340
14  86  55  71  -4   0   6 0.00  0.0    0  1.4  9 310   M    M   3 1      13 310
15  88  63  76   1   0  11 0.00  0.0    0  2.2  9 230   M    M   4 1      13 200
16  89  60  75   0   0  10 0.00  0.0    0  1.4  7  90   M    M   3 1      12 140
17  89  64  77   2   0  12 1.24  0.0    0  1.2 17 250   M    M   5 13     26 290
18  83  67  75   1   0  10 0.30  0.0    0  2.0  9 250   M    M   9 13     13 250
19  89  70  80   6   0  15 0.05  0.0    0  3.5 20 240   M    M   6 18     27 280
20  82  61  72  -2   0   7 0.17  0.0    0  5.6 14 250   M    M   6 18     21 240
21  80  60  70  -4   0   5 0.00  0.0    0  1.8  9  40   M    M   4 12     13 100
22  84  55  70  -4   0   5 0.00  0.0    0  1.9  9  50   M    M   3 12     11  40
23  87  62  75   1   0  10 0.00  0.0    0  1.1 10 320   M    M   5 1      13 280
24  82  61  72  -2   0   7 0.00  0.0    0  4.5 15 250   M    M   5 1      20 250
25  77  58  68  -6   0   3 0.00  0.0    0  3.7 13 300   M    M   7        17 300
26  74  56  65  -8   0   0 0.00  0.0    0  1.3  8 330   M    M   8 1      11 330
27  77  54  66  -7   0   1 0.00  0.0    0  2.1 10 100   M    M   5 1      14 100
28  84  54  69  -4   0   4 0.00  0.0    0  1.2 10 300   M    M   4 1      14 310
29  86  59  73   0   0   8    T  0.0    0  2.4 10 210   M    M   4 1      13 220
30  83  62  73   0   0   8 0.00  0.0    0  2.7 10 200   M    M   6 1      13 180
31  89  66  78   6   0  13 0.00  0.0    0  1.2  8  70   M    M   5 1      10 360
================================================================================
SM 2608 1931         0 266  3.40     0.0  85.2          M      164
================================================================================
AV 84.1 62.3                               2.7 FASTST   M    M   5    MAX(MPH)
                                 MISC ---->  # 26 360               # 35  360
================================================================================
NOTES:
# LAST OF SEVERAL OCCURRENCES

COLUMN 17 PEAK WIND IN M.P.H.

PRELIMINARY LOCAL CLIMATOLOGICAL DATA (WS FORM: F-6) , PAGE 2

                                          STATION:  CHARLESTON WV
                                          MONTH:    AUGUST
                                          YEAR:     2015
                                          LATITUDE:   38 22 N
                                          LONGITUDE:  81 36 W

[TEMPERATURE DATA]      [PRECIPITATION DATA]       SYMBOLS USED IN COLUMN 16

AVERAGE MONTHLY: 73.2   TOTAL FOR MONTH:   3.40    1 = FOG OR MIST
DPTR FM NORMAL:  -1.1   DPTR FM NORMAL:   -0.34    2 = FOG REDUCING VISIBILITY
HIGHEST:    89 ON 31,19 GRTST 24HR  1.54 ON 17-18      TO 1/4 MILE OR LESS
LOWEST:     54 ON 28,27                            3 = THUNDER
                        SNOW, ICE PELLETS, HAIL    4 = ICE PELLETS
                        TOTAL MONTH:   0.0 INCH    5 = HAIL
                        GRTST 24HR     0.0         6 = FREEZING RAIN OR DRIZZLE
                        GRTST DEPTH:   0           7 = DUSTSTORM OR SANDSTORM:
                                                       VSBY 1/2 MILE OR LESS
                                                   8 = SMOKE OR HAZE
[NO. OF DAYS WITH]      [WEATHER - DAYS WITH]      9 = BLOWING SNOW
                                                   X = TORNADO
MAX 32 OR BELOW:   0    0.01 INCH OR MORE:   7
MAX 90 OR ABOVE:   0    0.10 INCH OR MORE:   5
MIN 32 OR BELOW:   0    0.50 INCH OR MORE:   2
MIN  0 OR BELOW:   0    1.00 INCH OR MORE:   2

[HDD (BASE 65) ]
TOTAL THIS MO.     0    CLEAR  (SCALE 0-3)   2
DPTR FM NORMAL    -2    PTCLDY (SCALE 4-7)  25
TOTAL FM JUL 1     0    CLOUDY (SCALE 8-10)  4
DPTR FM NORMAL    -2

[CDD (BASE 65) ]
TOTAL THIS MO.   266
DPTR FM NORMAL   -26    [PRESSURE DATA]
TOTAL FM JAN 1  1071    HIGHEST SLP 30.20 ON 28
DPTR FM NORMAL   125    LOWEST  SLP 29.78 ON  7

[REMARKS]
#FINAL-08-15#
