000
CXUS51 KRLX 231128
CF6CRW
PRELIMINARY LOCAL CLIMATOLOGICAL DATA (WS FORM: F-6)

                                          STATION:   CHARLESTON WV
                                          MONTH:     MARCH
                                          YEAR:      2017
                                          LATITUDE:   38 22 N
                                          LONGITUDE:  81 36 W

  TEMPERATURE IN F:       :PCPN:    SNOW:  WIND      :SUNSHINE: SKY     :PK WND
================================================================================
1   2   3   4   5  6A  6B    7    8   9   10  11  12  13   14  15   16   17  18
                                     12Z  AVG MX 2MIN
DY MAX MIN AVG DEP HDD CDD  WTR  SNW DPTH SPD SPD DIR MIN PSBL S-S WX    SPD DR
================================================================================

 1  72  45  59  18   6   0 0.38  0.0    0 14.9 38 300   M    M   8 13     59 300
 2  45  36  41   0  24   0    T  0.0    0 11.3 24 280   M    M   8        37 300
 3  39  26  33  -9  32   0    T    T    0  9.2 23 300   M    M   6        32 310
 4  40  20  30 -12  35   0    T    T    0  1.7  9 290   M    M   3        16  20
 5  66  24  45   3  20   0 0.00  0.0    0  3.1  9 240   M    M   2        12 240
 6  57  42  50   8  15   0 0.09  0.0    0  3.6 12 160   M    M   9 1      15 180
 7  61  47  54  11  11   0 0.62  0.0    0  7.8 32 280   M    M   9 18     52 300
 8  61  40  51   8  14   0 0.08  0.0    0 11.4 28 240   M    M   2 1      40 250
 9  69  35  52   9  13   0 0.00  0.0    0  5.8 22 230   M    M   1        28 220
10  58  30  44   0  21   0 0.08  0.0    0 10.8 24 300   M    M   7 1      36 290
11  37  24  31 -13  34   0 0.00  0.0    0  8.1 16 330   M    M   4        22 330
12  44  20  32 -12  33   0 0.00  0.0    0  2.7 14 340   M    M   2        18 330
13  59  26  43  -2  22   0    T  0.0    0  7.4 15 330   M    M   5        23 160
14  43  19  31 -14  34   0 0.01    T    0 11.7 25 310   M    M   9 148    37 310
15  34  16  25 -20  40   0 0.00  0.0    0 13.3 26 320   M    M   5        39 330
16  42  24  33 -13  32   0 0.00  0.0    0  6.9 17 250   M    M   5        30 250
17  42  20  31 -15  34   0 0.34    T    0  2.7  9 190   M    M   7 134    13 100
18  58  37  48   2  17   0 0.12  0.0    0  9.2 26 330   M    M   9 138    35 330
19  45  36  41  -6  24   0    T  0.0    0  5.0 14 300   M    M   9        20 320
20  57  27  42  -5  23   0 0.24  0.0    0  2.3 13 160   M    M   5 13     15 160
21  55  46  51   3  14   0 0.21  0.0    0  3.2 12 300   M    M   9 12     16 300
22  50  30  40  -8  25   0    T  0.0    0  8.0 20  10   M    M   3        26  10
================================================================================
SM 1134  670       523   0  2.17    T    160.1          M      127
================================================================================
AV 51.6 30.5                               7.3 FASTST   M    M   6    MAX(MPH)
                                 MISC ---->  # 38 300               # 59  300
================================================================================
NOTES:
# LAST OF SEVERAL OCCURRENCES

COLUMN 17 PEAK WIND IN M.P.H.

PRELIMINARY LOCAL CLIMATOLOGICAL DATA (WS FORM: F-6) , PAGE 2

                                          STATION:  CHARLESTON WV
                                          MONTH:    MARCH
                                          YEAR:     2017
                                          LATITUDE:   38 22 N
                                          LONGITUDE:  81 36 W

[TEMPERATURE DATA]      [PRECIPITATION DATA]       SYMBOLS USED IN COLUMN 16

AVERAGE MONTHLY: 41.0   TOTAL FOR MONTH:   2.17    1 = FOG OR MIST
DPTR FM NORMAL:  -3.3   DPTR FM NORMAL:   -0.67    2 = FOG REDUCING VISIBILITY
HIGHEST:    72 ON  1    GRTST 24HR  0.62 ON  7- 7      TO 1/4 MILE OR LESS
LOWEST:     16 ON 15                               3 = THUNDER
                        SNOW, ICE PELLETS, HAIL    4 = ICE PELLETS
                        TOTAL MONTH:    T          5 = HAIL
                        GRTST 24HR    T  ON 17-17  6 = FREEZING RAIN OR DRIZZLE
                        GRTST DEPTH:   0           7 = DUSTSTORM OR SANDSTORM:
                                                       VSBY 1/2 MILE OR LESS
                                                   8 = SMOKE OR HAZE
[NO. OF DAYS WITH]      [WEATHER - DAYS WITH]      9 = BLOWING SNOW
                                                   X = TORNADO
MAX 32 OR BELOW:   0    0.01 INCH OR MORE:  10
MAX 90 OR ABOVE:   0    0.10 INCH OR MORE:   6
MIN 32 OR BELOW:  13    0.50 INCH OR MORE:   1
MIN  0 OR BELOW:   0    1.00 INCH OR MORE:   0

[HDD (BASE 65) ]
TOTAL THIS MO.   523    CLEAR  (SCALE 0-3)   6
DPTR FM NORMAL    65    PTCLDY (SCALE 4-7)  10
TOTAL FM JUL 1  3230    CLOUDY (SCALE 8-10)  6
DPTR FM NORMAL  -682

[CDD (BASE 65) ]
TOTAL THIS MO.     0
DPTR FM NORMAL     0    [PRESSURE DATA]
TOTAL FM JAN 1     0    HIGHEST SLP M ON M
DPTR FM NORMAL     0    LOWEST  SLP 29.60 ON  1

[REMARKS]
