000
CXUS54 KOUN 190700
CF6CSM
PRELIMINARY LOCAL CLIMATOLOGICAL DATA (WS FORM: F-6)

                                          STATION:   CLINTON
                                          MONTH:     JANUARY
                                          YEAR:      2017
                                          LATITUDE:   35 20 N
                                          LONGITUDE:  99 12 W

  TEMPERATURE IN F:       :PCPN:    SNOW:  WIND      :SUNSHINE: SKY     :PK WND
================================================================================
1   2   3   4   5  6A  6B    7    8   9   10  11  12  13   14  15   16   17  18
                                     12Z  AVG MX 2MIN
DY MAX MIN AVG DEP HDD CDD  WTR  SNW DPTH SPD SPD DIR MIN PSBL S-S WX    SPD DR
================================================================================

 1  57  26  42   5  23   0 0.00  0.0    0 10.5 18 190   M    M   1        22 200
 2  63  41  52  15  13   0 0.03  0.0    0 10.5 21 190   M    M   3 12     25 200
 3  41  26  34  -3  31   0 0.00  0.0    0 18.8 32 350   M    M   6        39 340
 4  34  19  27 -10  38   0 0.00  0.0    0 10.8 16 120   M    M   0        21 120
 5  23  13  18 -19  47   0    T    M    0 18.0 26  10   M    M   8 18     32 350
 6  19  -2   9 -29  56   0    M    M    M  9.2 17 360   M    M   7 18     21 350
 7  34   2  18 -20  47   0 0.00  0.0    M  9.0 13 160   M    M   0        14 160
 8  44  20  32  -6  33   0 0.00  0.0    M 17.3 31 190   M    M   0        39 190
 9  59  28  44   6  21   0 0.00  0.0    M 18.1 29 180   M    M   0        36 180
10  66  40  53  15  12   0 0.00  0.0    0 11.8 24 200   M    M   0        29 200
11  77  43  60  22   5   0 0.00  0.0    0 16.8 30 220   M    M   0        35 230
12  56  21  39   1  26   0 0.00  0.0    0 17.2 24  10   M    M   0        29 360
13  30  25  28 -10  37   0    T  0.0    0 14.6 22  10   M    M  10 16     25  20
14  32  25  29  -9  36   0 0.60  0.0    0 12.1 17 360   M    M  10 16     22 350
15   M   M   M   M   M   M    M  0.0    0 10.1 13  50   M    M  10 136     M  M
16  47  34  41   3  24   0    M  0.0    M  9.2 23 290   M    M   7        28 300
17  55  34  45   7  20   0    T  0.0    0  9.2 20 330   M    M   3        24 320
18  51  37  44   6  21   0    T  9.0    0 10.7 23 160   M    M   9 12     26 160
================================================================================
SM  788  432       490   0  0.63     9.0 233.9          M       74
================================================================================
AV 46.4 25.4                              13.0 FASTST   M    M   4    MAX(MPH)
                                 MISC ---->  # 32 350               # 39  340
================================================================================
NOTES:
# LAST OF SEVERAL OCCURRENCES

COLUMN 17 PEAK WIND IN M.P.H.

PRELIMINARY LOCAL CLIMATOLOGICAL DATA (WS FORM: F-6) , PAGE 2

                                          STATION:  CLINTON
                                          MONTH:    JANUARY
                                          YEAR:     2017
                                          LATITUDE:   35 20 N
                                          LONGITUDE:  99 12 W

[TEMPERATURE DATA]      [PRECIPITATION DATA]       SYMBOLS USED IN COLUMN 16

AVERAGE MONTHLY: 35.9   TOTAL FOR MONTH:   0.63    1 = FOG OR MIST
DPTR FM NORMAL:  -1.8   DPTR FM NORMAL:    0.16    2 = FOG REDUCING VISIBILITY
HIGHEST:    77 ON 11    GRTST 24HR  0.60 ON 14-14      TO 1/4 MILE OR LESS
LOWEST:     -2 ON  6                               3 = THUNDER
                        SNOW, ICE PELLETS, HAIL    4 = ICE PELLETS
                        TOTAL MONTH:   9.0 INCHES  5 = HAIL
                        GRTST 24HR   9.0 ON 18-18  6 = FREEZING RAIN OR DRIZZLE
                        GRTST DEPTH:   0           7 = DUSTSTORM OR SANDSTORM:
                                                       VSBY 1/2 MILE OR LESS
                                                   8 = SMOKE OR HAZE
[NO. OF DAYS WITH]      [WEATHER - DAYS WITH]      9 = BLOWING SNOW
                                                   X = TORNADO
MAX 32 OR BELOW:   4    0.01 INCH OR MORE:   2
MAX 90 OR ABOVE:   0    0.10 INCH OR MORE:   1
MIN 32 OR BELOW:  11    0.50 INCH OR MORE:   1
MIN  0 OR BELOW:   1    1.00 INCH OR MORE:   0

[HDD (BASE 65) ]
TOTAL THIS MO.   490    CLEAR  (SCALE 0-3)  10
DPTR FM NORMAL    -2    PTCLDY (SCALE 4-7)   4
TOTAL FM JUL 1  1665    CLOUDY (SCALE 8-10)  4
DPTR FM NORMAL  -280

[CDD (BASE 65) ]
TOTAL THIS MO.     0
DPTR FM NORMAL     0    [PRESSURE DATA]
TOTAL FM JAN 1     0    HIGHEST SLP M ON M
DPTR FM NORMAL     0    LOWEST  SLP 29.63 ON 10

[REMARKS]
