000
CXUS55 KCAE 251400
CF6CUB
PRELIMINARY LOCAL CLIMATOLOGICAL DATA (WS FORM: F-6)

                                          STATION:   HAMILTON - OWENS AIRPORT SC
                                          MONTH:     JANUARY
                                          YEAR:      2015
                                          LATITUDE:   33 58 N
                                          LONGITUDE:  80 59 W

  TEMPERATURE IN F:       :PCPN:    SNOW:  WIND      :SUNSHINE: SKY     :PK WND
================================================================================
1   2   3   4   5  6A  6B    7    8   9   10  11  12  13   14  15   16   17  18
                                     12Z  AVG MX 2MIN
DY MAX MIN AVG DEP HDD CDD  WTR  SNW DPTH SPD SPD DIR MIN PSBL S-S WX    SPD DR
================================================================================

 1  59  31  45  -1  20   0 0.00    M    M  1.2  9 230   M    M   2 128    12 230
 2  58  46  52   7  13   0 0.12    M    M  1.3  8 290   M    M   5 1      10 300
 3  59  50  55  10  10   0 0.20    M    M  1.5  6 170   M    M   9 12      9  80
 4  73  54  64  19   1   0 0.33    M    M  9.2 24 270   M    M   7 1      33 270
 5  57  37  47   2  18   0 0.00    M    M  2.9 15 290   M    M   0        23 300
 6  60  32  46   1  19   0 0.00    M    M  5.4 22 270   M    M   0 1      25 270
 7  48  26  37  -8  28   0 0.00    M    M  4.8 15 330   M    M   3 8      23 330
 8  32  16  24 -21  41   0 0.00    M    M  3.4 13 360   M    M   0        21  10
 9  50  22  36  -9  29   0 0.00    M    M  6.5 17 260   M    M   2        20 260
10  48  25  37  -8  28   0 0.00    M    M  2.3 12  70   M    M   0 8      18  70
11  46  28  37  -9  28   0 0.03    M    M  2.4  7  40   M    M   8 1      11  60
12  49  38  44  -2  21   0 2.04    M    M  1.1 13 270   M    M   9 13     15 270
13  50  39  45  -1  20   0    T    M    M  4.6 13  70   M    M  10 18     18  80
14  41  36  39  -7  26   0 0.00    M    M  3.9  9  30   M    M  10 18     14  40
15  45  34  40  -6  25   0 0.04    M    M  1.2  7 280   M    M   7 1       9 300
16  57  36  47   1  18   0 0.00    M    M  3.2  9 310   M    M   5 18     12 310
17  58  31  45  -1  20   0 0.00    M    M  1.4  9 170   M    M   1 1      13 170
18  64  41  53   7  12   0 0.00    M    M  6.0 24 280   M    M   3        30 280
19  69  34  52   6  13   0 0.00    M    M  2.8 16 260   M    M   0        23 250
20  66  44  55   9  10   0 0.00    M    M  4.6 13 200   M    M   0        22 230
21  69  41  55   9  10   0 0.00    M    M  1.5 12 280   M    M   0        17 270
22  62  42  52   6  13   0 0.00    M    M  2.5  7  70   M    M   3        14  80
23  52  43  48   2  17   0 0.46    M    M  3.5 10  70   M    M   9 1      16  30
24  57  41  49   3  16   0 0.18    M    M  8.1 18 280   M    M   7 1      26 290
================================================================================
SM 1329  867       456   0  3.40    M     85.3          M      100
================================================================================
AV 55.4 36.1                               3.6 FASTST   M    M   4    MAX(MPH)
                                 MISC ---->  # 24 270               # 33  270
================================================================================
NOTES:
# LAST OF SEVERAL OCCURRENCES

COLUMN 17 PEAK WIND IN M.P.H.

PRELIMINARY LOCAL CLIMATOLOGICAL DATA (WS FORM: F-6) , PAGE 2

                                          STATION:  HAMILTON - OWENS AIRPORT SC
                                          MONTH:    JANUARY
                                          YEAR:     2015
                                          LATITUDE:   33 58 N
                                          LONGITUDE:  80 59 W

[TEMPERATURE DATA]      [PRECIPITATION DATA]       SYMBOLS USED IN COLUMN 16

AVERAGE MONTHLY: 45.8   TOTAL FOR MONTH:   3.40    1 = FOG OR MIST
DPTR FM NORMAL:   0.1   DPTR FM NORMAL:    0.75    2 = FOG REDUCING VISIBILITY
HIGHEST:    73 ON  4    GRTST 24HR  2.07 ON 11-12      TO 1/4 MILE OR LESS
LOWEST:     16 ON  8                               3 = THUNDER
                        SNOW, ICE PELLETS, HAIL    4 = ICE PELLETS
                        TOTAL MONTH:    M          5 = HAIL
                        GRTST 24HR    M  ON   M    6 = FREEZING RAIN OR DRIZZLE
                        GRTST DEPTH:  M  ON   M    7 = DUSTSTORM OR SANDSTORM:
                                                       VSBY 1/2 MILE OR LESS
                                                   8 = SMOKE OR HAZE
[NO. OF DAYS WITH]      [WEATHER - DAYS WITH]      9 = BLOWING SNOW
                                                   X = TORNADO
MAX 32 OR BELOW:   1    0.01 INCH OR MORE:   8
MAX 90 OR ABOVE:   0    0.10 INCH OR MORE:   6
MIN 32 OR BELOW:   8    0.50 INCH OR MORE:   1
MIN  0 OR BELOW:   0    1.00 INCH OR MORE:   1

[HDD (BASE 65) ]
TOTAL THIS MO.   456    CLEAR  (SCALE 0-3)  13
DPTR FM NORMAL   -12    PTCLDY (SCALE 4-7)   6
TOTAL FM JUL 1  1373    CLOUDY (SCALE 8-10)  5
DPTR FM NORMAL     5

[CDD (BASE 65) ]
TOTAL THIS MO.     0
DPTR FM NORMAL     0    [PRESSURE DATA]
TOTAL FM JAN 1     0    HIGHEST SLP M ON M
DPTR FM NORMAL     0    LOWEST  SLP 29.59 ON 24

[REMARKS]
