000
CXUS53 KUNR 240945
CF6CUT
PRELIMINARY LOCAL CLIMATOLOGICAL DATA (WS FORM: F-6)

                                          STATION:   CUSTER COUNTY AIRPORT SD
                                          MONTH:     OCTOBER
                                          YEAR:      2014
                                          LATITUDE:   43 43 N
                                          LONGITUDE: 103 37 W

  TEMPERATURE IN F:       :PCPN:    SNOW:  WIND      :SUNSHINE: SKY     :PK WND
================================================================================
1   2   3   4   5  6A  6B    7    8   9   10  11  12  13   14  15   16   17  18
                                     12Z  AVG MX 2MIN
DY MAX MIN AVG DEP HDD CDD  WTR  SNW DPTH SPD SPD DIR MIN PSBL S-S WX    SPD DR
================================================================================

 1  51  35  43  -5  22   0 0.06    M    M  3.4  9 260   M    M   4 1      13 340
 2  56  27  42  -5  23   0 0.03    M    M  9.1 21 270   M    M   3 1      29 280
 3  43  24  34 -13  31   0 0.00    M    M  9.2 23 290   M    M   0        37 310
 4  57  32  45  -1  20   0 0.00    M    M 13.4 25 320   M    M   6        40 320
 5  57  41  49   3  16   0    T    M    M 12.0 31 300   M    M   1        46 290
 6  64  43  54   8  11   0    T    M    M 10.2 33 290   M    M   2        46 300
 7  60  39  50   5  15   0    T    M    M  4.6 14 270   M    M   6        21 330
 8  72  39  56  11   9   0 0.00    M    M  4.8 15  90   M    M   2        19  60
 9  55  37  46   1  19   0 0.00    M    M  6.6 15  90   M    M   3        18  90
10  57  40  49   5  16   0 0.00    M    M  3.6 12 200   M    M   6 12     17 190
11  67  39  53   9  12   0 0.00    M    M  5.9 16 270   M    M   1        24 220
12  52  38  45   1  20   0 0.12    M    M  6.8 16  10   M    M   7 13     26 360
13  54  31  43   0  22   0 0.00    M    M  6.1 17 270   M    M   0        23 280
14  69  32  51   8  14   0 0.00    M    M  5.3 10 250   M    M   0        16 240
15  72  48  60  17   5   0 0.00    M    M  9.8 17 250   M    M   0        27 250
16  58  40  49   6  16   0 0.00    M    M  9.8 22 290   M    M   0        33 300
17  56  30  43   1  22   0 0.00    M    M  3.8 12  80   M    M   3 1      16 120
18  68  30  49   7  16   0 0.00    M    M  5.1 14 280   M    M   0        17 280
19  69  39  54  12  11   0 0.00    M    M  4.9 16 270   M    M   0        19 250
20  71  37  54  12  11   0 0.00    M    M  4.7 12 230   M    M   0        18 220
21  72  46  59  18   6   0 0.00    M    M  7.9 20 250   M    M   1        30 230
22  56  31  44   3  21   0 0.00    M    M  6.2 16 270   M    M   2        23 270
23  64  31  48   7  17   0 0.00    M    M  7.3 23 270   M    M   0        32 270
================================================================================
SM 1400  829       375   0  0.21    M    160.5          M       47
================================================================================
AV 60.9 36.0                               7.0 FASTST   M    M   2    MAX(MPH)
                                 MISC ---->  # 33 290               # 46  290
================================================================================
NOTES:
# LAST OF SEVERAL OCCURRENCES

COLUMN 17 PEAK WIND IN M.P.H.

PRELIMINARY LOCAL CLIMATOLOGICAL DATA (WS FORM: F-6) , PAGE 2

                                          STATION:  CUSTER COUNTY AIRPORT SD
                                          MONTH:    OCTOBER
                                          YEAR:     2014
                                          LATITUDE:   43 43 N
                                          LONGITUDE: 103 37 W

[TEMPERATURE DATA]      [PRECIPITATION DATA]       SYMBOLS USED IN COLUMN 16

AVERAGE MONTHLY: 48.5   TOTAL FOR MONTH:   0.21    1 = FOG OR MIST
DPTR FM NORMAL:   4.5   DPTR FM NORMAL:   -1.06    2 = FOG REDUCING VISIBILITY
HIGHEST:    72 ON 21,15 GRTST 24HR  0.82 ON 30- 1      TO 1/4 MILE OR LESS
LOWEST:     24 ON  3                               3 = THUNDER
                        SNOW, ICE PELLETS, HAIL    4 = ICE PELLETS
                        TOTAL MONTH:    M          5 = HAIL
                        GRTST 24HR    M  ON   M    6 = FREEZING RAIN OR DRIZZLE
                        GRTST DEPTH:  M  ON   M    7 = DUSTSTORM OR SANDSTORM:
                                                       VSBY 1/2 MILE OR LESS
                                                   8 = SMOKE OR HAZE
[NO. OF DAYS WITH]      [WEATHER - DAYS WITH]      9 = BLOWING SNOW
                                                   X = TORNADO
MAX 32 OR BELOW:   0    0.01 INCH OR MORE:   3
MAX 90 OR ABOVE:   0    0.10 INCH OR MORE:   1
MIN 32 OR BELOW:   9    0.50 INCH OR MORE:   0
MIN  0 OR BELOW:   0    1.00 INCH OR MORE:   0

[HDD (BASE 65) ]
TOTAL THIS MO.   375    CLEAR  (SCALE 0-3)  17
DPTR FM NORMAL  -112    PTCLDY (SCALE 4-7)   6
TOTAL FM JUL 1   791    CLOUDY (SCALE 8-10)  0
DPTR FM NORMAL  -182

[CDD (BASE 65) ]
TOTAL THIS MO.     0
DPTR FM NORMAL     0    [PRESSURE DATA]
TOTAL FM JAN 1   152    HIGHEST SLP M ON M
DPTR FM NORMAL   -25    LOWEST  SLP 29.53 ON 11

[REMARKS]
