000
CXUS51 KILN 300607
CF6CVG
PRELIMINARY LOCAL CLIMATOLOGICAL DATA (WS FORM: F-6)

                                          STATION:   CINCINNATI OH
                                          MONTH:     AUGUST
                                          YEAR:      2014
                                          LATITUDE:   39  2 N
                                          LONGITUDE:  84 40 W

  TEMPERATURE IN F:       :PCPN:    SNOW:  WIND      :SUNSHINE: SKY     :PK WND
================================================================================
1   2   3   4   5  6A  6B    7    8   9   10  11  12  13   14  15   16   17  18
                                     12Z  AVG MX 2MIN
DY MAX MIN AVG DEP HDD CDD  WTR  SNW DPTH SPD SPD DIR MIN PSBL S-S WX    SPD DR
================================================================================

 1  85  59  72  -4   0   7 0.00  0.0    0  2.0  7 360   M    M   4 18     20 320
 2  83  62  73  -3   0   8    T  0.0    0  5.4 26 320   M    M   6 138    31 320
 3  86  59  73  -3   0   8 0.00  0.0    0  4.1 13 340   M    M   2 18     16 360
 4  89  59  74  -2   0   9 0.00  0.0    0  2.8  9 290   M    M   3 18     20 360
 5  84  59  72  -4   0   7 0.00  0.0    0  2.7 10 250   M    M   7 18     14 260
 6  84  65  75  -1   0  10 0.00  0.0    0  4.8 14 330   M    M   7 18     20 330
 7  82  66  74  -2   0   9 0.00  0.0    0  8.9 14  60   M    M   9        18  80
 8  77  68  73  -3   0   8 0.01  0.0    0  8.1 15  90   M    M   9        18 100
 9  82  67  75  -1   0  10    T  0.0    0  7.8 15  90   M    M   9 18     18 100
10  87  71  79   4   0  14 1.27  0.0    0  5.8 21 170   M    M   8 13     26 170
11  84  69  77   2   0  12 0.68  0.0    0  5.8 16 200   M    M   8 138    21 200
12  76  63  70  -5   0   5    T  0.0    0 11.4 23 270   M    M   7 18     29 270
13  80  59  70  -5   0   5 0.00  0.0    0  7.5 16 310   M    M   5 18     22 280
14  82  64  73  -2   0   8 0.01  0.0    0  5.6 16 340   M    M   6        20 350
15  79  55  67  -8   0   2 0.00  0.0    0  4.5 12 360   M    M   5        15 360
16  80  51  66  -9   0   1 0.00  0.0    0  3.1 12 220   M    M   7        16 210
17  78  68  73  -2   0   8 0.08  0.0    0  6.0 17 140   M    M  10 18     20 140
18  85  70  78   3   0  13 0.00  0.0    0  3.5 12 300   M    M   7 18     14 300
19  87  66  77   2   0  12    T  0.0    0  4.7 13 220   M    M   6 1238   17 210
20  86  63  75   0   0  10 0.81  0.0    0  6.3 36 300   M    M   6 138    48 310
21  84  67  76   1   0  11 0.23  0.0    0  5.4 23 340   M    M   7 138    33 190
22  87  70  79   4   0  14 0.65  0.0    0  5.0 25 350   M    M   7 138    31 350
23  91  69  80   6   0  15 0.04  0.0    0  2.5 16  60   M    M   7 12     21  60
24  90  74  82   8   0  17 0.00  0.0    0  5.1 10  80   M    M   7 18     14  80
25  91  71  81   7   0  16 0.00  0.0    0  3.3 13 130   M    M   4 8      23 150
26  90  69  80   6   0  15    T  0.0    0  3.1 14 140   M    M   5 3      18 140
27  92  69  81   7   0  16 0.00  0.0    0  4.3 13 330   M    M   5 18     17 300
28  86  71  79   5   0  14 0.00  0.0    0  6.7 15  80   M    M   4 8      17  80
29  89  67  78   5   0  13 0.00  0.0    0  7.1 15 130   M    M   5        17 130
================================================================================
SM 2456 1890         0 297  3.78     0.0 153.3          M      182
================================================================================
AV 84.7 65.2                               5.3 FASTST   M    M   6    MAX(MPH)
                                 MISC ---->  # 36 300               # 48  310
================================================================================
NOTES:
# LAST OF SEVERAL OCCURRENCES

COLUMN 17 PEAK WIND IN M.P.H.

PRELIMINARY LOCAL CLIMATOLOGICAL DATA (WS FORM: F-6) , PAGE 2

                                          STATION:  CINCINNATI OH
                                          MONTH:    AUGUST
                                          YEAR:     2014
                                          LATITUDE:   39  2 N
                                          LONGITUDE:  84 40 W

[TEMPERATURE DATA]      [PRECIPITATION DATA]       SYMBOLS USED IN COLUMN 16

AVERAGE MONTHLY: 74.9   TOTAL FOR MONTH:   3.78    1 = FOG OR MIST
DPTR FM NORMAL:  -0.1   DPTR FM NORMAL:    0.57    2 = FOG REDUCING VISIBILITY
HIGHEST:    92 ON 27    GRTST 24HR  1.94 ON 10-11      TO 1/4 MILE OR LESS
LOWEST:     51 ON 16                               3 = THUNDER
                        SNOW, ICE PELLETS, HAIL    4 = ICE PELLETS
                        TOTAL MONTH:   0.0 INCH    5 = HAIL
                        GRTST 24HR     0.0         6 = FREEZING RAIN OR DRIZZLE
                        GRTST DEPTH:   0           7 = DUSTSTORM OR SANDSTORM:
                                                       VSBY 1/2 MILE OR LESS
                                                   8 = SMOKE OR HAZE
[NO. OF DAYS WITH]      [WEATHER - DAYS WITH]      9 = BLOWING SNOW
                                                   X = TORNADO
MAX 32 OR BELOW:   0    0.01 INCH OR MORE:   9
MAX 90 OR ABOVE:   5    0.10 INCH OR MORE:   5
MIN 32 OR BELOW:   0    0.50 INCH OR MORE:   4
MIN  0 OR BELOW:   0    1.00 INCH OR MORE:   1

[HDD (BASE 65) ]
TOTAL THIS MO.     0    CLEAR  (SCALE 0-3)   2
DPTR FM NORMAL     0    PTCLDY (SCALE 4-7)  21
TOTAL FM JUL 1     5    CLOUDY (SCALE 8-10)  6
DPTR FM NORMAL     5

[CDD (BASE 65) ]
TOTAL THIS MO.   297
DPTR FM NORMAL     4    [PRESSURE DATA]
TOTAL FM JAN 1   922    HIGHEST SLP 30.15 ON  3
DPTR FM NORMAL   -30    LOWEST  SLP 29.77 ON 18

[REMARKS]
