000
CXUS51 KILN 300548
CF6CVG
PRELIMINARY LOCAL CLIMATOLOGICAL DATA (WS FORM: F-6)

                                          STATION:   CINCINNATI OH
                                          MONTH:     SEPTEMBER
                                          YEAR:      2014
                                          LATITUDE:   39  2 N
                                          LONGITUDE:  84 40 W

  TEMPERATURE IN F:       :PCPN:    SNOW:  WIND      :SUNSHINE: SKY     :PK WND
================================================================================
1   2   3   4   5  6A  6B    7    8   9   10  11  12  13   14  15   16   17  18
                                     12Z  AVG MX 2MIN
DY MAX MIN AVG DEP HDD CDD  WTR  SNW DPTH SPD SPD DIR MIN PSBL S-S WX    SPD DR
================================================================================

 1  86  71  79   6   0  14 0.25  0.0    0  8.6 21 210   M    M   8 138    28 220
 2  79  66  73   1   0   8 1.05  0.0    0  6.2 26 340   M    M   8 13     36 350
 3  86  63  75   3   0  10 0.00  0.0    0  2.2  8 220   M    M   6 128    10 220
 4  88  63  76   4   0  11 0.00  0.0    0  3.9  9 180   M    M   2 18     12 240
 5  89  69  79   7   0  14 0.00  0.0    0  6.7 13 220   M    M   3 1      20 200
 6  82  64  73   2   0   8 0.00  0.0    0  8.0 24 360   M    M   6 1      29 360
 7  77  59  68  -3   0   3 0.00  0.0    0  8.8 17  70   M    M   2 1      22  60
 8  82  57  70  -1   0   5 0.00  0.0    0  4.2  9  50   M    M   1        12  30
 9  83  55  69  -1   0   4 0.00  0.0    0  2.6 10 290   M    M   4 1      13 210
10  82  67  75   5   0  10 0.83  0.0    0 12.2 38 280   M    M   9 1238   46 280
11  73  57  65  -5   0   0 0.85  0.0    0  9.6 17 350   M    M   8 13     22 350
12  65  57  61  -8   4   0 0.00  0.0    0  8.3 13  50   M    M   9        16 360
13  66  51  59 -10   6   0 0.00  0.0    0  8.3 20 330   M    M   6        23 320
14  70  49  60  -8   5   0 0.00  0.0    0  3.3  9 140   M    M   3        13 130
15  71  48  60  -8   5   0 0.20  0.0    0  3.6 17 170   M    M   6 18     20 170
16  62  53  58 -10   7   0    T  0.0    0  5.9 14  20   M    M  10 1      22 210
17  68  47  58  -9   7   0 0.00  0.0    0  2.2 12 280   M    M   5 18     14 270
18  73  50  62  -5   3   0 0.00  0.0    0  6.0 14  80   M    M   1 18     24  60
19  76  53  65  -1   0   0 0.00  0.0    0  6.3 15 110   M    M   1 1      18 110
20  81  59  70   4   0   5 0.00  0.0    0  8.4 17 230   M    M   6 18     23 190
21  78  55  67   2   0   2 0.00  0.0    0 13.9 26 300   M    M   5        33 290
22  66  47  57  -8   8   0 0.00  0.0    0  6.7 15 350   M    M   2        21 320
23  73  45  59  -6   6   0 0.00  0.0    0  3.6 12  70   M    M   0 18     15 110
24  78  52  65   1   0   0 0.00  0.0    0  4.2 10 110   M    M   1        16 100
25  80  53  67   3   0   2 0.00  0.0    0  2.4  7  70   M    M   1        14 140
26  83  59  71   8   0   6 0.00  0.0    0  5.0 13  20   M    M   3        16  30
27  82  60  71   8   0   6 0.00  0.0    0  3.6 10  40   M    M   6        14  90
28  83  56  70   8   0   5 0.02  0.0    0  2.1  9 140   M    M   7        12 310
29  84  56  70   8   0   5 0.00  0.0    0  2.2 12 310   M    M   1 1      14 270
================================================================================
SM 2246 1641        51 118  3.20     0.0 169.0          M      130
================================================================================
AV 77.4 56.6                               5.8 FASTST   M    M   4    MAX(MPH)
                                 MISC ---->  # 38 280               # 46  280
================================================================================
NOTES:
# LAST OF SEVERAL OCCURRENCES

COLUMN 17 PEAK WIND IN M.P.H.

PRELIMINARY LOCAL CLIMATOLOGICAL DATA (WS FORM: F-6) , PAGE 2

                                          STATION:  CINCINNATI OH
                                          MONTH:    SEPTEMBER
                                          YEAR:     2014
                                          LATITUDE:   39  2 N
                                          LONGITUDE:  84 40 W

[TEMPERATURE DATA]      [PRECIPITATION DATA]       SYMBOLS USED IN COLUMN 16

AVERAGE MONTHLY: 67.0   TOTAL FOR MONTH:   3.20    1 = FOG OR MIST
DPTR FM NORMAL:  -0.7   DPTR FM NORMAL:    0.66    2 = FOG REDUCING VISIBILITY
HIGHEST:    89 ON  5    GRTST 24HR  1.68 ON 10-11      TO 1/4 MILE OR LESS
LOWEST:     45 ON 23                               3 = THUNDER
                        SNOW, ICE PELLETS, HAIL    4 = ICE PELLETS
                        TOTAL MONTH:   0.0 INCH    5 = HAIL
                        GRTST 24HR     0.0         6 = FREEZING RAIN OR DRIZZLE
                        GRTST DEPTH:   0           7 = DUSTSTORM OR SANDSTORM:
                                                       VSBY 1/2 MILE OR LESS
                                                   8 = SMOKE OR HAZE
[NO. OF DAYS WITH]      [WEATHER - DAYS WITH]      9 = BLOWING SNOW
                                                   X = TORNADO
MAX 32 OR BELOW:   0    0.01 INCH OR MORE:   6
MAX 90 OR ABOVE:   0    0.10 INCH OR MORE:   5
MIN 32 OR BELOW:   0    0.50 INCH OR MORE:   3
MIN  0 OR BELOW:   0    1.00 INCH OR MORE:   1

[HDD (BASE 65) ]
TOTAL THIS MO.    51    CLEAR  (SCALE 0-3)  12
DPTR FM NORMAL    -2    PTCLDY (SCALE 4-7)  14
TOTAL FM JUL 1    56    CLOUDY (SCALE 8-10)  3
DPTR FM NORMAL     3

[CDD (BASE 65) ]
TOTAL THIS MO.   118
DPTR FM NORMAL   -17    [PRESSURE DATA]
TOTAL FM JAN 1  1064    HIGHEST SLP 30.36 ON 24
DPTR FM NORMAL   -39    LOWEST  SLP 29.76 ON 10

[REMARKS]
