000
CXUS52 KCHS 250715
CF6CXM
PRELIMINARY LOCAL CLIMATOLOGICAL DATA (WS FORM: F-6)

                                          STATION:   DOWNTOWN CHARLESTON SC
                                          MONTH:     AUGUST
                                          YEAR:      2016
                                          LATITUDE:   32 46 N
                                          LONGITUDE:  79 56 W

  TEMPERATURE IN F:       :PCPN:    SNOW:  WIND      :SUNSHINE: SKY     :PK WND
================================================================================
1   2   3   4   5  6A  6B    7    8   9   10  11  12  13   14  15   16   17  18
                                     12Z  AVG MX 2MIN
DY MAX MIN AVG DEP HDD CDD  WTR  SNW DPTH SPD SPD DIR MIN PSBL S-S WX    SPD DR
================================================================================

 1  89  79  84   2   0  19 0.00    M    M  7.0 15 180   M    M   M        19 220
 2  91  78  85   3   0  20 0.00    M    M  6.7 15 190   M    M   M        18 190
 3  88  75  82   0   0  17 0.67    M    M  5.5 20 190   M    M   M        23 230
 4  86  78  82   0   0  17 0.14    M    M  5.8 12 130   M    M   M        15 130
 5  86  77  82   0   0  17 0.43    M    M  6.0 14 180   M    M   M        18 280
 6  88  79  84   2   0  19 0.00    M    M  7.8 15 190   M    M   M        19 210
 7  87  80  84   2   0  19 0.00    M    M  8.6 15 180   M    M   M        19 170
 8  86  82  84   2   0  19 0.00    M    M 12.0 19 160   M    M   M        27 160
 9  84  78  81  -1   0  16 0.10    M    M 11.7 19 190   M    M   M        24 190
10  87  78  83   1   0  18 0.41    M    M 10.1 20 130   M    M   M        25 130
11  88  79  84   2   0  19 0.11    M    M  9.9 15 150   M    M   M        21 150
12  87  81  84   2   0  19 0.00    M    M  6.6 13 180   M    M   M        16 170
13  88  83  86   4   0  21 0.00    M    M  7.9 13 180   M    M   M        17 180
14  91  82  87   5   0  22 0.00    M    M  6.4 11 160   M    M   M        13 150
15  89  82  86   5   0  21 0.00    M    M  6.7 12 130   M    M   M        13 130
16  89  83  86   5   0  21 0.00    M    M  6.6 11 120   M    M   M        13 120
17  88  80  84   3   0  19 0.00    M    M  5.4 13 170   M    M   M        16 170
18  90  75  83   2   0  18 0.00    M    M  6.3 21 350   M    M   M        29  20
19  91  78  85   4   0  20 0.00  0.0    M  5.0 16 170   M    M   M        20  30
20  92  78  85   4   0  20 0.14  0.0    M  4.4 11 210   M    M   M 3      23 220
21  94  80  87   6   0  22 0.00  0.0    M  5.3 10 220   M    M   M        17 250
22  90  81  86   5   0  21 0.00  0.0    M  7.0 11 120   M    M   M        15 120
23  88  81  85   4   0  20 0.00  0.0    M  9.4 17 100   M    M   M        20  90
24  87  77  82   1   0  17 0.00  0.0    M  9.5 17  80   M    M   M        19  80
================================================================================
SM 2124 1904         0 461  2.00     0.0 177.6          M        M
================================================================================
AV 88.5 79.3                               7.4 FASTST   M    M   5    MAX(MPH)
                                 MISC ---->  # 21 350               # 29   20
================================================================================
NOTES:
# LAST OF SEVERAL OCCURRENCES

COLUMN 17 PEAK WIND IN M.P.H.

PRELIMINARY LOCAL CLIMATOLOGICAL DATA (WS FORM: F-6) , PAGE 2

                                          STATION:  DOWNTOWN CHARLESTON SC
                                          MONTH:    AUGUST
                                          YEAR:     2016
                                          LATITUDE:   32 46 N
                                          LONGITUDE:  79 56 W

[TEMPERATURE DATA]      [PRECIPITATION DATA]       SYMBOLS USED IN COLUMN 16

AVERAGE MONTHLY: 83.9   TOTAL FOR MONTH:   2.00    1 = FOG OR MIST
DPTR FM NORMAL:   2.3   DPTR FM NORMAL:   -3.05    2 = FOG REDUCING VISIBILITY
HIGHEST:    94 ON 21    GRTST 24HR  0.67 ON  3- 3      TO 1/4 MILE OR LESS
LOWEST:     75 ON 18, 3                            3 = THUNDER
                        SNOW, ICE PELLETS, HAIL    4 = ICE PELLETS
                        TOTAL MONTH:   0.0 INCH    5 = HAIL
                        GRTST 24HR     0.0         6 = FREEZING RAIN OR DRIZZLE
                        GRTST DEPTH:  M  ON   M    7 = DUSTSTORM OR SANDSTORM:
                                                       VSBY 1/2 MILE OR LESS
                                                   8 = SMOKE OR HAZE
[NO. OF DAYS WITH]      [WEATHER - DAYS WITH]      9 = BLOWING SNOW
                                                   X = TORNADO
MAX 32 OR BELOW:   0    0.01 INCH OR MORE:   7
MAX 90 OR ABOVE:   7    0.10 INCH OR MORE:   7
MIN 32 OR BELOW:   0    0.50 INCH OR MORE:   1
MIN  0 OR BELOW:   0    1.00 INCH OR MORE:   0

[HDD (BASE 65) ]
TOTAL THIS MO.     0    CLEAR  (SCALE 0-3)   0
DPTR FM NORMAL     0    PTCLDY (SCALE 4-7)   0
TOTAL FM JUL 1     0    CLOUDY (SCALE 8-10)  0
DPTR FM NORMAL     0

[CDD (BASE 65) ]
TOTAL THIS MO.   461
DPTR FM NORMAL    64    [PRESSURE DATA]
TOTAL FM JAN 1  2014    HIGHEST SLP M ON M
DPTR FM NORMAL   296    LOWEST  SLP 29.85 ON 20

[REMARKS]
