000
CXUS52 KCHS 310915
CF6CXM
PRELIMINARY LOCAL CLIMATOLOGICAL DATA (WS FORM: F-6)

                                          STATION:   DOWNTOWN CHARLESTON SC
                                          MONTH:     JULY
                                          YEAR:      2014
                                          LATITUDE:   32 46 N
                                          LONGITUDE:  79 56 W

  TEMPERATURE IN F:       :PCPN:    SNOW:  WIND      :SUNSHINE: SKY     :PK WND
================================================================================
1   2   3   4   5  6A  6B    7    8   9   10  11  12  13   14  15   16   17  18
                                     12Z  AVG MX 2MIN
DY MAX MIN AVG DEP HDD CDD  WTR  SNW DPTH SPD SPD DIR MIN PSBL S-S WX    SPD DR
================================================================================

 1  89  78  84   2   0  19 0.00  0.0    0 11.0 14 150   M    M   M        17 140
 2  89  80  85   3   0  20 0.00  0.0    0   M  17  90   M    M   M        19 100
 3  87  76  82   0   0  17 0.02  0.0    0   M   M   M   M    M   M         M  M
 4  91  77  84   2   0  19 0.00  0.0    0   M   M   M   M    M   M         M  M
 5  82  76  79  -3   0  14 0.00  0.0    0   M   M   M   M    M   M         M  M
 6  84  77  81  -1   0  16 0.00  0.0    0   M   M   M   M    M   M         M  M
 7  85  75  80  -2   0  15 0.00  0.0    0   M  19 190   M    M   M        26 190
 8  90  80  85   3   0  20 0.00  0.0    0   M  16 200   M    M   M        23 200
 9  88  79  84   2   0  19 0.00  0.0    0   M  21 190   M    M   M        26 190
10  86  79  83   1   0  18 0.00  0.0    0   M  19 190   M    M   M        24 190
11  87  77  82   0   0  17 0.09  0.0    0   M  13 140   M    M   M        16 140
12  88  77  83   1   0  18 0.00  0.0    0   M  12 160   M    M   M        16 160
13  83  73  78  -4   0  13 1.42  0.0    0   M  14  30   M    M   M        25 180
14  89  78  84   2   0  19 0.00  0.0    0   M  18 190   M    M   M        24 210
15  87  75  81  -1   0  16 0.07  0.0    0   M  23 190   M    M   M        33 230
16  85  75  80  -3   0  15 0.35  0.0    0   M  15   M   M    M   M        18 170
17  86  75  81  -2   0  16 0.00  0.0    0   M   M   M   M    M   M         M  M
18  86  76  81  -2   0  16 0.00  0.0    0   M   M   M   M    M   M         M  M
19  83  76  80  -3   0  15 0.00  0.0    0   M   M   M   M    M   M         M  M
20  85  75  80  -3   0  15 0.49  0.0    0   M  14 180   M    M   M 3      20 210
21  87  75  81  -2   0  16 0.01  0.0    0   M   M   M   M    M   M         M  M
22  84  77  81  -2   0  16 0.32  0.0    0   M   M   M   M    M   M         M  M
23  88  78  83   0   0  18 0.00  0.0    0  9.4 16 180   M    M   M        25 340
24  91  80  86   3   0  21 0.00  0.0    0  6.3 16 210   M    M   M        23 210
25  89  74  82   0   0  17 0.76  0.0    0   M  18 180   M    M   M        22 180
26  89  75  82   0   0  17 0.01  0.0    0  6.0 16 190   M    M   M        21 200
27  94  82  88   6   0  23 0.00  0.0    0   M  14 210   M    M   M        20 250
28  94  82  88   6   0  23 0.00  0.0    0   M  13 240   M    M   M        23 290
29  89  76  83   1   0  18 0.11  0.0    0   M  23  20   M    M   M        25  30
30  86  77  82   0   0  17 0.00  0.0    0   M   M   M   M    M   M         M  M
================================================================================
SM 2621 2310         0 523  3.65     0.0  32.7          M        M
================================================================================
AV 87.4 77.0                               8.2 FASTST   M    M   5    MAX(MPH)
                                 MISC ---->  # 23 190               # 33  230
================================================================================
NOTES:
# LAST OF SEVERAL OCCURRENCES

COLUMN 17 PEAK WIND IN M.P.H.

PRELIMINARY LOCAL CLIMATOLOGICAL DATA (WS FORM: F-6) , PAGE 2

                                          STATION:  DOWNTOWN CHARLESTON SC
                                          MONTH:    JULY
                                          YEAR:     2014
                                          LATITUDE:   32 46 N
                                          LONGITUDE:  79 56 W

[TEMPERATURE DATA]      [PRECIPITATION DATA]       SYMBOLS USED IN COLUMN 16

AVERAGE MONTHLY: 82.2   TOTAL FOR MONTH:   3.65    1 = FOG OR MIST
DPTR FM NORMAL:  -0.1   DPTR FM NORMAL:   -1.54    2 = FOG REDUCING VISIBILITY
HIGHEST:    94 ON 28,27 GRTST 24HR  1.42 ON 13-13      TO 1/4 MILE OR LESS
LOWEST:     73 ON 13                               3 = THUNDER
                        SNOW, ICE PELLETS, HAIL    4 = ICE PELLETS
                        TOTAL MONTH:   0.0 INCH    5 = HAIL
                        GRTST 24HR     0.0         6 = FREEZING RAIN OR DRIZZLE
                        GRTST DEPTH:   0           7 = DUSTSTORM OR SANDSTORM:
                                                       VSBY 1/2 MILE OR LESS
                                                   8 = SMOKE OR HAZE
[NO. OF DAYS WITH]      [WEATHER - DAYS WITH]      9 = BLOWING SNOW
                                                   X = TORNADO
MAX 32 OR BELOW:   0    0.01 INCH OR MORE:  11
MAX 90 OR ABOVE:   5    0.10 INCH OR MORE:   6
MIN 32 OR BELOW:   0    0.50 INCH OR MORE:   2
MIN  0 OR BELOW:   0    1.00 INCH OR MORE:   1

[HDD (BASE 65) ]
TOTAL THIS MO.     0    CLEAR  (SCALE 0-3)   0
DPTR FM NORMAL     0    PTCLDY (SCALE 4-7)   0
TOTAL FM JUL 1     0    CLOUDY (SCALE 8-10)  0
DPTR FM NORMAL     0

[CDD (BASE 65) ]
TOTAL THIS MO.   523
DPTR FM NORMAL    13    [PRESSURE DATA]
TOTAL FM JAN 1  1419    HIGHEST SLP M ON M
DPTR FM NORMAL   123    LOWEST  SLP M ON M

[REMARKS]
