000
CXUS56 KSGX 271445
CF6CZZ
PRELIMINARY LOCAL CLIMATOLOGICAL DATA (WS FORM: F-6)

                                          STATION:   CAMPO ASOS CA
                                          MONTH:     MARCH
                                          YEAR:      2015
                                          LATITUDE:   32 37 N
                                          LONGITUDE: 116 28 W

  TEMPERATURE IN F:       :PCPN:    SNOW:  WIND      :SUNSHINE: SKY     :PK WND
================================================================================
1   2   3   4   5  6A  6B    7    8   9   10  11  12  13   14  15   16   17  18
                                     12Z  AVG MX 2MIN
DY MAX MIN AVG DEP HDD CDD  WTR  SNW DPTH SPD SPD DIR MIN PSBL S-S WX    SPD DR
================================================================================

 1  49  43  46  -4  19   0 1.00    M    0  4.1 13 300   M    M   0        26  80
 2  49  36  43  -8  22   0 0.45    M    0  8.3 25 240   M    M   0        31 240
 3  57  32  45  -6  20   0 0.00    M    0  4.2 12 290   M    M   0        14 250
 4  60  31  46  -5  19   0 0.00  0.0    0  9.0 25  50   M    M   0        31  50
 5  62  41  52   1  13   0 0.00  0.0    0 14.9 33  40   M    M   0        44  20
 6  68  36  52   1  13   0 0.00  0.0    0 16.7 33  40   M    M   0        42  40
 7  73  36  55   4  10   0 0.00  0.0    0  9.9 22  50   M    M   0        28  50
 8  74  32  53   2  12   0 0.00  0.0    0  8.0 21 210   M    M   0        25 230
 9  76  30  53   2  12   0 0.00  0.0    0  6.8 18 210   M    M   0        21 210
10  76  35  56   5   9   0 0.00  0.0    0  7.2 21  70   M    M   0        25  80
11  75  41  58   7   7   0 0.00  0.0    0  5.3 16 290   M    M   0        20 300
12  75  37  56   5   9   0 0.00  0.0    0  8.8 28  60   M    M   0        31  60
13  75  43  59   8   6   0 0.00  0.0    0 11.9 33  50   M    M   0        44  30
14  77  43  60   9   5   0 0.00  0.0    0 10.9 22  60   M    M   0        29  40
15  77  43  60   8   5   0 0.00  0.0    0  9.3 25  60   M    M   0        33  70
16  80  39  60   8   5   0 0.00  0.0    0  6.1 20 250   M    M   0        26 260
17  76  38  57   5   8   0 0.00  0.0    0  7.1 20 250   M    M   0        23 260
18  70  43  57   5   8   0 0.00  0.0    0  7.0 18 240   M    M   0        24 230
19  72  45  59   7   6   0 0.00  0.0    0  6.6 22  60   M    M   0        28  40
20  74  39  57   5   8   0 0.00  0.0    0  8.7 24  70   M    M   0        30  80
21  78  33  56   4   9   0 0.00  0.0    0  8.1 20 220   M    M   0        26 240
22  73  32  53   1  12   0 0.00  0.0    0  8.5 17 220   M    M   0        23 230
23  70  32  51  -1  14   0 0.00  0.0    0  7.5 18 250   M    M   0        26 250
24  72  32  52   0  13   0 0.00  0.0    0  6.4 18 250   M    M   0        27 250
25  78  37  58   6   7   0 0.00  0.0    0 10.6 28  70   M    M   0        36  50
26  81  36  59   7   6   0 0.00  0.0    0 10.8 28  50   M    M   0        37  50
================================================================================
SM 1847  965       277   0  1.45     0.0 222.7          M        0
================================================================================
AV 71.0 37.1                               8.6 FASTST   M    M   0    MAX(MPH)
                                 MISC ---->  # 33  40               # 44   20
================================================================================
NOTES:
# LAST OF SEVERAL OCCURRENCES

COLUMN 17 PEAK WIND IN M.P.H.

PRELIMINARY LOCAL CLIMATOLOGICAL DATA (WS FORM: F-6) , PAGE 2

                                          STATION:  CAMPO ASOS CA
                                          MONTH:    MARCH
                                          YEAR:     2015
                                          LATITUDE:   32 37 N
                                          LONGITUDE: 116 28 W

[TEMPERATURE DATA]      [PRECIPITATION DATA]       SYMBOLS USED IN COLUMN 16

AVERAGE MONTHLY: 54.1   TOTAL FOR MONTH:   1.45    1 = FOG OR MIST
DPTR FM NORMAL:   2.7   DPTR FM NORMAL:   -0.94    2 = FOG REDUCING VISIBILITY
HIGHEST:    81 ON 26    GRTST 24HR  1.00 ON  1- 1      TO 1/4 MILE OR LESS
LOWEST:     30 ON  9                               3 = THUNDER
                        SNOW, ICE PELLETS, HAIL    4 = ICE PELLETS
                        TOTAL MONTH:   0.0 INCH    5 = HAIL
                        GRTST 24HR     0.0         6 = FREEZING RAIN OR DRIZZLE
                        GRTST DEPTH:   0           7 = DUSTSTORM OR SANDSTORM:
                                                       VSBY 1/2 MILE OR LESS
                                                   8 = SMOKE OR HAZE
[NO. OF DAYS WITH]      [WEATHER - DAYS WITH]      9 = BLOWING SNOW
                                                   X = TORNADO
MAX 32 OR BELOW:   0    0.01 INCH OR MORE:   2
MAX 90 OR ABOVE:   0    0.10 INCH OR MORE:   2
MIN 32 OR BELOW:   7    0.50 INCH OR MORE:   1
MIN  0 OR BELOW:   0    1.00 INCH OR MORE:   1

[HDD (BASE 65) ]
TOTAL THIS MO.   277    CLEAR  (SCALE 0-3)  26
DPTR FM NORMAL   -77    PTCLDY (SCALE 4-7)   0
TOTAL FM JUL 1  1913    CLOUDY (SCALE 8-10)  0
DPTR FM NORMAL  -492

[CDD (BASE 65) ]
TOTAL THIS MO.     0
DPTR FM NORMAL     0    [PRESSURE DATA]
TOTAL FM JAN 1     0    HIGHEST SLP M ON M
DPTR FM NORMAL     0    LOWEST  SLP 29.81 ON M

[REMARKS]
