000
CXUS56 KSGX 011445
CF6CZZ
PRELIMINARY LOCAL CLIMATOLOGICAL DATA (WS FORM: F-6)

                                          STATION:   CAMPO ASOS CA
                                          MONTH:     FEBRUARY
                                          YEAR:      2015
                                          LATITUDE:   32 37 N
                                          LONGITUDE: 116 28 W

  TEMPERATURE IN F:       :PCPN:    SNOW:  WIND      :SUNSHINE: SKY     :PK WND
================================================================================
1   2   3   4   5  6A  6B    7    8   9   10  11  12  13   14  15   16   17  18
                                     12Z  AVG MX 2MIN
DY MAX MIN AVG DEP HDD CDD  WTR  SNW DPTH SPD SPD DIR MIN PSBL S-S WX    SPD DR
================================================================================

 1  68  35  52   3  13   0 0.00  0.0    0  8.1 25  40   M    M   0        33  60
 2  76  34  55   6  10   0 0.00  0.0    0  6.7 16  80   M    M   0        18  80
 3  77  32  55   6  10   0 0.00  0.0    0  7.2 18 220   M    M   0        24 220
 4  78  35  57   8   8   0 0.00  0.0    0  6.7 17 220   M    M   0        20 210
 5  81  34  58   9   7   0 0.00  0.0    0  7.0 15  60   M    M   0        19  70
 6  78  34  56   7   9   0 0.00  0.0    0  7.7 18 230   M    M   0        23 250
 7  72  31  52   3  13   0 0.00  0.0    0  6.4 15 290   M    M   0        19 300
 8  79  41  60  11   5   0 0.00  0.0    0  5.7 17 260   M    M   0        20 200
 9  76  37  57   8   8   0 0.00  0.0    0  6.1 17 280   M    M   0        22 280
10  75  27  51   2  14   0 0.00  0.0    0  9.6 23  70   M    M   0        26  70
11  72  52  62  13   3   0 0.00  0.0    0 14.8 32  50   M    M   0        39  60
12  70  51  61  12   4   0 0.00  0.0    0 20.0 37  50   M    M   0        47  60
13  72  43  58   9   7   0 0.00  0.0    0 12.7 29  50   M    M   0        33  50
14  49  44  47  -2  18   0 0.00  0.0    M  5.6 17  70   M    M   0        23 310
15   M   M   M   M   M   M    M    M    M   M   M   M   M    M   M         M  M
16  77  35  56   7   9   0 0.00  0.0    M  7.7 18 230   M    M   M        22 280
17  76  35  56   6   9   0 0.00  0.0    0  7.2 20  80   M    M   0        24  80
18  78  34  56   6   9   0 0.00  0.0    0  6.0 18 220   M    M   0        21 210
19  77  35  56   6   9   0 0.00  0.0    0  7.3 18 210   M    M   0        22 210
20  69  38  54   4  11   0 0.00  0.0    0  6.2 17 220   M    M   0        19 220
21  61  34  48  -2  17   0 0.00  0.0    0  8.9 20 230   M    M   0        23 230
22  53  48  51   1  14   0 0.35    M    0 15.3 26 230   M    M   0        34 250
23  56  33  45  -5  20   0 0.30    M    0 11.5 33 250   M    M   0        45 240
24  60  28  44  -6  21   0 0.00  0.0    0  7.3 16 210   M    M   0        21 210
25  68  30  49  -1  16   0 0.00  0.0    0  7.8 21 200   M    M   0        25 200
26  65  30  48  -2  17   0 0.00  0.0    0  7.8 20 210   M    M   0        23 220
27  58  32  45  -5  20   0 0.00  0.0    0 10.8 26 230   M    M   0        33 240
28  54  45  50   0  15   0 0.02    M    0 16.0 29 240   M    M   0        37 230
================================================================================
SM 1875  987       316   0  0.67     0.0 244.1          M        0
================================================================================
AV 69.4 36.6                               9.0 FASTST   M    M   0    MAX(MPH)
                                 MISC ---->  # 37  50               # 47   60
================================================================================
NOTES:
# LAST OF SEVERAL OCCURRENCES

COLUMN 17 PEAK WIND IN M.P.H.

PRELIMINARY LOCAL CLIMATOLOGICAL DATA (WS FORM: F-6) , PAGE 2

                                          STATION:  CAMPO ASOS CA
                                          MONTH:    FEBRUARY
                                          YEAR:     2015
                                          LATITUDE:   32 37 N
                                          LONGITUDE: 116 28 W

[TEMPERATURE DATA]      [PRECIPITATION DATA]       SYMBOLS USED IN COLUMN 16

AVERAGE MONTHLY: 53.0   TOTAL FOR MONTH:   0.67    1 = FOG OR MIST
DPTR FM NORMAL:   3.5   DPTR FM NORMAL:   -2.56    2 = FOG REDUCING VISIBILITY
HIGHEST:    81 ON  5    GRTST 24HR  0.65 ON 22-23      TO 1/4 MILE OR LESS
LOWEST:     27 ON 10                               3 = THUNDER
                        SNOW, ICE PELLETS, HAIL    4 = ICE PELLETS
                        TOTAL MONTH:   0.0 INCH    5 = HAIL
                        GRTST 24HR     0.0         6 = FREEZING RAIN OR DRIZZLE
                        GRTST DEPTH:   0           7 = DUSTSTORM OR SANDSTORM:
                                                       VSBY 1/2 MILE OR LESS
                                                   8 = SMOKE OR HAZE
[NO. OF DAYS WITH]      [WEATHER - DAYS WITH]      9 = BLOWING SNOW
                                                   X = TORNADO
MAX 32 OR BELOW:   0    0.01 INCH OR MORE:   3
MAX 90 OR ABOVE:   0    0.10 INCH OR MORE:   2
MIN 32 OR BELOW:   7    0.50 INCH OR MORE:   0
MIN  0 OR BELOW:   0    1.00 INCH OR MORE:   0

[HDD (BASE 65) ]
TOTAL THIS MO.   316    CLEAR  (SCALE 0-3)  26
DPTR FM NORMAL  -119    PTCLDY (SCALE 4-7)   0
TOTAL FM JUL 1  1636    CLOUDY (SCALE 8-10)  0
DPTR FM NORMAL  -415

[CDD (BASE 65) ]
TOTAL THIS MO.     0
DPTR FM NORMAL     0    [PRESSURE DATA]
TOTAL FM JAN 1     0    HIGHEST SLP 30.19 ON 24
DPTR FM NORMAL     0    LOWEST  SLP 29.69 ON 28

[REMARKS]
#FINAL-02-15#
