000
CXUS54 KFWD 230730
CF6DAL
PRELIMINARY LOCAL CLIMATOLOGICAL DATA (WS FORM: F-6)

                                          STATION:   DALLAS LOVE FIELD
                                          MONTH:     OCTOBER
                                          YEAR:      2014
                                          LATITUDE:   32 50 N
                                          LONGITUDE:  96 51 W

  TEMPERATURE IN F:       :PCPN:    SNOW:  WIND      :SUNSHINE: SKY     :PK WND
================================================================================
1   2   3   4   5  6A  6B    7    8   9   10  11  12  13   14  15   16   17  18
                                     12Z  AVG MX 2MIN
DY MAX MIN AVG DEP HDD CDD  WTR  SNW DPTH SPD SPD DIR MIN PSBL S-S WX    SPD DR
================================================================================

 1  93  73  83  10   0  18 0.00  0.0    0 12.7 21 150   M    M   3 18     33 150
 2  94  66  80   7   0  15 0.57  0.0    0 11.1 39 280   M    M   5 123    66 290
 3  82  59  71  -1   0   6 0.00  0.0    0  9.1 21 350   M    M   1        27 360
 4  78  52  65  -7   0   0 0.00  0.0    0  5.7 15 160   M    M   1        19 170
 5  85  60  73   1   0   8 0.00  0.0    0 11.6 18 160   M    M   2        24 170
 6  85  66  76   4   0  11 0.35  0.0    0 11.5 21 120   M    M   5 13     25  70
 7  97  70  84  13   0  19 0.00  0.0    0 10.6 20 170   M    M   3        27 170
 8  88  73  81  10   0  16 0.00  0.0    0 12.8 22 130   M    M   7        26 130
 9  91  75  83  13   0  18 0.00  0.0    0 14.3 23 140   M    M   5        28 130
10  92  65  79   9   0  14 0.23  0.0    0 10.6 28 300   M    M   5 13     35 300
11  66  58  62  -8   3   0 0.29  0.0    0 10.0 16 310   M    M  10 13     21 310
12  75  54  65  -5   0   0    T  0.0    0 10.3 26 180   M    M   7 1      34 170
13  76  60  68  -1   0   3 1.66  0.0    0 15.2 35 310   M    M   8 13     47 330
14  77  56  67  -2   0   2 0.00  0.0    0 10.3 25 320   M    M   0        32 310
15  84  51  68  -1   0   3 0.00  0.0    0  2.3 10 350   M    M   0 8      13 340
16  89  57  73   5   0   8 0.00  0.0    0  8.2 21 180   M    M   2        25 180
17  88  61  75   7   0  10 0.00  0.0    0  6.1 14  70   M    M   4        23  40
18  81  62  72   4   0   7 0.00  0.0    0  8.1 14  60   M    M   3        21  50
19  77  59  68   1   0   3 0.00  0.0    0  7.4 16 130   M    M   3        20 130
20  83  59  71   4   0   6 0.00  0.0    0  4.9 10 110   M    M   4        16 100
21  82  59  71   4   0   6 0.00  0.0    0  3.8 15 150   M    M   2        19 130
22  81  63  72   6   0   7 0.00  0.0    0  8.0 15 150   M    M   5 1      20 130
================================================================================
SM 1844 1358         3 180  3.10     0.0 204.6          M       85
================================================================================
AV 83.8 61.7                               9.3 FASTST   M    M   4    MAX(MPH)
                                 MISC ---->  # 39 280               # 66  290
================================================================================
NOTES:
# LAST OF SEVERAL OCCURRENCES

COLUMN 17 PEAK WIND IN M.P.H.

PRELIMINARY LOCAL CLIMATOLOGICAL DATA (WS FORM: F-6) , PAGE 2

                                          STATION:  DALLAS LOVE FIELD
                                          MONTH:    OCTOBER
                                          YEAR:     2014
                                          LATITUDE:   32 50 N
                                          LONGITUDE:  96 51 W

[TEMPERATURE DATA]      [PRECIPITATION DATA]       SYMBOLS USED IN COLUMN 16

AVERAGE MONTHLY: 72.8   TOTAL FOR MONTH:   3.10    1 = FOG OR MIST
DPTR FM NORMAL:   3.0   DPTR FM NORMAL:   -0.23    2 = FOG REDUCING VISIBILITY
HIGHEST:    97 ON  7    GRTST 24HR  1.66 ON 12-13      TO 1/4 MILE OR LESS
LOWEST:     51 ON 15                               3 = THUNDER
                        SNOW, ICE PELLETS, HAIL    4 = ICE PELLETS
                        TOTAL MONTH:   0.0 INCH    5 = HAIL
                        GRTST 24HR     0.0         6 = FREEZING RAIN OR DRIZZLE
                        GRTST DEPTH:   0           7 = DUSTSTORM OR SANDSTORM:
                                                       VSBY 1/2 MILE OR LESS
                                                   8 = SMOKE OR HAZE
[NO. OF DAYS WITH]      [WEATHER - DAYS WITH]      9 = BLOWING SNOW
                                                   X = TORNADO
MAX 32 OR BELOW:   0    0.01 INCH OR MORE:   5
MAX 90 OR ABOVE:   5    0.10 INCH OR MORE:   5
MIN 32 OR BELOW:   0    0.50 INCH OR MORE:   2
MIN  0 OR BELOW:   0    1.00 INCH OR MORE:   1

[HDD (BASE 65) ]
TOTAL THIS MO.     3    CLEAR  (SCALE 0-3)  10
DPTR FM NORMAL   -26    PTCLDY (SCALE 4-7)  11
TOTAL FM JUL 1     4    CLOUDY (SCALE 8-10)  1
DPTR FM NORMAL   -30

[CDD (BASE 65) ]
TOTAL THIS MO.   180
DPTR FM NORMAL    48    [PRESSURE DATA]
TOTAL FM JAN 1  2916    HIGHEST SLP M ON M
DPTR FM NORMAL    39    LOWEST  SLP 29.51 ON 13

[REMARKS]
