000
CXUS54 KFWD 270730
CF6DAL
PRELIMINARY LOCAL CLIMATOLOGICAL DATA (WS FORM: F-6)

                                          STATION:   DALLAS LOVE FIELD
                                          MONTH:     DECEMBER
                                          YEAR:      2014
                                          LATITUDE:   32 50 N
                                          LONGITUDE:  96 51 W

  TEMPERATURE IN F:       :PCPN:    SNOW:  WIND      :SUNSHINE: SKY     :PK WND
================================================================================
1   2   3   4   5  6A  6B    7    8   9   10  11  12  13   14  15   16   17  18
                                     12Z  AVG MX 2MIN
DY MAX MIN AVG DEP HDD CDD  WTR  SNW DPTH SPD SPD DIR MIN PSBL S-S WX    SPD DR
================================================================================

 1  67  33  50  -1  15   0    T  0.0    0 14.8 23 360   M    M   7        28 350
 2  50  32  41 -10  24   0 0.00  0.0    0  5.8 16 150   M    M   9        20 150
 3  59  49  54   3  11   0    T  0.0    0  9.4 16 150   M    M  10 8      19 130
 4  65  57  61  11   4   0    T  0.0    0  8.7 17 160   M    M  10 18     22 150
 5  78  58  68  18   0   3    T  0.0    0 11.4 21 350   M    M   8 1      27 340
 6  68  48  58   8   7   0 0.00  0.0    0 10.3 17 360   M    M   8        24  20
 7  55  44  50   1  15   0 0.00  0.0    0  5.3 12  60   M    M   9 1      16  40
 8  60  43  52   3  13   0 0.00  0.0    0  3.8 13 330   M    M   6 18     19  10
 9  58  39  49   0  16   0 0.00  0.0    0  2.2  8 350   M    M   8 128    10 340
10  58  44  51   2  14   0 0.00  0.0    0  6.9 12 120   M    M   9 18     14 110
11  68  52  60  12   5   0    T  0.0    0  7.9 13 210   M    M   9 8      17 190
12  71  59  65  17   0   0 0.01  0.0    0  8.5 15 160   M    M   8 1      18 170
13  71  58  65  17   0   0 0.00  0.0    0 12.9 24 150   M    M   7 1      30 150
14  68  61  65  17   0   0 0.39  0.0    0 12.7 20 170   M    M   9 18     28 170
15  66  51  59  11   6   0 0.01  0.0    0 11.3 23 300   M    M   2        29 300
16  54  40  47  -1  18   0 0.00  0.0    0 10.2 21 350   M    M   6        26 350
17  48  42  45  -2  20   0 0.45  0.0    0  7.2 16 110   M    M   9 13     21 100
18  50  42  46  -1  19   0    T  0.0    0  4.6 12 110   M    M  10 18     17  70
19  50  46  48   1  17   0 0.06  0.0    0  7.1 13  40   M    M  10 18     21  20
20  48  46  47   0  18   0    T  0.0    0  4.8 10 350   M    M  10 18     16  30
21  53  48  51   4  14   0 0.00  0.0    0 12.6 21 160   M    M  10 18     26 150
22  66  51  59  12   6   0 0.00  0.0    0 10.2 21 180   M    M   7        28 200
23  55  44  50   3  15   0 0.73  0.0    0 11.0 22 350   M    M  10 13     29 350
24  53  38  46  -1  19   0 0.00  0.0    0 11.8 23 320   M    M   4        32 320
25  62  34  48   1  17   0 0.00  0.0    0 13.8 30 170   M    M   5        37 180
26  65  51  58  11   7   0    T  0.0    0 12.0 20 140   M    M   9 18     23 160
================================================================================
SM 1566 1210       300   3  1.65     0.0 237.2          M      209
================================================================================
AV 60.2 46.5                               9.1 FASTST   M    M   8    MAX(MPH)
                                 MISC ---->  # 30 170               # 37  180
================================================================================
NOTES:
# LAST OF SEVERAL OCCURRENCES

COLUMN 17 PEAK WIND IN M.P.H.

PRELIMINARY LOCAL CLIMATOLOGICAL DATA (WS FORM: F-6) , PAGE 2

                                          STATION:  DALLAS LOVE FIELD
                                          MONTH:    DECEMBER
                                          YEAR:     2014
                                          LATITUDE:   32 50 N
                                          LONGITUDE:  96 51 W

[TEMPERATURE DATA]      [PRECIPITATION DATA]       SYMBOLS USED IN COLUMN 16

AVERAGE MONTHLY: 53.4   TOTAL FOR MONTH:   1.65    1 = FOG OR MIST
DPTR FM NORMAL:   5.0   DPTR FM NORMAL:   -0.71    2 = FOG REDUCING VISIBILITY
HIGHEST:    78 ON  5    GRTST 24HR  0.73 ON 23-23      TO 1/4 MILE OR LESS
LOWEST:     32 ON  2                               3 = THUNDER
                        SNOW, ICE PELLETS, HAIL    4 = ICE PELLETS
                        TOTAL MONTH:   0.0 INCH    5 = HAIL
                        GRTST 24HR     0.0         6 = FREEZING RAIN OR DRIZZLE
                        GRTST DEPTH:   0           7 = DUSTSTORM OR SANDSTORM:
                                                       VSBY 1/2 MILE OR LESS
                                                   8 = SMOKE OR HAZE
[NO. OF DAYS WITH]      [WEATHER - DAYS WITH]      9 = BLOWING SNOW
                                                   X = TORNADO
MAX 32 OR BELOW:   0    0.01 INCH OR MORE:   6
MAX 90 OR ABOVE:   0    0.10 INCH OR MORE:   3
MIN 32 OR BELOW:   1    0.50 INCH OR MORE:   1
MIN  0 OR BELOW:   0    1.00 INCH OR MORE:   0

[HDD (BASE 65) ]
TOTAL THIS MO.   300    CLEAR  (SCALE 0-3)   1
DPTR FM NORMAL  -137    PTCLDY (SCALE 4-7)   9
TOTAL FM JUL 1   673    CLOUDY (SCALE 8-10) 16
DPTR FM NORMAL   -90

[CDD (BASE 65) ]
TOTAL THIS MO.     3
DPTR FM NORMAL     3    [PRESSURE DATA]
TOTAL FM JAN 1  2992    HIGHEST SLP M ON M
DPTR FM NORMAL    52    LOWEST  SLP 29.54 ON 22

[REMARKS]
