000
CXUS51 KILN 171454
CF6DAY

PRELIMINARY LOCAL CLIMATOLOGICAL DATA (WS FORM: F-6)

                                          STATION:   DAYTON OH
                                          MONTH:     APRIL
                                          YEAR:      2014
                                          LATITUDE:   39 54 N
                                          LONGITUDE:  84 12 W

  TEMPERATURE IN F:       :PCPN:    SNOW:  WIND      :SUNSHINE: SKY     :PK WND
================================================================================
1   2   3   4   5  6A  6B    7    8   9   10  11  12  13   14  15   16   17  18
                                     12Z  AVG MX 2MIN
DY MAX MIN AVG DEP HDD CDD  WTR  SNW DPTH SPD SPD DIR MIN PSBL S-S WX    SPD DR
================================================================================

 1  72  51  62  16   3   0    T  0.0    0 17.2 36 240   M    M   6        45 240
 2  56  43  50   3  15   0 0.15  0.0    0  5.8 14 360   M    M  10 1      17 320
 3  63  46  55   8  10   0 1.32  0.0    0 10.1 24 120   M    M   9 1      29 120
 4  63  38  51   3  14   0 0.76  0.0    0 19.9 36 270   M    M  10 13     46 270
 5  50  35  43  -5  22   0 0.00  0.0    0  9.0 26 280   M    M   7        35 280
 6  58  32  45  -3  20   0 0.00  0.0    0  6.3 15 120   M    M   5        17 130
 7  53  44  49   0  16   0 0.54  0.0    0  8.3 21 100   M    M  10 1      24 320
 8  61  42  52   3  13   0 0.03  0.0    0 11.4 23 310   M    M   6 18     28 310
 9  60  38  49   0  16   0 0.00  0.0    0  8.3 17 280   M    M   3        21 280
10  74  45  60  10   5   0 0.08  0.0    0 16.3 32 220   M    M   5 1      46 200
11  66  51  59   9   6   0 0.35  0.0    0  5.8 15 340   M    M   7 1      21 310
12  77  45  61  11   4   0 0.00  0.0    0 11.5 22 170   M    M   5 18     29 180
13  80  65  73  22   0   8 0.00  0.0    0 15.9 28 220   M    M   6        36 210
14  73  36  55   4  10   0 0.58    T    0 17.5 37 190   M    M  10 1      51 200
15  38  27  33 -19  32   0 0.13  1.1    1 14.1 25 330   M    M   6 1      32 310
16  49  25  37 -15  28   0 0.00  0.0    0  8.5 20 110   M    M   4        24 110
================================================================================
SM  993  663       214   8  3.94     1.1 185.9          M      109
================================================================================
AV 62.1 41.4                              11.6 FASTST   M    M   7    MAX(MPH)
                                 MISC ---->  # 37 190               # 51  200
================================================================================
NOTES:
# LAST OF SEVERAL OCCURRENCES

COLUMN 17 PEAK WIND IN M.P.H.

PRELIMINARY LOCAL CLIMATOLOGICAL DATA (WS FORM: F-6) , PAGE 2

                                          STATION:  DAYTON OH
                                          MONTH:    APRIL
                                          YEAR:     2014
                                          LATITUDE:   39 54 N
                                          LONGITUDE:  84 12 W

[TEMPERATURE DATA]      [PRECIPITATION DATA]       SYMBOLS USED IN COLUMN 16

AVERAGE MONTHLY: 51.8   TOTAL FOR MONTH:   3.94    1 = FOG OR MIST
DPTR FM NORMAL:   2.6   DPTR FM NORMAL:    1.84    2 = FOG REDUCING VISIBILITY
HIGHEST:    80 ON 13    GRTST 24HR  1.85 ON  3- 4      TO 1/4 MILE OR LESS
LOWEST:     25 ON 16                               3 = THUNDER
                        SNOW, ICE PELLETS, HAIL    4 = ICE PELLETS
                        TOTAL MONTH:   1.1 INCHES  5 = HAIL
                        GRTST 24HR   1.1 ON  15    6 = FREEZING RAIN OR DRIZZLE
                        GRTST DEPTH:   1 ON 15     7 = DUSTSTORM OR SANDSTORM:
                                                       VSBY 1/2 MILE OR LESS
                                                   8 = SMOKE OR HAZE
[NO. OF DAYS WITH]      [WEATHER - DAYS WITH]      9 = BLOWING SNOW
                                                   X = TORNADO
MAX 32 OR BELOW:   0    0.01 INCH OR MORE:   9
MAX 90 OR ABOVE:   0    0.10 INCH OR MORE:   7
MIN 32 OR BELOW:   3    0.50 INCH OR MORE:   4
MIN  0 OR BELOW:   0    1.00 INCH OR MORE:   1

[HDD (BASE 65) ]
TOTAL THIS MO.   214    CLEAR  (SCALE 0-3)   1
DPTR FM NORMAL   -43    PTCLDY (SCALE 4-7)  10
TOTAL FM JUL 1  5690    CLOUDY (SCALE 8-10)  5
DPTR FM NORMAL   394

[CDD (BASE 65) ]
TOTAL THIS MO.     8
DPTR FM NORMAL     8    [PRESSURE DATA]
TOTAL FM JAN 1     8    HIGHEST SLP 30.47 ON 16
DPTR FM NORMAL     8    LOWEST  SLP 29.37 ON  7

[REMARKS]
