000
CXUS51 KILN 240531
CF6DAY
PRELIMINARY LOCAL CLIMATOLOGICAL DATA (WS FORM: F-6)

                                          STATION:   DAYTON OH
                                          MONTH:     NOVEMBER
                                          YEAR:      2017
                                          LATITUDE:   39 54 N
                                          LONGITUDE:  84 12 W

  TEMPERATURE IN F:       :PCPN:    SNOW:  WIND      :SUNSHINE: SKY     :PK WND
================================================================================
1   2   3   4   5  6A  6B    7    8   9   10  11  12  13   14  15   16   17  18
                                     12Z  AVG MX 2MIN
DY MAX MIN AVG DEP HDD CDD  WTR  SNW DPTH SPD SPD DIR MIN PSBL S-S WX    SPD DR
================================================================================

 1  56  35  46  -3  19   0 0.90    T    0  8.2 20 190   M    M  10 1      26 180
 2  66  56  61  13   4   0    T  0.0    0 13.5 21 210   M    M   9        32 200
 3  64  41  53   5  12   0 0.04  0.0    0 13.1 22 340   M    M   7 13     26 340
 4  60  40  50   2  15   0    T  0.0    0  9.2 15 120   M    M   8 1      18 190
 5  71  59  65  18   0   0 3.57  0.0    0 14.1 25 310   M    M  10 13     37 300
 6  61  42  52   5  13   0 0.05  0.0    0 11.2 25 330   M    M   8 13     31 340
 7  50  39  45  -1  20   0 0.20  0.0    0 12.0 22  10   M    M   9 1      26  10
 8  50  33  42  -4  23   0 0.00  0.0    0  6.4 15  20   M    M   4 1      20  40
 9  53  29  41  -5  24   0 0.00  0.0    0 10.3 25 330   M    M   2 1      33 330
10  32  22  27 -18  38   0 0.00  0.0    0 11.7 22  20   M    M   3        28  20
11  37  21  29 -16  36   0 0.00  0.0    0  7.1 14 110   M    M   7        17 110
12  48  30  39  -5  26   0 0.25  0.0    0  4.6 18 350   M    M   9 1      22 340
13  42  34  38  -6  27   0    T  0.0    0  8.1 16 330   M    M   9 1      20 320
14  48  29  39  -5  26   0 0.00  0.0    0  6.2 14 150   M    M   4 1      18 120
15  48  32  40  -3  25   0 0.27  0.0    0 12.6 22 210   M    M   7 1      29 220
16  43  33  38  -5  27   0 0.00  0.0    0 11.4 29 290   M    M   9        35 280
17  50  35  43   1  22   0    T  0.0    0 11.2 21 180   M    M   9        26 190
18  62  38  50   8  15   0 0.68  0.0    0 20.5 31 320   M    M  10 13     40 330
19  41  25  33  -8  32   0    T  0.0    0 15.7 26 290   M    M   9        32 290
20  46  24  35  -6  30   0 0.00  0.0    0 12.4 22 190   M    M   3        28 190
21  54  35  45   5  20   0    T    T    0 16.6 26 220   M    M   6        33 210
22  39  25  32  -8  33   0 0.00  0.0    0  8.1 17  10   M    M   5        22 350
23  41  24  33  -7  32   0 0.00  0.0    0  6.9 14 200   M    M   5        17 200
================================================================================
SM 1162  781       519   0  5.96    T    251.1          M      162
================================================================================
AV 50.5 34.0                              10.9 FASTST   M    M   7    MAX(MPH)
                                 MISC ---->  # 31 320               # 40  330
================================================================================
NOTES:
# LAST OF SEVERAL OCCURRENCES

COLUMN 17 PEAK WIND IN M.P.H.

PRELIMINARY LOCAL CLIMATOLOGICAL DATA (WS FORM: F-6) , PAGE 2

                                          STATION:  DAYTON OH
                                          MONTH:    NOVEMBER
                                          YEAR:     2017
                                          LATITUDE:   39 54 N
                                          LONGITUDE:  84 12 W

[TEMPERATURE DATA]      [PRECIPITATION DATA]       SYMBOLS USED IN COLUMN 16

AVERAGE MONTHLY: 42.2   TOTAL FOR MONTH:   5.96    1 = FOG OR MIST
DPTR FM NORMAL:  -2.1   DPTR FM NORMAL:    3.37    2 = FOG REDUCING VISIBILITY
HIGHEST:    71 ON  5    GRTST 24HR  3.57 ON  5- 5      TO 1/4 MILE OR LESS
LOWEST:     21 ON 11                               3 = THUNDER
                        SNOW, ICE PELLETS, HAIL    4 = ICE PELLETS
                        TOTAL MONTH:    T          5 = HAIL
                        GRTST 24HR    T  ON 21-21  6 = FREEZING RAIN OR DRIZZLE
                        GRTST DEPTH:   0           7 = DUSTSTORM OR SANDSTORM:
                                                       VSBY 1/2 MILE OR LESS
                                                   8 = SMOKE OR HAZE
[NO. OF DAYS WITH]      [WEATHER - DAYS WITH]      9 = BLOWING SNOW
                                                   X = TORNADO
MAX 32 OR BELOW:   1    0.01 INCH OR MORE:   8
MAX 90 OR ABOVE:   0    0.10 INCH OR MORE:   6
MIN 32 OR BELOW:  10    0.50 INCH OR MORE:   3
MIN  0 OR BELOW:   0    1.00 INCH OR MORE:   1

[HDD (BASE 65) ]
TOTAL THIS MO.   519    CLEAR  (SCALE 0-3)   2
DPTR FM NORMAL    46    PTCLDY (SCALE 4-7)  10
TOTAL FM JUL 1   864    CLOUDY (SCALE 8-10) 11
DPTR FM NORMAL   -56

[CDD (BASE 65) ]
TOTAL THIS MO.     0
DPTR FM NORMAL     0    [PRESSURE DATA]
TOTAL FM JAN 1   899    HIGHEST SLP 30.59 ON 10
DPTR FM NORMAL     8    LOWEST  SLP 29.21 ON 18

[REMARKS]
