000
CXUS55 KDVN 271100
CF6DBQ
PRELIMINARY LOCAL CLIMATOLOGICAL DATA (WS FORM: F-6)

                                          STATION:   DUBUQUE IA
                                          MONTH:     FEBRUARY
                                          YEAR:      2015
                                          LATITUDE:   42 24 N
                                          LONGITUDE:  90 42 W

  TEMPERATURE IN F:       :PCPN:    SNOW:  WIND      :SUNSHINE: SKY     :PK WND
================================================================================
1   2   3   4   5  6A  6B    7    8   9   10  11  12  13   14  15   16   17  18
                                     12Z  AVG MX 2MIN
DY MAX MIN AVG DEP HDD CDD  WTR  SNW DPTH SPD SPD DIR MIN PSBL S-S WX    SPD DR
================================================================================

 1  29   9  19  -1  46   0 1.05 10.0    7 21.2 32  30   M    M  10 128    43  40
 2  10  -2   4 -16  61   0 0.00  0.0   11  9.1 17 360   M    M   1        20 360
 3  19  -1   9 -11  56   0 0.03  0.6   10  4.7 13 360   M    M   6 18     14 190
 4  18  -1   9 -12  56   0 0.01    T    9 12.7 22 320   M    M   5 18     26 320
 5  11 -15  -2 -23  67   0 0.00  0.0    9  9.7 22 210   M    M   3 1      26 220
 6  28   7  18  -3  47   0 0.00  0.0    8  7.6 13 170   M    M   1 18     14 190
 7  40  19  30   9  35   0 0.00  0.0    7  8.1 20 180   M    M   0 18     22 180
 8  36  22  29   7  36   0 0.00    T    5 11.6 21  40   M    M   8 18     27  10
 9  28  12  20  -2  45   0 0.00  0.0    5  8.4 17  30   M    M   6        21  40
10  28  13  21  -1  44   0    T    T    4 10.8 25 150   M    M   4 1      30 170
11  33  10  22   0  43   0    T    T    4 18.2 29 330   M    M   7 16     35 340
12  11   2   7 -16  58   0    T  0.1    4 11.2 25 320   M    M   2 8      30 330
13  28   0  14  -9  51   0 0.00  0.0    4 12.9 24 340   M    M   7        30 340
14  24  -3  11 -12  54   0 0.00  0.0    4 19.0 37 330   M    M   3        45 320
15  10  -4   3 -21  62   0 0.00  0.0    4  8.2 15  60   M    M   7        19  40
16  17   0   9 -15  56   0    T    T    4  5.8 13 250   M    M   8 18     15 250
17  18   4  11 -13  54   0    T  0.2    4 13.0 25 290   M    M   4 18     29 290
18   7  -6   1 -24  64   0 0.00  0.0    4 16.6 25 320   M    M   5 8      34 300
19   6 -11  -2 -27  67   0 0.00  0.0    4  6.6 13 340   M    M   0        14 350
20  24  -3  11 -14  54   0    T  0.1    4 15.1 25 170   M    M   9 8      30 170
21  29  14  22  -4  43   0 0.01  0.2    4  9.8 20 330   M    M   9 18     25 320
22  14  -6   4 -22  61   0 0.00  0.0    4 14.7 22 310   M    M   0        28 310
23   8 -13  -2 -28  67   0 0.00  0.0    4 10.4 20 210   M    M   0        25 210
24  35   7  21  -6  44   0 0.00  0.0    4 18.7 30 300   M    M   5        38 300
25  17  11  14 -13  51   0 0.26  4.2    3  9.9 17  50   M    M   8 128    22  50
26  12  -4   4 -24  61   0    T    T    7 12.0 18  10   M    M   3 18     22 360
================================================================================
SM  540   61      1383   0  1.36    15.4 306.0          M      121
================================================================================
AV 20.8  2.3                              11.8 FASTST   M    M   5    MAX(MPH)
                                 MISC ---->  # 37 330               # 45  320
================================================================================
NOTES:
# LAST OF SEVERAL OCCURRENCES

COLUMN 17 PEAK WIND IN M.P.H.

PRELIMINARY LOCAL CLIMATOLOGICAL DATA (WS FORM: F-6) , PAGE 2

                                          STATION:  DUBUQUE IA
                                          MONTH:    FEBRUARY
                                          YEAR:     2015
                                          LATITUDE:   42 24 N
                                          LONGITUDE:  90 42 W

[TEMPERATURE DATA]      [PRECIPITATION DATA]       SYMBOLS USED IN COLUMN 16

AVERAGE MONTHLY: 11.6   TOTAL FOR MONTH:   1.36    1 = FOG OR MIST
DPTR FM NORMAL: -11.8   DPTR FM NORMAL:    0.04    2 = FOG REDUCING VISIBILITY
HIGHEST:    40 ON  7    GRTST 24HR  1.05 ON  1- 1      TO 1/4 MILE OR LESS
LOWEST:    -15 ON  5                               3 = THUNDER
                        SNOW, ICE PELLETS, HAIL    4 = ICE PELLETS
                        TOTAL MONTH:  15.4 INCHES  5 = HAIL
                        GRTST 24HR  10.0 ON  1- 1  6 = FREEZING RAIN OR DRIZZLE
                        GRTST DEPTH:  11 ON  2     7 = DUSTSTORM OR SANDSTORM:
                                                       VSBY 1/2 MILE OR LESS
                                                   8 = SMOKE OR HAZE
[NO. OF DAYS WITH]      [WEATHER - DAYS WITH]      9 = BLOWING SNOW
                                                   X = TORNADO
MAX 32 OR BELOW:  22    0.01 INCH OR MORE:   5
MAX 90 OR ABOVE:   0    0.10 INCH OR MORE:   2
MIN 32 OR BELOW:  26    0.50 INCH OR MORE:   1
MIN  0 OR BELOW:  14    1.00 INCH OR MORE:   1

[HDD (BASE 65) ]
TOTAL THIS MO.  1383    CLEAR  (SCALE 0-3)   9
DPTR FM NORMAL   301    PTCLDY (SCALE 4-7)  13
TOTAL FM JUL 1  5711    CLOUDY (SCALE 8-10)  4
DPTR FM NORMAL   392

[CDD (BASE 65) ]
TOTAL THIS MO.     0
DPTR FM NORMAL     0    [PRESSURE DATA]
TOTAL FM JAN 1     0    HIGHEST SLP M ON M
DPTR FM NORMAL     0    LOWEST  SLP 29.59 ON  8

[REMARKS]
