000
CXUS55 KDVN 221100
CF6DBQ
PRELIMINARY LOCAL CLIMATOLOGICAL DATA (WS FORM: F-6)

                                          STATION:   DUBUQUE IA
                                          MONTH:     MAY
                                          YEAR:      2015
                                          LATITUDE:   42 24 N
                                          LONGITUDE:  90 42 W

  TEMPERATURE IN F:       :PCPN:    SNOW:  WIND      :SUNSHINE: SKY     :PK WND
================================================================================
1   2   3   4   5  6A  6B    7    8   9   10  11  12  13   14  15   16   17  18
                                     12Z  AVG MX 2MIN
DY MAX MIN AVG DEP HDD CDD  WTR  SNW DPTH SPD SPD DIR MIN PSBL S-S WX    SPD DR
================================================================================

 1  66  35  51  -3  14   0 0.00  0.0    0  4.9 10 250   M    M   2        15 270
 2  76  51  64  10   1   0 0.03  0.0    0 12.4 25 230   M    M   4        33 230
 3  72  53  63   8   2   0 0.43  0.0    0 13.3 29 260   M    M   4 13     36 260
 4  74  56  65  10   0   0 0.32  0.0    0  7.1 16  60   M    M   7 1      19  60
 5  59  52  56   1   9   0 0.43  0.0    0  9.3 17  80   M    M  10 12     22  80
 6  79  52  66  10   0   1    T  0.0    0  9.9 30 230   M    M   7 128    36 230
 7  81  60  71  15   0   6 0.28  0.0    0 16.4 37 210   M    M   4 13     47 210
 8  69  58  64   8   1   0 0.00  0.0    0  8.1 14 260   M    M   6 1      17 250
 9  69  52  61   5   4   0 0.00  0.0    0  8.6 15  80   M    M   7        19  80
10  61  51  56  -1   9   0 0.56  0.0    0 11.5 20  80   M    M  10 13     24  80
11  63  45  54  -3  11   0 0.02  0.0    0 17.6 28 260   M    M   9 18     36 260
12  57  38  48 -10  17   0    T  0.0    0 16.2 30 290   M    M   6        38 280
13  64  36  50  -8  15   0 0.00  0.0    0  8.3 15 130   M    M   1        20 120
14  63  45  54  -4  11   0 0.50  0.0    0 13.8 28 160   M    M   5 18     36 160
15  73  58  66   8   0   1 0.01  0.0    0  6.8 14 260   M    M   7 12     17 270
16  80  62  71  12   0   6 0.09  0.0    0  9.3 16 160   M    M   7 128    20 150
17  78  61  70  11   0   5 0.00  0.0    0 18.8 33 190   M    M   6 1      41 210
18  63  41  52  -7  13   0 0.00  0.0    0 18.0 30 280   M    M   5        40 290
19  56  41  49 -11  16   0 0.00  0.0    0 10.0 17 340   M    M   5        23 340
20  46  41  44 -16  21   0 0.41  0.0    0  5.4 13  50   M    M   8 1      17  50
21  70  39  55  -5  10   0 0.00  0.0    0 10.5 20 280   M    M   1        32 290
================================================================================
SM 1419 1027       154  19  3.08     0.0 236.2          M      121
================================================================================
AV 67.6 48.9                              11.2 FASTST   M    M   6    MAX(MPH)
                                 MISC ---->  # 37 210               # 47  210
================================================================================
NOTES:
# LAST OF SEVERAL OCCURRENCES

COLUMN 17 PEAK WIND IN M.P.H.

PRELIMINARY LOCAL CLIMATOLOGICAL DATA (WS FORM: F-6) , PAGE 2

                                          STATION:  DUBUQUE IA
                                          MONTH:    MAY
                                          YEAR:     2015
                                          LATITUDE:   42 24 N
                                          LONGITUDE:  90 42 W

[TEMPERATURE DATA]      [PRECIPITATION DATA]       SYMBOLS USED IN COLUMN 16

AVERAGE MONTHLY: 58.2   TOTAL FOR MONTH:   3.08    1 = FOG OR MIST
DPTR FM NORMAL:   1.1   DPTR FM NORMAL:    0.27    2 = FOG REDUCING VISIBILITY
HIGHEST:    81 ON  7    GRTST 24HR  0.69 ON  4- 5      TO 1/4 MILE OR LESS
LOWEST:     35 ON  1                               3 = THUNDER
                        SNOW, ICE PELLETS, HAIL    4 = ICE PELLETS
                        TOTAL MONTH:   0.0 INCH    5 = HAIL
                        GRTST 24HR     0.0         6 = FREEZING RAIN OR DRIZZLE
                        GRTST DEPTH:   0           7 = DUSTSTORM OR SANDSTORM:
                                                       VSBY 1/2 MILE OR LESS
                                                   8 = SMOKE OR HAZE
[NO. OF DAYS WITH]      [WEATHER - DAYS WITH]      9 = BLOWING SNOW
                                                   X = TORNADO
MAX 32 OR BELOW:   0    0.01 INCH OR MORE:  11
MAX 90 OR ABOVE:   0    0.10 INCH OR MORE:   7
MIN 32 OR BELOW:   0    0.50 INCH OR MORE:   2
MIN  0 OR BELOW:   0    1.00 INCH OR MORE:   0

[HDD (BASE 65) ]
TOTAL THIS MO.   154    CLEAR  (SCALE 0-3)   3
DPTR FM NORMAL   -24    PTCLDY (SCALE 4-7)  15
TOTAL FM JUL 1  7357    CLOUDY (SCALE 8-10)  3
DPTR FM NORMAL   358

[CDD (BASE 65) ]
TOTAL THIS MO.    19
DPTR FM NORMAL     6    [PRESSURE DATA]
TOTAL FM JAN 1    19    HIGHEST SLP M ON M
DPTR FM NORMAL     1    LOWEST  SLP 29.73 ON 17

[REMARKS]
