000
CXUS55 KALY 010710
CF6DDH
PRELIMINARY LOCAL CLIMATOLOGICAL DATA (WS FORM: F-6)

                                          STATION:   BENNINGTON VT
                                          MONTH:     JUNE
                                          YEAR:      2015
                                          LATITUDE:   42 53 N
                                          LONGITUDE:  73 15 W

  TEMPERATURE IN F:       :PCPN:    SNOW:  WIND      :SUNSHINE: SKY     :PK WND
================================================================================
1   2   3   4   5  6A  6B    7    8   9   10  11  12  13   14  15   16   17  18
                                     12Z  AVG MX 2MIN
DY MAX MIN AVG DEP HDD CDD  WTR  SNW DPTH SPD SPD DIR MIN PSBL S-S WX    SPD DR
================================================================================

 1  54  47  51  -9  14   0 0.20    M    M 10.9 20 120   M    M   8        28 130
 2  59  48  54  -6  11   0    T    M    M  2.7 13 110   M    M   9        20 110
 3  68  41  55  -5  10   0 0.00    M    M  3.3 10 280   M    M   2 1      22 290
 4  71  42  57  -3   8   0 0.00  0.0    0  4.3 12 200   M    M   3        16 180
 5  76  54  65   4   0   0    T    M    M  1.8  9 220   M    M   5 18     12 220
 6  67  39  53  -8  12   0 0.03    M    M  6.4 16 330   M    M   4 123    23 350
 7  75  33  54  -7  11   0 0.00  0.0    0  4.3 16 150   M    M   0 1      21 170
 8  77  60  69   7   0   4 0.19  0.0    0  6.1 17 180   M    M   7 1      23 180
 9  79  60  70   8   0   5 0.16  0.0    0  7.7 16 190   M    M   8 13     24 270
10  78  53  66   4   0   1 0.00    M    M  5.5 14 200   M    M   4 1      21 180
11  78  54  66   3   0   1 0.00    M    M  7.1 18 280   M    M   2 8      27 280
12  82  52  67   4   0   2 0.33    M    M  1.7 16 310   M    M   2 138    25 320
13  80  57  69   6   0   4    T    M    M  5.5 14 350   M    M   3 1      23 290
14  81  54  68   4   0   3    T    M    M  1.3 10 150   M    M   1 1      14 130
15  67  61  64   0   1   0 0.89    M    M  6.0 17 140   M    M  10 1      27 110
16  75  61  68   4   0   3 0.07    M    M  2.6 13 340   M    M   9 1      21 360
17  73  56  65   1   0   0 0.00    M    M  4.5 12 360   M    M   1 8      17 340
18  75  56  66   1   0   1 0.00  0.0    0  3.9 14 180   M    M   7        25 180
19  76  46  61  -4   4   0 0.02    M    M  5.0 14 360   M    M   5 1      19 360
20  77  42  60  -5   5   0    T    M    M  5.2 15 180   M    M   5        35 190
21  82  65  74   9   0   9 0.07    M    M  4.4 12 240   M    M   6 1      17 260
22  80  60  70   4   0   5 0.00    M    M  5.3 14 240   M    M   4 8      19 270
23  84  63  74   8   0   9 0.48    M    M  8.0 25 240   M    M   5 38     41 230
24  76  54  65  -1   0   0 0.00    M    M  4.5 14 250   M    M   4 1      22 230
25  75  51  63  -3   2   0 0.01    M    M  2.3  9 210   M    M   4 1      14 310
26  77  50  64  -2   1   0    T    M    M  2.7 10 330   M    M   6 18     18 340
27  72  48  60  -7   5   0 0.05    M    M  5.8 24 130   M    M   3        39 130
28  63  55  59  -8   6   0 0.43    M    M  8.0 25 120   M    M  10 18     43 120
29  71  55  63  -4   2   0    T    M    M  4.4 13 260   M    M  10 1      22 140
30  73  50  62  -5   3   0 0.02    M    M  4.5 18 150   M    M   7 1      31 190
================================================================================
SM 2221 1567        95  47  2.95     0.0 145.7          M      154
================================================================================
AV 74.0 52.2                               4.9 FASTST   M    M   5    MAX(MPH)
                                 MISC ---->  # 25 240               # 43  120
================================================================================
NOTES:
# LAST OF SEVERAL OCCURRENCES

COLUMN 17 PEAK WIND IN M.P.H.

PRELIMINARY LOCAL CLIMATOLOGICAL DATA (WS FORM: F-6) , PAGE 2

                                          STATION:  BENNINGTON VT
                                          MONTH:    JUNE
                                          YEAR:     2015
                                          LATITUDE:   42 53 N
                                          LONGITUDE:  73 15 W

[TEMPERATURE DATA]      [PRECIPITATION DATA]       SYMBOLS USED IN COLUMN 16

AVERAGE MONTHLY: 63.1   TOTAL FOR MONTH:   2.95    1 = FOG OR MIST
DPTR FM NORMAL:  -0.6   DPTR FM NORMAL:   -1.18    2 = FOG REDUCING VISIBILITY
HIGHEST:    84 ON 23    GRTST 24HR  0.89 ON 15-15      TO 1/4 MILE OR LESS
LOWEST:     33 ON  7                               3 = THUNDER
                        SNOW, ICE PELLETS, HAIL    4 = ICE PELLETS
                        TOTAL MONTH:   0.0 INCH    5 = HAIL
                        GRTST 24HR     0.0         6 = FREEZING RAIN OR DRIZZLE
                        GRTST DEPTH:   0           7 = DUSTSTORM OR SANDSTORM:
                                                       VSBY 1/2 MILE OR LESS
                                                   8 = SMOKE OR HAZE
[NO. OF DAYS WITH]      [WEATHER - DAYS WITH]      9 = BLOWING SNOW
                                                   X = TORNADO
MAX 32 OR BELOW:   0    0.01 INCH OR MORE:  14
MAX 90 OR ABOVE:   0    0.10 INCH OR MORE:   7
MIN 32 OR BELOW:   0    0.50 INCH OR MORE:   1
MIN  0 OR BELOW:   0    1.00 INCH OR MORE:   0

[HDD (BASE 65) ]
TOTAL THIS MO.    95    CLEAR  (SCALE 0-3)   9
DPTR FM NORMAL    -2    PTCLDY (SCALE 4-7)  15
TOTAL FM JUL 1  7537    CLOUDY (SCALE 8-10)  6
DPTR FM NORMAL   301

[CDD (BASE 65) ]
TOTAL THIS MO.    47
DPTR FM NORMAL   -11    [PRESSURE DATA]
TOTAL FM JAN 1   111    HIGHEST SLP M ON M
DPTR FM NORMAL    39    LOWEST  SLP 29.53 ON  9

[REMARKS]
#FINAL-06-15#
