000
CXUS55 KALY 270710
CF6DDH
PRELIMINARY LOCAL CLIMATOLOGICAL DATA (WS FORM: F-6)

                                          STATION:   BENNINGTON VT
                                          MONTH:     MARCH
                                          YEAR:      2017
                                          LATITUDE:   42 53 N
                                          LONGITUDE:  73 15 W

  TEMPERATURE IN F:       :PCPN:    SNOW:  WIND      :SUNSHINE: SKY     :PK WND
================================================================================
1   2   3   4   5  6A  6B    7    8   9   10  11  12  13   14  15   16   17  18
                                     12Z  AVG MX 2MIN
DY MAX MIN AVG DEP HDD CDD  WTR  SNW DPTH SPD SPD DIR MIN PSBL S-S WX    SPD DR
================================================================================

 1  68  53  61  33   4   0 0.06    M    M 10.9 24 300   M    M   7 8      36 300
 2  53  23  38   9  27   0 0.09    M    M 11.0 29 280   M    M   4 1      43 290
 3  31  13  22  -7  43   0    T    M    M 10.5 26 280   M    M   4 8      38 280
 4  17   5  11 -18  54   0 0.00    M    M 11.0 23 350   M    M   2        31 360
 5  25   1  13 -16  52   0 0.00  0.0    0  6.9 22 320   M    M   0        31 310
 6  43   5  24  -6  41   0 0.00    M    M  1.2  9 130   M    M   4        13 130
 7  54  36  45  15  20   0 0.25    M    M  4.7 16 190   M    M  10 1      30 160
 8  57  39  48  18  17   0 0.07    M    M  8.8 25 220   M    M   7 1      40 240
 9  45  30  38   7  27   0 0.00    M    M 12.1 28 280   M    M   4        42 270
10  33  15  24  -7  41   0    T    M    M  8.3 26 270   M    M   7        39 270
11  16   3  10 -21  55   0 0.00    M    M 12.9 29 270   M    M   5        39 270
12  21   1  11 -21  54   0 0.00    M    M  8.8 20 280   M    M   1        29 270
13  26   5  16 -16  49   0 0.00    M    M  2.7 12 330   M    M   1        16 320
14  26  16  21 -11  44   0 0.38    M    M  8.4 21 350   M    M  10 128    32  20
15  21  11  16 -17  49   0    T    M    M  9.3 18 280   M    M  10 8      30 290
16  29  15  22 -11  43   0    T    M    M 10.3 18 300   M    M   1 8      28 290
17  37  12  25  -8  40   0 0.00    M    M  5.3 15 270   M    M   1        20 270
18  41  11  26  -8  39   0 0.00    M    M  6.8 18 120   M    M   2        23 130
19  43  21  32  -2  33   0 0.00    M    M  5.1 14 360   M    M   3        19 110
20  45  13  29  -5  36   0 0.00    M    M  3.8 14 270   M    M   2        19 270
21  47  27  37   2  28   0    T    M    M  4.4 18 290   M    M   5        28 280
22  38  14  26  -9  39   0    T    M    M 12.7 23 330   M    M   3        36 330
23  34   7  21 -15  44   0 0.00    M    M  5.6 16 280   M    M   0        20 320
24  41  26  34  -2  31   0 0.06    M    M  3.9 18 190   M    M  10 1      29 170
25  38  29  34  -2  31   0 0.33    M    M  1.4  9 350   M    M   8 12     13 350
26  39  20  30  -7  35   0    T    M    M  6.7 20 130   M    M   7 12     26 140
================================================================================
SM  968  451       976   0  1.24     0.0 193.5          M      118
================================================================================
AV 37.2 17.4                               7.4 FASTST   M    M   5    MAX(MPH)
                                 MISC ---->  # 29 280               # 43  290
================================================================================
NOTES:
# LAST OF SEVERAL OCCURRENCES

COLUMN 17 PEAK WIND IN M.P.H.

PRELIMINARY LOCAL CLIMATOLOGICAL DATA (WS FORM: F-6) , PAGE 2

                                          STATION:  BENNINGTON VT
                                          MONTH:    MARCH
                                          YEAR:     2017
                                          LATITUDE:   42 53 N
                                          LONGITUDE:  73 15 W

[TEMPERATURE DATA]      [PRECIPITATION DATA]       SYMBOLS USED IN COLUMN 16

AVERAGE MONTHLY: 27.3   TOTAL FOR MONTH:   1.24    1 = FOG OR MIST
DPTR FM NORMAL:  -5.0   DPTR FM NORMAL:   -1.39    2 = FOG REDUCING VISIBILITY
HIGHEST:    68 ON  1    GRTST 24HR  0.38 ON 14-14      TO 1/4 MILE OR LESS
LOWEST:      1 ON 12, 5                            3 = THUNDER
                        SNOW, ICE PELLETS, HAIL    4 = ICE PELLETS
                        TOTAL MONTH:   0.0 INCH    5 = HAIL
                        GRTST 24HR     0.0         6 = FREEZING RAIN OR DRIZZLE
                        GRTST DEPTH:   0           7 = DUSTSTORM OR SANDSTORM:
                                                       VSBY 1/2 MILE OR LESS
                                                   8 = SMOKE OR HAZE
[NO. OF DAYS WITH]      [WEATHER - DAYS WITH]      9 = BLOWING SNOW
                                                   X = TORNADO
MAX 32 OR BELOW:   9    0.01 INCH OR MORE:   7
MAX 90 OR ABOVE:   0    0.10 INCH OR MORE:   3
MIN 32 OR BELOW:  23    0.50 INCH OR MORE:   0
MIN  0 OR BELOW:   0    1.00 INCH OR MORE:   0

[HDD (BASE 65) ]
TOTAL THIS MO.   976    CLEAR  (SCALE 0-3)  10
DPTR FM NORMAL   126    PTCLDY (SCALE 4-7)  12
TOTAL FM JUL 1  5511    CLOUDY (SCALE 8-10)  4
DPTR FM NORMAL  -590

[CDD (BASE 65) ]
TOTAL THIS MO.     0
DPTR FM NORMAL     0    [PRESSURE DATA]
TOTAL FM JAN 1     0    HIGHEST SLP M ON M
DPTR FM NORMAL     0    LOWEST  SLP 29.28 ON  1

[REMARKS]
