000
CXUS53 KARX 020421
CF6DEH
PRELIMINARY LOCAL CLIMATOLOGICAL DATA (WS FORM: F-6)

                                          STATION:   DECORAH IA
                                          MONTH:     JUNE
                                          YEAR:      2015
                                          LATITUDE:   43 16 N
                                          LONGITUDE:  91 44 W

  TEMPERATURE IN F:       :PCPN:    SNOW:  WIND      :SUNSHINE: SKY     :PK WND
================================================================================
1   2   3   4   5  6A  6B    7    8   9   10  11  12  13   14  15   16   17  18
                                     12Z  AVG MX 2MIN
DY MAX MIN AVG DEP HDD CDD  WTR  SNW DPTH SPD SPD DIR MIN PSBL S-S WX    SPD DR
================================================================================

 1  66  43  55   M  10   0 0.00  0.0    0  5.7 13  90   M    M   0        16 120
 2  72  48  60   M   5   0 0.00  0.0    0  7.8 13 180   M    M   2        18 180
 3  77  55  66   M   0   1 0.10  0.0    0  9.2 15 180   M    M   5        25 190
 4  75  59  67   M   0   2 0.00  0.0    0  4.4 10 300   M    M   5 1      13  99
 5  73  59  66   M   0   1 0.00  0.0    0  6.7 12  70   M    M   4 1      17  30
 6  77  55  66   M   0   1 0.00  0.0    0  9.2 13 160   M    M   2        20 150
 7  81  64  73   M   0   8 0.33  0.0    0  8.2 14 180   M    M   7        27 200
 8  79  61  70   M   0   5 0.00  0.0    0  6.2 17 320   M    M   2        27 310
 9  91  59  75   M   0  10 0.00  0.0    0  5.4 10 220   M    M   3        21 270
10  82  64  73   M   0   8 0.00  0.0    0  7.0 12 330   M    M   1        18 360
11  66  59  63   M   2   0 0.78  0.0    0  9.7 20 100   M    M   7 1      28 100
12  66  57  62   M   3   0 0.08  0.0    0  9.9 15  70   M    M  10 1      22  60
13  73  59  66   M   0   1 0.00  0.0    0  5.6  9 200   M    M   9 1      15 200
14  82  63  73   M   0   8 0.00  0.0    0  2.1  6 190   M    M   5 1       M  M
15  73  61  67   M   0   2 0.17  0.0    0  5.7 13 360   M    M   4 1      20 340
16  75  57  66   M   0   1 0.00  0.0    0  4.4  7  99   M    M   2        12  99
17  75  61  68   M   0   3 0.00  0.0    0  6.3 12 160   M    M   8        20 160
18  77  63  70   M   0   5 0.00  0.0    0  7.2 13 350   M    M   4 1      18 350
19  77  59  68   M   0   3 0.00  0.0    0  5.7  9 110   M    M   0        16  99
20  75  59  67   M   0   2 0.07  0.0    0  6.2 14 210   M    M   3 1      23 210
21  82  63  73   M   0   8 0.00  0.0    0  3.7 10  80   M    M   1 1      14  99
22  82  66  74   M   0   9    M  0.0    0  9.0 14 330   M    M   4 1      30 210
23  77  57  67   M   0   2 0.00  0.0    0  6.0 13 360   M    M   0        17 340
24  75  57  66   M   0   1 0.00  0.0    0  4.5  9 170   M    M   3        15 170
25  79  64  72   M   0   7 0.00  0.0    0  4.1  8  10   M    M   5        16  10
26   M   M   M   M   M   M 0.00  0.0    0   M   M   M   M    M   M         M  M
27   M   M   M   M   M   M    M  0.0    0   M   M   M   M    M   0         M  M
28   M   M   M   M   M   M    M  0.0    0   M   M   M   M    M   0         M  M
29   M   M   M   M   M   M    M  0.0    0   M   M   M   M    M   0         M  M
30   M   M   M   M   M   M    M  0.0    0   M   M   M   M    M   0         M  M
================================================================================
SM 1907 1472        20  88  1.53     0.0 159.9          M       96
================================================================================
AV 76.3 58.9                               6.4 FASTST   M    M   3    MAX(MPH)
                                 MISC ---->    20   M                 30    M
================================================================================
NOTES:
# LAST OF SEVERAL OCCURRENCES

COLUMN 17 PEAK WIND IN M.P.H.

PRELIMINARY LOCAL CLIMATOLOGICAL DATA (WS FORM: F-6) , PAGE 2

                                          STATION:  DECORAH IA
                                          MONTH:    JUNE
                                          YEAR:     2015
                                          LATITUDE:   43 16 N
                                          LONGITUDE:  91 44 W

[TEMPERATURE DATA]      [PRECIPITATION DATA]       SYMBOLS USED IN COLUMN 16

AVERAGE MONTHLY: 67.6   TOTAL FOR MONTH:   1.53    1 = FOG OR MIST
DPTR FM NORMAL:     M   DPTR FM NORMAL:       M    2 = FOG REDUCING VISIBILITY
HIGHEST:    91 ON  9    GRTST 24HR  0.78 ON 11-11      TO 1/4 MILE OR LESS
LOWEST:     43 ON  1                               3 = THUNDER
                        SNOW, ICE PELLETS, HAIL    4 = ICE PELLETS
                        TOTAL MONTH:   0.0 INCH    5 = HAIL
                        GRTST 24HR     0.0         6 = FREEZING RAIN OR DRIZZLE
                        GRTST DEPTH:   0           7 = DUSTSTORM OR SANDSTORM:
                                                       VSBY 1/2 MILE OR LESS
                                                   8 = SMOKE OR HAZE
[NO. OF DAYS WITH]      [WEATHER - DAYS WITH]      9 = BLOWING SNOW
                                                   X = TORNADO
MAX 32 OR BELOW:   0    0.01 INCH OR MORE:   6
MAX 90 OR ABOVE:   1    0.10 INCH OR MORE:   4
MIN 32 OR BELOW:   0    0.50 INCH OR MORE:   1
MIN  0 OR BELOW:   0    1.00 INCH OR MORE:   0

[HDD (BASE 65) ]
TOTAL THIS MO.    20    CLEAR  (SCALE 0-3)  14
DPTR FM NORMAL     M    PTCLDY (SCALE 4-7)  13
TOTAL FM JUL 1  7518    CLOUDY (SCALE 8-10)  2
DPTR FM NORMAL     M

[CDD (BASE 65) ]
TOTAL THIS MO.    88
DPTR FM NORMAL     M    [PRESSURE DATA]
TOTAL FM JAN 1   125    HIGHEST SLP M ON M
DPTR FM NORMAL     M    LOWEST  SLP M ON M

[REMARKS]
#FINAL-06-15#
