000
CXUS55 KBOU 220900
CF6DEN
PRELIMINARY LOCAL CLIMATOLOGICAL DATA (WS FORM: F-6)

                                          STATION:   DENVER CO
                                          MONTH:     NOVEMBER
                                          YEAR:      2017
                                          LATITUDE:   39 52 N
                                          LONGITUDE: 104 40 W

  TEMPERATURE IN F:       :PCPN:    SNOW:  WIND      :SUNSHINE: SKY     :PK WND
================================================================================
1   2   3   4   5  6A  6B    7    8   9   10  11  12  13   14  15   16   17  18
                                     12Z  AVG MX 2MIN
DY MAX MIN AVG DEP HDD CDD  WTR  SNW DPTH SPD SPD DIR MIN PSBL S-S WX    SPD DR
================================================================================

 1  68  40  54   9  11   0 0.00  0.0    0 10.8 37 280   M    M   8        52 270
 2  47  27  37  -7  28   0 0.00  0.0    0  7.3 17  90   M    M   7 1      19  80
 3  59  24  42  -2  23   0 0.00  0.0    0  5.1 15  40   M    M   4 18     17  50
 4  72  32  52   8  13   0 0.00  0.0    0 16.8 37 250   M    M   4        47 250
 5  52  27  40  -3  25   0 0.00  0.0    0  9.9 20 100   M    M   5 128    30  80
 6  45  28  37  -6  28   0 0.00  0.0    0  7.7 15  20   M    M   8 128    18  20
 7  36  24  30 -12  35   0 0.04    T    0  6.2 21 350   M    M  10 126    24 350
 8  61  25  43   1  22   0    T    T    0  7.2 17  10   M    M   6 12     20  20
 9  49  23  36  -5  29   0 0.00  0.0    0  7.9 17 320   M    M   6 18     21 330
10  60  24  42   1  23   0 0.00  0.0    0  5.1 13 240   M    M   5 18     17  70
11  60  30  45   5  20   0 0.00  0.0    0  9.2 22  20   M    M   2 18     26  10
12  59  22  41   1  24   0 0.00  0.0    0  9.4 20 150   M    M   4        23 140
13  73  37  55  16  10   0 0.00  0.0    0  7.8 17 230   M    M   4        19 230
14  68  32  50  11  15   0 0.00  0.0    0  9.3 21  70   M    M   3        26  80
15  59  22  41   3  24   0 0.00  0.0    0 10.7 22 150   M    M   1        29 140
16  74  29  52  14  13   0 0.00  0.0    0 10.3 18 210   M    M   6        24 270
17  68  37  53  15  12   0 0.23  0.0    0 17.6 32 260   M    M   8 1      38 270
18  45  24  35  -2  30   0 0.00  0.0    0 10.8 39 350   M    M   2        49 350
19  61  23  42   5  23   0 0.00  0.0    0  9.7 18 270   M    M   5        23 200
20  69  30  50  14  15   0 0.00  0.0    0 12.1 30 270   M    M   7        36 270
21  55  30  43   7  22   0 0.02    T    0  9.5 26 340   M    M   6        34 340
================================================================================
SM 1240  590       445   0  0.29    T    200.4          M      111
================================================================================
AV 59.1 28.1                               9.5 FASTST   M    M   5    MAX(MPH)
                                 MISC ---->  # 39 350               # 52  270
================================================================================
NOTES:
# LAST OF SEVERAL OCCURRENCES

COLUMN 17 PEAK WIND IN M.P.H.

PRELIMINARY LOCAL CLIMATOLOGICAL DATA (WS FORM: F-6) , PAGE 2

                                          STATION:  DENVER CO
                                          MONTH:    NOVEMBER
                                          YEAR:     2017
                                          LATITUDE:   39 52 N
                                          LONGITUDE: 104 40 W

[TEMPERATURE DATA]      [PRECIPITATION DATA]       SYMBOLS USED IN COLUMN 16

AVERAGE MONTHLY: 43.6   TOTAL FOR MONTH:   0.29    1 = FOG OR MIST
DPTR FM NORMAL:   3.2   DPTR FM NORMAL:   -0.17    2 = FOG REDUCING VISIBILITY
HIGHEST:    74 ON 16    GRTST 24HR  0.23 ON 17-17      TO 1/4 MILE OR LESS
LOWEST:     22 ON 15,12                            3 = THUNDER
                        SNOW, ICE PELLETS, HAIL    4 = ICE PELLETS
                        TOTAL MONTH:    T          5 = HAIL
                        GRTST 24HR    T  ON 21-21  6 = FREEZING RAIN OR DRIZZLE
                        GRTST DEPTH:   0           7 = DUSTSTORM OR SANDSTORM:
                                                       VSBY 1/2 MILE OR LESS
                                                   8 = SMOKE OR HAZE
[NO. OF DAYS WITH]      [WEATHER - DAYS WITH]      9 = BLOWING SNOW
                                                   X = TORNADO
MAX 32 OR BELOW:   0    0.01 INCH OR MORE:   3
MAX 90 OR ABOVE:   0    0.10 INCH OR MORE:   1
MIN 32 OR BELOW:  18    0.50 INCH OR MORE:   0
MIN  0 OR BELOW:   0    1.00 INCH OR MORE:   0

[HDD (BASE 65) ]
TOTAL THIS MO.   445    CLEAR  (SCALE 0-3)   4
DPTR FM NORMAL   -74    PTCLDY (SCALE 4-7)  15
TOTAL FM JUL 1  1030    CLOUDY (SCALE 8-10)  2
DPTR FM NORMAL   -70

[CDD (BASE 65) ]
TOTAL THIS MO.     0
DPTR FM NORMAL     0    [PRESSURE DATA]
TOTAL FM JAN 1   881    HIGHEST SLP M ON M
DPTR FM NORMAL   112    LOWEST  SLP 29.35 ON  1

[REMARKS]
