000
CXUS55 KBOU 280808
CF6DEN
PRELIMINARY LOCAL CLIMATOLOGICAL DATA (WS FORM: F-6)

                                          STATION:   DENVER CO
                                          MONTH:     APRIL
                                          YEAR:      2017
                                          LATITUDE:   39 52 N
                                          LONGITUDE: 104 40 W

  TEMPERATURE IN F:       :PCPN:    SNOW:  WIND      :SUNSHINE: SKY     :PK WND
================================================================================
1   2   3   4   5  6A  6B    7    8   9   10  11  12  13   14  15   16   17  18
                                     12Z  AVG MX 2MIN
DY MAX MIN AVG DEP HDD CDD  WTR  SNW DPTH SPD SPD DIR MIN PSBL S-S WX    SPD DR
================================================================================

 1  41  30  36  -8  29   0 0.03    T    T  6.2 14  70   M    M  10 1      16  80
 2  63  31  47   3  18   0    T  0.0    0  7.2 21  10   M    M   5        27  10
 3  58  34  46   1  19   0 0.08  0.0    0 11.7 32  50   M    M   7 12     39  50
 4  42  31  37  -8  28   0 0.20  0.1    0  9.9 21  10   M    M   9 18     25  10
 5  56  28  42  -3  23   0 0.00  0.0    0  8.2 15 170   M    M   4        18 220
 6  66  30  48   3  17   0 0.00  0.0    0 11.3 24 190   M    M   4        30 190
 7  76  47  62  17   3   0 0.00  0.0    0 10.8 21 210   M    M   7        26 210
 8  77  45  61  15   4   0 0.00  0.0    0 10.9 33 250   M    M   7        45 250
 9  59  35  47   1  18   0 0.00  0.0    0 19.5 44 300   M    M   2 3      56 300
10  58  24  41  -5  24   0 0.00  0.0    0 10.5 21 100   M    M   3        29 110
11  70  30  50   4  15   0 0.00  0.0    0 10.7 28 140   M    M   6        34 130
12  74  40  57  11   8   0 0.00  0.0    0  9.5 20 110   M    M   3        23 120
13  79  37  58  11   7   0 0.00  0.0    0 15.0 30 140   M    M   3        38 140
14  79  39  59  12   6   0 0.00  0.0    0 11.0 22  40   M    M   3 1      28 350
15  68  37  53   6  12   0 0.00  0.0    0 10.4 21 100   M    M   3        26 120
16  72  31  52   5  13   0 0.00  0.0    0 10.3 26 170   M    M   5        31 170
17  77  40  59  11   6   0 0.00  0.0    0  8.0 17 200   M    M   5 1      21 180
18  78  40  59  11   6   0 0.00  0.0    0 13.2 28 140   M    M   6        37 130
19  73  46  60  12   5   0 0.00  0.0    0 13.6 33  60   M    M   5 128    41 300
20  64  32  48   0  17   0 0.11  0.0    0 14.2 28 170   M    M   7        36 140
21  48  37  43  -6  22   0 0.05  0.0    0 15.0 35 350   M    M   9 1      42 340
22  57  35  46  -3  19   0 0.10  0.0    0  7.9 22 190   M    M   6 1      32 190
23  76  40  58   9   7   0 0.00  0.0    0 12.6 24 190   M    M   6        30 190
24  67  42  55   5  10   0 0.00  0.0    0 12.8 25 130   M    M   8        35 120
25  58  31  45  -5  20   0 0.06    T    0 12.2 35 300   M    M   8 3      41 310
26  61  26  44  -6  21   0    T    T    0  6.0 26 310   M    M   6        31 300
27  54  32  43  -7  22   0 0.01  0.0    0 10.0 24 300   M    M   8        29 310
================================================================================
SM 1751  950       399   0  0.64     0.1 298.6            M    155
================================================================================
AV 64.9 35.2                              11.1 FASTST            6    MAX(MPH)
                                 MISC ---->  # 44 300     M   M     # 56  300
================================================================================
NOTES: SUNSHINE DATA WILL NO LONGER BE AVAILABLE EFFECTIVE OCTOBER 1ST 2009.

# LAST OF SEVERAL OCCURRENCES

COLUMN 17 PEAK WIND IN M.P.H.

PRELIMINARY LOCAL CLIMATOLOGICAL DATA (WS FORM: F-6) , PAGE 2

                                          STATION:  DENVER CO
                                          MONTH:    APRIL
                                          YEAR:     2017
                                          LATITUDE:   39 52 N
                                          LONGITUDE: 104 40 W

[TEMPERATURE DATA]      [PRECIPITATION DATA]       SYMBOLS USED IN COLUMN 16

AVERAGE MONTHLY: 50.0   TOTAL FOR MONTH:   0.64    1 = FOG OR MIST
DPTR FM NORMAL:   3.0   DPTR FM NORMAL:   -0.86    2 = FOG REDUCING VISIBILITY
HIGHEST:    79 ON 14,13 GRTST 24HR  0.20 ON  4- 4      TO 1/4 MILE OR LESS
LOWEST:     24 ON 10                               3 = THUNDER
                        SNOW, ICE PELLETS, HAIL    4 = ICE PELLETS
                        TOTAL MONTH:   0.1 INCH    5 = HAIL
                        GRTST 24HR   0.1 ON  4- 4  6 = FREEZING RAIN OR DRIZZLE
                        GRTST DEPTH:   T ON  1     7 = DUSTSTORM OR SANDSTORM:
                                                       VSBY 1/2 MILE OR LESS
                                                   8 = SMOKE OR HAZE
[NO. OF DAYS WITH]      [WEATHER - DAYS WITH]      9 = BLOWING SNOW
                                                   X = TORNADO
MAX 32 OR BELOW:   0    0.01 INCH OR MORE:   8
MAX 90 OR ABOVE:   0    0.10 INCH OR MORE:   3
MIN 32 OR BELOW:  12    0.50 INCH OR MORE:   0
MIN  0 OR BELOW:   0    1.00 INCH OR MORE:   0

[HDD (BASE 65) ]
TOTAL THIS MO.   399    CLEAR  (SCALE 0-3)   4
DPTR FM NORMAL   -88    PTCLDY (SCALE 4-7)  20
TOTAL FM JUL 1  4724    CLOUDY (SCALE 8-10)  3
DPTR FM NORMAL  -965

[CDD (BASE 65) ]
TOTAL THIS MO.     0
DPTR FM NORMAL     0    [PRESSURE DATA]
TOTAL FM JAN 1     0    HIGHEST SLP M ON M
DPTR FM NORMAL     0    LOWEST  SLP 29.39 ON 24

[REMARKS]
