000
CXUS55 KBOU 280809
CF6DEN
PRELIMINARY LOCAL CLIMATOLOGICAL DATA (WS FORM: F-6)

                                          STATION:   DENVER CO
                                          MONTH:     JULY
                                          YEAR:      2017
                                          LATITUDE:   39 52 N
                                          LONGITUDE: 104 40 W

  TEMPERATURE IN F:       :PCPN:    SNOW:  WIND      :SUNSHINE: SKY     :PK WND
================================================================================
1   2   3   4   5  6A  6B    7    8   9   10  11  12  13   14  15   16   17  18
                                     12Z  AVG MX 2MIN
DY MAX MIN AVG DEP HDD CDD  WTR  SNW DPTH SPD SPD DIR MIN PSBL S-S WX    SPD DR
================================================================================

 1  89  51  70  -2   0   5 0.00  0.0    0  7.0 16  50   M    M   2        19 200
 2  94  58  76   4   0  11 0.00  0.0    0  9.2 32 290   M    M   5        41 300
 3  92  53  73   1   0   8 0.00  0.0    0  9.5 33  30   M    M   7 3      41 360
 4  95  61  78   5   0  13 0.00  0.0    0 10.8 35 320   M    M   4 3      46 310
 5  98  62  80   7   0  15 0.00  0.0    0 10.5 20 170   M    M   2        23 160
 6 100  67  84  11   0  19    T  0.0    0 12.2 39 340   M    M   5 78     47 330
 7  88  63  76   3   0  11 0.00  0.0    0 10.2 23 320   M    M   4        27 340
 8  93  61  77   3   0  12 0.00  0.0    0  8.9 25  90   M    M   5 3      30 100
 9  97  63  80   6   0  15 0.00  0.0    0  8.8 24 320   M    M   3        29 320
10  96  61  79   5   0  14 0.00  0.0    0  7.5 30 230   M    M   6        38 240
11  96  65  81   7   0  16 0.00  0.0    0 11.0 30 210   M    M   7        37 210
12  82  63  73  -1   0   8 0.01  0.0    0  9.3 21 350   M    M   8        26 360
13  87  57  72  -2   0   7 0.00  0.0    0  8.7 21 200   M    M   5        26 190
14  91  56  74   0   0   9 0.00  0.0    0  9.8 21 200   M    M   5        24 200
15  78  60  69  -5   0   4 0.10  0.0    0  9.7 45 120   M    M   7        53 120
16  87  54  71  -4   0   6 0.00  0.0    0  7.0 15  60   M    M   2        21 100
17  97  59  78   3   0  13 0.00  0.0    0  9.5 22 270   M    M   3        25 270
18  95  65  80   5   0  15 0.00  0.0    0 11.0 28 220   M    M   5        35 110
19 100  66  83   8   0  18 0.00  0.0    0 10.1 35 220   M    M   6 3      40 220
20  95  65  80   5   0  15 0.01  0.0    0  9.4 23 200   M    M   6 38     27 200
21  96  62  79   4   0  14 0.15  0.0    0  9.4 39 300   M    M   6 3      48 300
22  91  61  76   1   0  11 0.00  0.0    0  8.1 18 160   M    M   7        22 150
23  91  63  77   2   0  12 0.00  0.0    0 10.4 24 180   M    M   4        30 170
24  99  67  83   8   0  18 0.00  0.0    0 12.7 22 190   M    M   4        27 190
25  95  68  82   7   0  17 0.07  0.0    0 10.0 29 210   M    M   8        36 220
26  83  64  74  -1   0   9 0.13  0.0    0  8.4 20 350   M    M   8 13     24 340
27  88  60  74  -1   0   9 0.00  0.0    0 10.8 23 150   M    M   6 1      29 200
================================================================================
SM 2493 1655         0 324  0.47     0.0 259.9            M    140
================================================================================
AV 92.3 61.3                               9.6 FASTST            5    MAX(MPH)
                                 MISC ---->  # 45 120     M   M     # 53  120
================================================================================
NOTES: SUNSHINE DATA WILL NO LONGER BE AVAILABLE EFFECTIVE OCTOBER 1ST 2009.

# LAST OF SEVERAL OCCURRENCES

COLUMN 17 PEAK WIND IN M.P.H.

PRELIMINARY LOCAL CLIMATOLOGICAL DATA (WS FORM: F-6) , PAGE 2

                                          STATION:  DENVER CO
                                          MONTH:    JULY
                                          YEAR:     2017
                                          LATITUDE:   39 52 N
                                          LONGITUDE: 104 40 W

[TEMPERATURE DATA]      [PRECIPITATION DATA]       SYMBOLS USED IN COLUMN 16

AVERAGE MONTHLY: 76.8   TOTAL FOR MONTH:   0.47    1 = FOG OR MIST
DPTR FM NORMAL:   2.7   DPTR FM NORMAL:   -1.38    2 = FOG REDUCING VISIBILITY
HIGHEST:   100 ON 19, 6 GRTST 24HR  0.15 ON 21-21      TO 1/4 MILE OR LESS
LOWEST:     51 ON  1                               3 = THUNDER
                        SNOW, ICE PELLETS, HAIL    4 = ICE PELLETS
                        TOTAL MONTH:   0.0 INCH    5 = HAIL
                        GRTST 24HR     0.0         6 = FREEZING RAIN OR DRIZZLE
                        GRTST DEPTH:   0           7 = DUSTSTORM OR SANDSTORM:
                                                       VSBY 1/2 MILE OR LESS
                                                   8 = SMOKE OR HAZE
[NO. OF DAYS WITH]      [WEATHER - DAYS WITH]      9 = BLOWING SNOW
                                                   X = TORNADO
MAX 32 OR BELOW:   0    0.01 INCH OR MORE:   6
MAX 90 OR ABOVE:  19    0.10 INCH OR MORE:   3
MIN 32 OR BELOW:   0    0.50 INCH OR MORE:   0
MIN  0 OR BELOW:   0    1.00 INCH OR MORE:   0

[HDD (BASE 65) ]
TOTAL THIS MO.     0    CLEAR  (SCALE 0-3)   4
DPTR FM NORMAL    -1    PTCLDY (SCALE 4-7)  23
TOTAL FM JUL 1     0    CLOUDY (SCALE 8-10)  0
DPTR FM NORMAL    -1

[CDD (BASE 65) ]
TOTAL THIS MO.   324
DPTR FM NORMAL    75    [PRESSURE DATA]
TOTAL FM JAN 1   497    HIGHEST SLP M ON M
DPTR FM NORMAL    93    LOWEST  SLP 29.70 ON M

[REMARKS]
