000
CXUS54 KSHV 301300
CF6DEQ
PRELIMINARY LOCAL CLIMATOLOGICAL DATA (WS FORM: F-6)

                                          STATION:   DE QUEEN
                                          MONTH:     AUGUST
                                          YEAR:      2014
                                          LATITUDE:   34  2 N
                                          LONGITUDE:  94 24 W

  TEMPERATURE IN F:       :PCPN:    SNOW:  WIND      :SUNSHINE: SKY     :PK WND
================================================================================
1   2   3   4   5  6A  6B    7    8   9   10  11  12  13   14  15   16   17  18
                                     12Z  AVG MX 2MIN
DY MAX MIN AVG DEP HDD CDD  WTR  SNW DPTH SPD SPD DIR MIN PSBL S-S WX    SPD DR
================================================================================

 1  77  65  71 -10   0   6 0.03  0.0    0  4.1 12  60   M    M   8 128    14 100
 2  87  65  76  -5   0  11 0.00  0.0    0  2.8 13  80   M    M   6 12     17  50
 3  89  66  78  -4   0  13 0.00  0.0    0  3.6 14  80   M    M   1 128    17  80
 4  90  62  76  -6   0  11 0.00  0.0    0  2.0  9 110   M    M   2 12     12 110
 5  91  64  78  -4   0  13 0.00  0.0    0  0.6  8 130   M    M   1 128    13 150
 6  92  68  80  -2   0  15 0.00  0.0    0  2.9 12 250   M    M   1 128    14 250
 7  89  73  81  -1   0  16 0.01  0.0    0  2.1 10 250   M    M   1 18     16 180
 8  93  71  82   0   0  17 0.91  0.0    0  5.2 26  60   M    M   3 1238   38  70
 9  86  71  79  -3   0  14 0.27  0.0    0  3.7 21  50   M    M   3 13     31  40
10  91  72  82   0   0  17 0.00  0.0    0  2.1  9 180   M    M   2 1      12 150
11  91  71  81  -1   0  16 0.00  0.0    0  3.5 13  40   M    M   2 12     19  30
12  86  64  75  -7   0  10 0.00  0.0    0  3.0 13  20   M    M   0 1      16  20
13  88  60  74  -8   0   9 0.00  0.0    0  2.2  9 120   M    M   0 1      12 120
14  88  62  75  -7   0  10 0.00  0.0    0  1.3  7 130   M    M   1 1      10 200
15  88  64  76  -6   0  11 0.00  0.0    0  2.3  9 130   M    M   0 18     12 120
16  94  66  80  -2   0  15 0.00  0.0    0  4.4 16 250   M    M   1 18     21 230
17  87  73  80  -2   0  15 0.00  0.0    0  3.4 14 270   M    M   2 1      18 270
18  93  69  81  -1   0  16 0.20  0.0    0  4.3 24  20   M    M   2 13     35  30
19  92  68  80  -1   0  15 0.00  0.0    0  3.5 12 180   M    M   1 1      16 180
20  91  69  80  -1   0  15 0.00  0.0    0  3.6 10 130   M    M   1 12     15 110
21  92  71  82   1   0  17 0.00  0.0    0  4.5 12 170   M    M   3 18     15 230
22  92  72  82   1   0  17 0.00  0.0    0  3.1 10 230   M    M   1 18     14 220
23  94  70  82   1   0  17 0.00  0.0    0  2.3  8 180   M    M   1 128    12 140
24  94  68  81   0   0  16 0.00  0.0    0  1.2  9 220   M    M   2 12     12 240
25  95  71  83   2   0  18 0.00  0.0    0  1.5  7 120   M    M   1 128    10 210
26  93  72  83   3   0  18 0.00  0.0    0  2.8 13 160   M    M   1 18     17 160
27  91  69  80   0   0  15 0.00  0.0    0  2.9 12 110   M    M   0 128    16 150
28  92  67  80   0   0  15 0.00  0.0    0  3.3 14 110   M    M   2 128    17 110
29  88  71  80   0   0  15 0.11  0.0    0  3.5 20 210   M    M   4 138    27 230
================================================================================
SM 2614 1974         0 413  1.53     0.0  85.7          M       53
================================================================================
AV 90.1 68.1                               3.0 FASTST   M    M   2    MAX(MPH)
                                 MISC ---->  # 26  60               # 38   70
================================================================================
NOTES:
# LAST OF SEVERAL OCCURRENCES

COLUMN 17 PEAK WIND IN M.P.H.

PRELIMINARY LOCAL CLIMATOLOGICAL DATA (WS FORM: F-6) , PAGE 2

                                          STATION:  DE QUEEN
                                          MONTH:    AUGUST
                                          YEAR:     2014
                                          LATITUDE:   34  2 N
                                          LONGITUDE:  94 24 W

[TEMPERATURE DATA]      [PRECIPITATION DATA]       SYMBOLS USED IN COLUMN 16

AVERAGE MONTHLY: 79.1   TOTAL FOR MONTH:   1.53    1 = FOG OR MIST
DPTR FM NORMAL:  -2.3   DPTR FM NORMAL:   -0.47    2 = FOG REDUCING VISIBILITY
HIGHEST:    95 ON 25    GRTST 24HR  1.18 ON  8- 9      TO 1/4 MILE OR LESS
LOWEST:     60 ON 13                               3 = THUNDER
                        SNOW, ICE PELLETS, HAIL    4 = ICE PELLETS
                        TOTAL MONTH:   0.0 INCH    5 = HAIL
                        GRTST 24HR     0.0         6 = FREEZING RAIN OR DRIZZLE
                        GRTST DEPTH:   0           7 = DUSTSTORM OR SANDSTORM:
                                                       VSBY 1/2 MILE OR LESS
                                                   8 = SMOKE OR HAZE
[NO. OF DAYS WITH]      [WEATHER - DAYS WITH]      9 = BLOWING SNOW
                                                   X = TORNADO
MAX 32 OR BELOW:   0    0.01 INCH OR MORE:   6
MAX 90 OR ABOVE:  18    0.10 INCH OR MORE:   4
MIN 32 OR BELOW:   0    0.50 INCH OR MORE:   1
MIN  0 OR BELOW:   0    1.00 INCH OR MORE:   0

[HDD (BASE 65) ]
TOTAL THIS MO.     0    CLEAR  (SCALE 0-3)  25
DPTR FM NORMAL     0    PTCLDY (SCALE 4-7)   3
TOTAL FM JUL 1     0    CLOUDY (SCALE 8-10)  1
DPTR FM NORMAL     0

[CDD (BASE 65) ]
TOTAL THIS MO.   413
DPTR FM NORMAL   -61    [PRESSURE DATA]
TOTAL FM JAN 1  1299    HIGHEST SLP M ON M
DPTR FM NORMAL  -267    LOWEST  SLP 29.83 ON M

[REMARKS]
