000
CXUS56 KOTX 230900
CF6DEW
PRELIMINARY LOCAL CLIMATOLOGICAL DATA (WS FORM: F-6)

                                          STATION:   DEER_PARK WA AIRPORT
                                          MONTH:     APRIL
                                          YEAR:      2017
                                          LATITUDE:   47 58 N
                                          LONGITUDE: 117 25 W

  TEMPERATURE IN F:       :PCPN:    SNOW:  WIND      :SUNSHINE: SKY     :PK WND
================================================================================
1   2   3   4   5  6A  6B    7    8   9   10  11  12  13   14  15   16   17  18
                                     12Z  AVG MX 2MIN
DY MAX MIN AVG DEP HDD CDD  WTR  SNW DPTH SPD SPD DIR MIN PSBL S-S WX    SPD DR
================================================================================

 1  56  29  43   1  22   0 0.00    M    M  5.5 16 180   M    M   6        20 180
 2  52  27  40  -2  25   0 0.00    M    M  6.2 20 320   M    M   5        25 320
 3  52  26  39  -4  26   0 0.00    M    M  3.0 12 230   M    M   3        15 220
 4  56  21  39  -4  26   0 0.00    M    M  4.5 14 190   M    M   2        19 190
 5  61  38  50   7  15   0 0.09    M    M  6.9 13  20   M    M   7        16  20
 6  57  41  49   6  16   0 0.07    M    M  6.5 13  30   M    M   6 1      17  10
 7  60  37  49   6  16   0 0.23    M    M 13.6 40 230   M    M   5 1      55 240
 8  45  27  36  -8  29   0 0.05    M    M  5.1 18 200   M    M   6 1      22 190
 9  49  29  39  -5  26   0 0.00    M    M  8.4 17 190   M    M   6        20 190
10  50  27  39  -5  26   0 0.24    M    M  8.4 24 200   M    M   5 1      30 230
11  57  23  40  -4  25   0 0.00    M    M  6.6 16  50   M    M   2 1      24  40
12  50  43  47   3  18   0 0.29    M    M 10.5 17  40   M    M  10 1      21  40
13  54  30  42  -2  23   0 0.07    M    M  9.2 22 200   M    M   7 1      28 180
14  52  31  42  -2  23   0 0.00    M    M 11.1 24 230   M    M   6        31 240
15  53  26  40  -5  25   0 0.00    M    M  7.8 20 180   M    M   2 8      24 180
16  60  24  42  -3  23   0 0.00    M    M  8.2 17  40   M    M   2        24  20
17  52  41  47   2  18   0 0.48    M    M  5.4 12 220   M    M  10 1      15  30
18  57  31  44  -1  21   0 0.20    M    M  3.3 22 210   M    M   7 138    27 200
19  61  27  44  -1  21   0    T    M    M  4.9 13 130   M    M   2 1      17 140
20  53  30  42  -4  23   0 0.11    M    M  6.6 25 310   M    M   8 1      32 310
21  58  28  43  -3  22   0 0.00    M    M  3.0 10 200   M    M   6 12     14 160
22  65  36  51   5  14   0 0.00    M    M  8.8 21 170   M    M   2        27 220
================================================================================
SM 1210  672       483   0  1.83    M    153.5          M      115
================================================================================
AV 55.0 30.6                               7.0 FASTST   M    M   5    MAX(MPH)
                                 MISC ---->  # 40 230               # 55  240
================================================================================
NOTES:
# LAST OF SEVERAL OCCURRENCES

COLUMN 17 PEAK WIND IN M.P.H.

PRELIMINARY LOCAL CLIMATOLOGICAL DATA (WS FORM: F-6) , PAGE 2

                                          STATION:  DEER_PARK WA AIRPORT
                                          MONTH:    APRIL
                                          YEAR:     2017
                                          LATITUDE:   47 58 N
                                          LONGITUDE: 117 25 W

[TEMPERATURE DATA]      [PRECIPITATION DATA]       SYMBOLS USED IN COLUMN 16

AVERAGE MONTHLY: 42.8   TOTAL FOR MONTH:   1.83    1 = FOG OR MIST
DPTR FM NORMAL:  -1.3   DPTR FM NORMAL:    0.58    2 = FOG REDUCING VISIBILITY
HIGHEST:    65 ON 22    GRTST 24HR  0.48 ON 17-17      TO 1/4 MILE OR LESS
LOWEST:     21 ON  4                               3 = THUNDER
                        SNOW, ICE PELLETS, HAIL    4 = ICE PELLETS
                        TOTAL MONTH:    M          5 = HAIL
                        GRTST 24HR    M  ON   M    6 = FREEZING RAIN OR DRIZZLE
                        GRTST DEPTH:  M  ON   M    7 = DUSTSTORM OR SANDSTORM:
                                                       VSBY 1/2 MILE OR LESS
                                                   8 = SMOKE OR HAZE
[NO. OF DAYS WITH]      [WEATHER - DAYS WITH]      9 = BLOWING SNOW
                                                   X = TORNADO
MAX 32 OR BELOW:   0    0.01 INCH OR MORE:  10
MAX 90 OR ABOVE:   0    0.10 INCH OR MORE:   6
MIN 32 OR BELOW:  16    0.50 INCH OR MORE:   0
MIN  0 OR BELOW:   0    1.00 INCH OR MORE:   0

[HDD (BASE 65) ]
TOTAL THIS MO.   483    CLEAR  (SCALE 0-3)   7
DPTR FM NORMAL    22    PTCLDY (SCALE 4-7)  13
TOTAL FM JUL 1  6821    CLOUDY (SCALE 8-10)  2
DPTR FM NORMAL   153

[CDD (BASE 65) ]
TOTAL THIS MO.     0
DPTR FM NORMAL     0    [PRESSURE DATA]
TOTAL FM JAN 1     0    HIGHEST SLP M ON M
DPTR FM NORMAL     0    LOWEST  SLP 29.32 ON  7

[REMARKS]
