000
CXUS53 KIWX 010800
CF6DFI
PRELIMINARY LOCAL CLIMATOLOGICAL DATA (WS FORM: F-6)

                                          STATION:   DEFIANCE MEMORIAL
                                          MONTH:     APRIL
                                          YEAR:      2016
                                          LATITUDE:   41 20 N
                                          LONGITUDE:  84 26 W

  TEMPERATURE IN F:       :PCPN:    SNOW:  WIND      :SUNSHINE: SKY     :PK WND
================================================================================
1   2   3   4   5  6A  6B    7    8   9   10  11  12  13   14  15   16   17  18
                                     12Z  AVG MX 2MIN
DY MAX MIN AVG DEP HDD CDD  WTR  SNW DPTH SPD SPD DIR MIN PSBL S-S WX    SPD DR
================================================================================

 1  52  41  47   3  18   0 0.06    M    0  7.4 16 290   M    M   6        23 280
 2  41  29  35  -9  30   0 0.11    M    M 12.7 37 310   M    M   5 1238   53 300
 3  57  24  41  -3  24   0 0.00  0.0    0 12.6 29 220   M    M   4        40 230
 4  57  31  44  -1  21   0    T    M    0 10.1 26 230   M    M   8        38 230
 5  42  24  33 -12  32   0    T    M    M  6.5 14 140   M    M   1 8      20 130
 6  62  38  50   4  15   0 0.31    M    0  9.7 29 210   M    M   6 13     40 210
 7  47  36  42  -4  23   0 0.18    M    0 13.9 25 300   M    M  10 1      34 300
 8  43  30  37  -9  28   0 0.17    M    0  7.0 22 310   M    M   8 1      28 300
 9  38  26  32 -15  33   0 0.01    M    0 10.7 28 360   M    M   6 1      35 350
10  52  29  41  -6  24   0 0.11    M    0  9.6 22 170   M    M   9 1      28 160
11  57  37  47   0  18   0 0.09    M    0 10.4 22 330   M    M   5 1      27 320
12  52  32  42  -6  23   0 0.00  0.0    0  6.5 17 330   M    M   0        21 350
13  53  31  42  -6  23   0 0.00  0.0    0  6.9 15 100   M    M   0        21  70
14  59  33  46  -3  19   0 0.00  0.0    0  8.4 16  80   M    M   0        21 100
15  71  37  54   5  11   0 0.00  0.0    0  7.7 14  80   M    M   0 8      19 120
16  77  42  60  11   5   0 0.00  0.0    0  6.7 15  60   M    M   0        20  70
17  82  44  63  13   2   0 0.00  0.0    0  3.3 10 110   M    M   0        13 110
18  83  45  64  14   1   0 0.00  0.0    0  2.1 12 300   M    M   0        15 310
19  66  52  59   9   6   0 0.00  0.0    0  8.7 17  90   M    M   0        23  70
20  73  47  60   9   5   0 0.00  0.0    0 10.2 18 100   M    M   4        23 100
21  68  51  60   9   5   0 0.15  0.0    0  6.5 17 180   M    M   8 18     23 220
22  65  51  58   6   7   0 0.36  0.0    0  6.1 23 270   M    M   8 1      27 270
23  62  42  52   0  13   0 0.00  0.0    0  7.6 14  60   M    M   2        18  30
24  73  37  55   3  10   0 0.00  0.0    0  5.3 16  90   M    M   0        22 100
25  81  46  64  11   1   0 0.00  0.0    0  9.0 23 210   M    M   3        31 220
26  73  48  61   8   4   0 0.76  0.0    0 10.0 23 350   M    M   7 138    29 340
27  60  45  53   0  12   0    T  0.0    0 12.6 21  90   M    M   9 8      29  90
28  54  44  49  -5  16   0 0.24  0.0    0 10.8 22  80   M    M   9        27  80
29  59  47  53  -1  12   0    T  0.0    0  4.3 12  80   M    M  10 8      16  90
30  52  42  47  -7  18   0 0.67  0.0    0  9.3 20  80   M    M   6 1      26  80
================================================================================
SM 1811 1161       459   0  3.22     0.0 252.6          M      134
================================================================================
AV 60.4 38.7                               8.4 FASTST   M    M   4    MAX(MPH)
                                 MISC ---->  # 37 310               # 53  300
================================================================================
NOTES:
# LAST OF SEVERAL OCCURRENCES

COLUMN 17 PEAK WIND IN M.P.H.

PRELIMINARY LOCAL CLIMATOLOGICAL DATA (WS FORM: F-6) , PAGE 2

                                          STATION:  DEFIANCE MEMORIAL
                                          MONTH:    APRIL
                                          YEAR:     2016
                                          LATITUDE:   41 20 N
                                          LONGITUDE:  84 26 W

[TEMPERATURE DATA]      [PRECIPITATION DATA]       SYMBOLS USED IN COLUMN 16

AVERAGE MONTHLY: 49.5   TOTAL FOR MONTH:   3.22    1 = FOG OR MIST
DPTR FM NORMAL:   0.4   DPTR FM NORMAL:    0.36    2 = FOG REDUCING VISIBILITY
HIGHEST:    83 ON 18    GRTST 24HR  0.76 ON 26-26      TO 1/4 MILE OR LESS
LOWEST:     24 ON  5, 3                            3 = THUNDER
                        SNOW, ICE PELLETS, HAIL    4 = ICE PELLETS
                        TOTAL MONTH:   0.0 INCH    5 = HAIL
                        GRTST 24HR     0.0         6 = FREEZING RAIN OR DRIZZLE
                        GRTST DEPTH:   0           7 = DUSTSTORM OR SANDSTORM:
                                                       VSBY 1/2 MILE OR LESS
                                                   8 = SMOKE OR HAZE
[NO. OF DAYS WITH]      [WEATHER - DAYS WITH]      9 = BLOWING SNOW
                                                   X = TORNADO
MAX 32 OR BELOW:   0    0.01 INCH OR MORE:  13
MAX 90 OR ABOVE:   0    0.10 INCH OR MORE:  10
MIN 32 OR BELOW:   9    0.50 INCH OR MORE:   2
MIN  0 OR BELOW:   0    1.00 INCH OR MORE:   0

[HDD (BASE 65) ]
TOTAL THIS MO.   459    CLEAR  (SCALE 0-3)  12
DPTR FM NORMAL   -24    PTCLDY (SCALE 4-7)  13
TOTAL FM JUL 1  4740    CLOUDY (SCALE 8-10)  5
DPTR FM NORMAL -1242

[CDD (BASE 65) ]
TOTAL THIS MO.     0
DPTR FM NORMAL    -6    [PRESSURE DATA]
TOTAL FM JAN 1     0    HIGHEST SLP 30.53 ON  5
DPTR FM NORMAL    -6    LOWEST  SLP 29.44 ON  7

[REMARKS]
#FINAL-04-16#
