000
CXUS54 KFWD 280730
CF6DFW
PRELIMINARY LOCAL CLIMATOLOGICAL DATA (WS FORM: F-6)

                                          STATION:   DALLAS FORT WORTH
                                          MONTH:     FEBRUARY
                                          YEAR:      2015
                                          LATITUDE:   32 54 N
                                          LONGITUDE:  97  2 W

  TEMPERATURE IN F:       :PCPN:    SNOW:  WIND      :SUNSHINE: SKY     :PK WND
================================================================================
1   2   3   4   5  6A  6B    7    8   9   10  11  12  13   14  15   16   17  18
                                     12Z  AVG MX 2MIN
DY MAX MIN AVG DEP HDD CDD  WTR  SNW DPTH SPD SPD DIR MIN PSBL S-S WX    SPD DR
================================================================================

 1  58  34  46  -1  19   0 0.10  0.0    0 15.6 31 340   M    M   7 1      36 330
 2  42  24  33 -14  32   0 0.00  0.0    0 10.4 25 350   M    M   4        31 330
 3  54  31  43  -5  22   0 0.00  0.0    0  9.9 18 160   M    M   9        22 160
 4  57  37  47  -1  18   0    T  0.0    0 12.3 26 350   M    M   9 18     32 340
 5  37  29  33 -15  32   0    T  0.0    0  9.4 23 360   M    M  10 16     27 360
 6  58  32  45  -3  20   0 0.00  0.0    0  9.9 17 170   M    M   6 8      23 160
 7  69  42  56   8   9   0 0.00  0.0    0 17.9 29 190   M    M   1 1      35 180
 8  73  51  62  14   3   0 0.00  0.0    0  8.6 23 190   M    M   1 1      28 190
 9  75  46  61  12   4   0 0.00  0.0    0  8.6 16  10   M    M   1        20  10
10  75  45  60  11   5   0 0.00  0.0    0  9.9 22 170   M    M   1        26 160
11  67  45  56   7   9   0 0.00  0.0    0 12.6 25  10   M    M   3        32  10
12  55  36  46  -3  19   0 0.00  0.0    0 10.9 23  20   M    M   3        30  30
13  67  35  51   2  14   0 0.00  0.0    0  7.1 18 200   M    M   2        23 210
14  78  40  59   9   6   0 0.00  0.0    0  6.7 14 220   M    M   1        17 210
15  73  50  62  12   3   0    T  0.0    0 12.5 28 190   M    M   8        33 190
16  62  29  46  -4  19   0 0.22    T    0 17.9 29 350   M    M   9 1      37 330
17  54  28  41  -9  24   0 0.05  0.0    0  8.2 32 320   M    M   7 13     41 330
18  57  30  44  -6  21   0 0.00  0.0    0  4.6 15  60   M    M   1        20  50
19  60  32  46  -5  19   0 0.00  0.0    0 11.9 22 130   M    M   4        25 140
20  70  46  58   7   7   0    T  0.0    0 17.9 36 190   M    M   8 1      42 180
21  67  46  57   6   8   0 0.00  0.0    0 14.7 30 200   M    M   8        39 200
22  50  29  40 -12  25   0 1.30    T    0 16.6 29  20   M    M  10 1346   35  20
23  30  26  28 -24  37   0 0.17  0.2    T 15.7 30  30   M    M  10 146    36  30
24  37  25  31 -21  34   0    T    M    T  5.9 14 340   M    M  10 16     17 340
25  52  32  42 -10  23   0 0.66  0.1    T  4.1 12 140   M    M   6 148    14 140
26  38  30  34 -19  31   0    T    T    0 15.7 28 360   M    M   8 18     34 360
27  30  24  27 -26  38   0 0.26  2.0    0 11.5 20  30   M    M  10 146    25  40
================================================================================
SM 1545  954       501   0  2.76     2.3 307.0          M      157
================================================================================
AV 57.2 35.3                              11.4 FASTST   M    M   6    MAX(MPH)
                                 MISC ---->  # 36 190               # 42  180
================================================================================
NOTES:
# LAST OF SEVERAL OCCURRENCES

COLUMN 17 PEAK WIND IN M.P.H.

PRELIMINARY LOCAL CLIMATOLOGICAL DATA (WS FORM: F-6) , PAGE 2

                                          STATION:  DALLAS FORT WORTH
                                          MONTH:    FEBRUARY
                                          YEAR:     2015
                                          LATITUDE:   32 54 N
                                          LONGITUDE:  97  2 W

[TEMPERATURE DATA]      [PRECIPITATION DATA]       SYMBOLS USED IN COLUMN 16

AVERAGE MONTHLY: 46.3   TOTAL FOR MONTH:   2.76    1 = FOG OR MIST
DPTR FM NORMAL:  -3.5   DPTR FM NORMAL:    0.21    2 = FOG REDUCING VISIBILITY
HIGHEST:    78 ON 14    GRTST 24HR  1.46 ON 22-23      TO 1/4 MILE OR LESS
LOWEST:     24 ON 27, 2                            3 = THUNDER
                        SNOW, ICE PELLETS, HAIL    4 = ICE PELLETS
                        TOTAL MONTH:   2.3 INCHES  5 = HAIL
                        GRTST 24HR   2.0 ON 27-27  6 = FREEZING RAIN OR DRIZZLE
                        GRTST DEPTH:   0           7 = DUSTSTORM OR SANDSTORM:
                                                       VSBY 1/2 MILE OR LESS
                                                   8 = SMOKE OR HAZE
[NO. OF DAYS WITH]      [WEATHER - DAYS WITH]      9 = BLOWING SNOW
                                                   X = TORNADO
MAX 32 OR BELOW:   2    0.01 INCH OR MORE:   7
MAX 90 OR ABOVE:   0    0.10 INCH OR MORE:   6
MIN 32 OR BELOW:  14    0.50 INCH OR MORE:   2
MIN  0 OR BELOW:   0    1.00 INCH OR MORE:   1

[HDD (BASE 65) ]
TOTAL THIS MO.   501    CLEAR  (SCALE 0-3)   9
DPTR FM NORMAL    86    PTCLDY (SCALE 4-7)   8
TOTAL FM JUL 1  2000    CLOUDY (SCALE 8-10) 10
DPTR FM NORMAL    80

[CDD (BASE 65) ]
TOTAL THIS MO.     0
DPTR FM NORMAL     0    [PRESSURE DATA]
TOTAL FM JAN 1     0    HIGHEST SLP M ON M
DPTR FM NORMAL    -2    LOWEST  SLP 29.63 ON 21

[REMARKS]
