000
CXUS55 KCYS 221000
CF6DGW
PRELIMINARY LOCAL CLIMATOLOGICAL DATA (WS FORM: F-6)

                                          STATION:   CONVERSE CO (DOUGLAS) WY ARPT
                                          MONTH:     FEBRUARY
                                          YEAR:      2017
                                          LATITUDE:   42 46 N
                                          LONGITUDE: 105 22 W

  TEMPERATURE IN F:       :PCPN:    SNOW:  WIND      :SUNSHINE: SKY     :PK WND
================================================================================
1   2   3   4   5  6A  6B    7    8   9   10  11  12  13   14  15   16   17  18
                                     12Z  AVG MX 2MIN
DY MAX MIN AVG DEP HDD CDD  WTR  SNW DPTH SPD SPD DIR MIN PSBL S-S WX    SPD DR
================================================================================

 1  18   9  14 -11  51   0    T    M    M  8.1 18  40   M    M  10 18     22  50
 2  13  -3   5 -20  60   0 0.09    M    M  7.3 16  50   M    M   9 18     19  50
 3  42 -13  15 -10  50   0 0.00    M    M  5.9 18 270   M    M   1 128    26 270
 4  51  39  45  20  20   0 0.00    M    M 22.3 38 260   M    M   0        46 260
 5  55  38  47  22  18   0 0.00    M    M 16.9 41 260   M    M   0        54 270
 6  55  37  46  21  19   0 0.00    M    M 20.8 44 270   M    M   0        53 260
 7  44  14  29   4  36   0 0.01    M    M  9.3 33 360   M    M   9 12     40 360
 8  26  10  18  -7  47   0    T    M    0  4.2 29  20   M    M   4 1      35  20
 9  60  14  37  11  28   0 0.00    M    M 13.6 40 270   M    M   0        55 260
10  64  42  53  27  12   0    T    M    M 23.0 43 280   M    M   3        52 280
11  48  21  35   9  30   0    T    M    M 13.3 29 280   M    M   7        36 280
12  49  14  32   6  33   0 0.00    M    M  5.6 14 150   M    M   0        17 140
13  51  19  35   9  30   0 0.00    M    M  9.2 23 360   M    M   0        28 360
14  50  21  36  10  29   0 0.00  0.0    0 10.0 23 320   M    M   0        29 340
15  62  17  40  14  25   0 0.00    M    M  7.1 31 280   M    M   0        39 290
16  68  28  48  21  17   0 0.00    M    M 11.5 30 270   M    M   0        38 250
17  59  34  47  20  18   0 0.00    M    M 14.9 36 270   M    M   0        42 270
18  62  35  49  22  16   0 0.00    M    M  9.4 24 230   M    M   5        31 230
19  58  31  45  18  20   0 0.00    M    M 10.2 33 290   M    M   4        41 280
20  57  30  44  16  21   0 0.00    M    M 21.1 35 280   M    M   0        45 250
21  63  38  51  23  14   0 0.03    M    M 25.3 41 250   M    M   1 1      53 290
================================================================================
SM 1055  475       594   0  0.13     0.0 269.0          M       53
================================================================================
AV 50.2 22.6                              12.8 FASTST   M    M   3    MAX(MPH)
                                 MISC ---->  # 44 270               # 55  260
================================================================================
NOTES:
# LAST OF SEVERAL OCCURRENCES

COLUMN 17 PEAK WIND IN M.P.H.

PRELIMINARY LOCAL CLIMATOLOGICAL DATA (WS FORM: F-6) , PAGE 2

                                          STATION:  CONVERSE CO (DOUGLAS) WY ARPT
                                          MONTH:    FEBRUARY
                                          YEAR:     2017
                                          LATITUDE:   42 46 N
                                          LONGITUDE: 105 22 W

[TEMPERATURE DATA]      [PRECIPITATION DATA]       SYMBOLS USED IN COLUMN 16

AVERAGE MONTHLY: 36.4   TOTAL FOR MONTH:   0.13    1 = FOG OR MIST
DPTR FM NORMAL:  10.4   DPTR FM NORMAL:   -0.18    2 = FOG REDUCING VISIBILITY
HIGHEST:    68 ON 16    GRTST 24HR  0.09 ON  2- 2      TO 1/4 MILE OR LESS
LOWEST:    -13 ON  3                               3 = THUNDER
                        SNOW, ICE PELLETS, HAIL    4 = ICE PELLETS
                        TOTAL MONTH:   0.0 INCH    5 = HAIL
                        GRTST 24HR     0.0         6 = FREEZING RAIN OR DRIZZLE
                        GRTST DEPTH:   0           7 = DUSTSTORM OR SANDSTORM:
                                                       VSBY 1/2 MILE OR LESS
                                                   8 = SMOKE OR HAZE
[NO. OF DAYS WITH]      [WEATHER - DAYS WITH]      9 = BLOWING SNOW
                                                   X = TORNADO
MAX 32 OR BELOW:   3    0.01 INCH OR MORE:   3
MAX 90 OR ABOVE:   0    0.10 INCH OR MORE:   0
MIN 32 OR BELOW:  14    0.50 INCH OR MORE:   0
MIN  0 OR BELOW:   2    1.00 INCH OR MORE:   0

[HDD (BASE 65) ]
TOTAL THIS MO.   594    CLEAR  (SCALE 0-3)  14
DPTR FM NORMAL  -225    PTCLDY (SCALE 4-7)   4
TOTAL FM JUL 1  4651    CLOUDY (SCALE 8-10)  3
DPTR FM NORMAL  -499

[CDD (BASE 65) ]
TOTAL THIS MO.     0
DPTR FM NORMAL     0    [PRESSURE DATA]
TOTAL FM JAN 1     0    HIGHEST SLP M ON M
DPTR FM NORMAL     0    LOWEST  SLP 29.43 ON  7

[REMARKS]
