000
CXUS52 KTAE 250800
CF6DHN
PRELIMINARY LOCAL CLIMATOLOGICAL DATA (WS FORM: F-6)

                                          STATION:   DOTHAN
                                          MONTH:     JANUARY
                                          YEAR:      2015
                                          LATITUDE:   31 19 N
                                          LONGITUDE:  85 27 W

  TEMPERATURE IN F:       :PCPN:    SNOW:  WIND      :SUNSHINE: SKY     :PK WND
================================================================================
1   2   3   4   5  6A  6B    7    8   9   10  11  12  13   14  15   16   17  18
                                     12Z  AVG MX 2MIN
DY MAX MIN AVG DEP HDD CDD  WTR  SNW DPTH SPD SPD DIR MIN PSBL S-S WX    SPD DR
================================================================================

 1  60  38  49   0  16   0 0.00  0.0    0  4.6 10  90   M    M   1 1      13  80
 2  61  48  55   6  10   0    T    M    0  6.3 12 100   M    M   8 1      17  90
 3  75  57  66  17   0   1    T  0.0    0  8.8 17 180   M    M   9 12     22 160
 4  71  48  60  11   5   0 0.78    M    0 11.0 24 230   M    M   6 13     31 220
 5  58  38  48  -1  17   0 0.00  0.0    0  6.4 17  10   M    M   M        21 360
 6  61  34  48  -1  17   0 0.00  0.0    0  5.2 13 290   M    M   0        18 320
 7  56  25  41  -7  24   0 0.00  0.0    0 13.8 26 360   M    M   0 8      36 330
 8  37  16  27 -21  38   0 0.00  0.0    0  6.6 22  20   M    M   0        31  10
 9  41  24  33 -15  32   0    T  0.0    0  4.8 12 340   M    M   8        16 350
10  52  30  41  -7  24   0 0.00  0.0    0  7.1 14  40   M    M   0        18  50
11  62  40  51   3  14   0 0.00  0.0    0  8.9 16  80   M    M   6        21  90
12  59  48  54   6  11   0    T  0.0    0  3.9 13  80   M    M  10 12     14  90
13  60  51  56   8   9   0 0.00  0.0    0  6.2 13 350   M    M  10 1      16 350
14  53  43  48   0  17   0 0.00  0.0    0  6.2 12 360   M    M   9        14 350
15  46  42  44  -4  21   0 0.25    M    0  2.9 10 340   M    M   7 1      13 350
16  59  37  48  -1  17   0 0.00  0.0    0  5.8 15 350   M    M   3 18     18 360
17  61  36  49   0  16   0 0.00  0.0    0  3.9 12 150   M    M   0        17 150
18  66  39  53   4  12   0 0.00  0.0    0  7.9 22 310   M    M   1 1      28 310
19  69  34  52   3  13   0 0.00  0.0    0  4.3 14 200   M    M   0        17 210
20  69  35  52   3  13   0 0.00  0.0    0  2.1 12 270   M    M   3        16 250
21  71  45  58   9   7   0 0.00  0.0    0  4.1 12 300   M    M   3 12     15 360
22  63  47  55   6  10   0 0.08    M    0  8.6 17  90   M    M   4        22  90
23  61  48  55   6  10   0 1.84    M    0  9.8 22  90   M    M  10 1      29  90
24  54  37  46  -3  19   0    T    M    0 13.0 24 310   M    M   4 1      29 310
================================================================================
SM 1425  940       372   1  2.95     0.0 162.2          M      102
================================================================================
AV 59.4 39.2                               6.8 FASTST   M    M   4    MAX(MPH)
                                 MISC ---->  # 26 360               # 36  330
================================================================================
NOTES:
# LAST OF SEVERAL OCCURRENCES

COLUMN 17 PEAK WIND IN M.P.H.

PRELIMINARY LOCAL CLIMATOLOGICAL DATA (WS FORM: F-6) , PAGE 2

                                          STATION:  DOTHAN
                                          MONTH:    JANUARY
                                          YEAR:     2015
                                          LATITUDE:   31 19 N
                                          LONGITUDE:  85 27 W

[TEMPERATURE DATA]      [PRECIPITATION DATA]       SYMBOLS USED IN COLUMN 16

AVERAGE MONTHLY: 49.3   TOTAL FOR MONTH:   2.95    1 = FOG OR MIST
DPTR FM NORMAL:   0.6   DPTR FM NORMAL:   -0.35    2 = FOG REDUCING VISIBILITY
HIGHEST:    75 ON  3    GRTST 24HR  1.92 ON 22-23      TO 1/4 MILE OR LESS
LOWEST:     16 ON  8                               3 = THUNDER
                        SNOW, ICE PELLETS, HAIL    4 = ICE PELLETS
                        TOTAL MONTH:   0.0 INCH    5 = HAIL
                        GRTST 24HR     0.0         6 = FREEZING RAIN OR DRIZZLE
                        GRTST DEPTH:   0           7 = DUSTSTORM OR SANDSTORM:
                                                       VSBY 1/2 MILE OR LESS
                                                   8 = SMOKE OR HAZE
[NO. OF DAYS WITH]      [WEATHER - DAYS WITH]      9 = BLOWING SNOW
                                                   X = TORNADO
MAX 32 OR BELOW:   0    0.01 INCH OR MORE:   4
MAX 90 OR ABOVE:   0    0.10 INCH OR MORE:   3
MIN 32 OR BELOW:   4    0.50 INCH OR MORE:   2
MIN  0 OR BELOW:   0    1.00 INCH OR MORE:   1

[HDD (BASE 65) ]
TOTAL THIS MO.   372    CLEAR  (SCALE 0-3)  11
DPTR FM NORMAL   -23    PTCLDY (SCALE 4-7)   7
TOTAL FM JUL 1  1120    CLOUDY (SCALE 8-10)  5
DPTR FM NORMAL    12

[CDD (BASE 65) ]
TOTAL THIS MO.     1
DPTR FM NORMAL     1    [PRESSURE DATA]
TOTAL FM JAN 1     1    HIGHEST SLP 30.43 ON  5
DPTR FM NORMAL     1    LOWEST  SLP 29.78 ON 23

[REMARKS]
