000
CXUS52 KTAE 010800
CF6DHN
PRELIMINARY LOCAL CLIMATOLOGICAL DATA (WS FORM: F-6)

                                          STATION:   DOTHAN
                                          MONTH:     AUGUST
                                          YEAR:      2015
                                          LATITUDE:   31 19 N
                                          LONGITUDE:  85 27 W

  TEMPERATURE IN F:       :PCPN:    SNOW:  WIND      :SUNSHINE: SKY     :PK WND
================================================================================
1   2   3   4   5  6A  6B    7    8   9   10  11  12  13   14  15   16   17  18
                                     12Z  AVG MX 2MIN
DY MAX MIN AVG DEP HDD CDD  WTR  SNW DPTH SPD SPD DIR MIN PSBL S-S WX    SPD DR
================================================================================

 1  94  73  84   2   0  19    T  0.0    0  5.6 14  20   M    M   3 1      19  20
 2  93  73  83   1   0  18 0.00  0.0    0  5.8 16  40   M    M   2 1      20  30
 3  99  73  86   4   0  21 0.00  0.0    0  3.4 12 300   M    M   2        16  30
 4  99  75  87   5   0  22 0.00  0.0    0  6.1 21 170   M    M   2 1      26 170
 5  93  75  84   2   0  19    T  0.0    0  7.4 21 200   M    M   2 13     32 210
 6  92  77  85   3   0  20 0.13  0.0    0 10.2 21 220   M    M   5 13     26 220
 7  96  75  86   4   0  21    T  0.0    0 10.2 24 300   M    M   4 3      30 300
 8  97  74  86   4   0  21 0.01  0.0    0  5.1 14 220   M    M   3 13     18 250
 9  97  75  86   4   0  21 0.00  0.0    0  5.0 14 140   M    M   2        17 130
10  96  76  86   4   0  21 0.00  0.0    0  4.3 12 200   M    M   3 1      14 170
11  96  75  86   4   0  21 1.08  0.0    0  5.5 29 300   M    M   2 138    37 300
12  96  73  85   4   0  20 0.00  0.0    0  5.0 14 340   M    M   1 1      20 340
13  94  67  81   0   0  16 0.00  0.0    0  4.5  9 350   M    M   1        12  80
14  93  73  83   2   0  18 0.00  0.0    0  7.0 21 220   M    M   3 3      24 220
15  91  72  82   1   0  17 0.00  0.0    0  5.9 14  70   M    M   1        20  70
16  89  72  81   0   0  16    T  0.0    0  5.3 12 220   M    M   2        16  90
17  86  73  80  -1   0  15    T  0.0    0  7.1 16 210   M    M   3 3      20 230
18  90  73  82   1   0  17 0.04  0.0    0  7.7 21 200   M    M   2 13     26 190
19  91  76  84   3   0  19    T  0.0    0  3.6 18 180   M    M   3 3      23 180
20  88  73  81   0   0  16 0.07  0.0    0  3.9 21 280   M    M   2 138    25 280
21  95  72  84   3   0  19 2.39  0.0    0  2.5 31 310   M    M   2 135    45 320
22  95  73  84   3   0  19 0.00  0.0    0  2.9  8 250   M    M   1 3      12 270
23  95  77  86   5   0  21    T  0.0    0  7.2 16 280   M    M   1        20 280
24  94  74  84   3   0  19 0.00  0.0    0  5.8 10 330   M    M   2        13 330
25  90  65  78  -3   0  13 0.00  0.0    0  7.6 14 330   M    M   0        16 330
26  88  61  75  -5   0  10 0.00  0.0    0  6.5 13 310   M    M   0        19 360
27  92  62  77  -3   0  12 0.00  0.0    0  5.2 12  20   M    M   1        15  40
28  91  72  82   2   0  17 0.17  0.0    0  7.2 18  50   M    M   3 138    29  60
29  86  70  78  -2   0  13 1.22  0.0    0  5.8 23 100   M    M   4 1      32 110
30  89  67  78  -2   0  13 0.00  0.0    0  3.3 12 330   M    M   3 12     14 320
31  90  69  80   0   0  15 0.00  0.0    0  3.8 10  90   M    M   3 12     15  30
================================================================================
SM 2875 2235         0 549  5.11     0.0 176.4          M       68
================================================================================
AV 92.7 72.1                               5.7 FASTST   M    M   2    MAX(MPH)
                                 MISC ---->  # 31 310               # 45  320
================================================================================
NOTES:
# LAST OF SEVERAL OCCURRENCES

COLUMN 17 PEAK WIND IN M.P.H.

PRELIMINARY LOCAL CLIMATOLOGICAL DATA (WS FORM: F-6) , PAGE 2

                                          STATION:  DOTHAN
                                          MONTH:    AUGUST
                                          YEAR:     2015
                                          LATITUDE:   31 19 N
                                          LONGITUDE:  85 27 W

[TEMPERATURE DATA]      [PRECIPITATION DATA]       SYMBOLS USED IN COLUMN 16

AVERAGE MONTHLY: 82.4   TOTAL FOR MONTH:   5.11    1 = FOG OR MIST
DPTR FM NORMAL:   1.3   DPTR FM NORMAL:    0.63    2 = FOG REDUCING VISIBILITY
HIGHEST:    99 ON  4, 3 GRTST 24HR  2.39 ON 21-21      TO 1/4 MILE OR LESS
LOWEST:     61 ON 26                               3 = THUNDER
                        SNOW, ICE PELLETS, HAIL    4 = ICE PELLETS
                        TOTAL MONTH:   0.0 INCH    5 = HAIL
                        GRTST 24HR     0.0         6 = FREEZING RAIN OR DRIZZLE
                        GRTST DEPTH:   0           7 = DUSTSTORM OR SANDSTORM:
                                                       VSBY 1/2 MILE OR LESS
                                                   8 = SMOKE OR HAZE
[NO. OF DAYS WITH]      [WEATHER - DAYS WITH]      9 = BLOWING SNOW
                                                   X = TORNADO
MAX 32 OR BELOW:   0    0.01 INCH OR MORE:   8
MAX 90 OR ABOVE:  25    0.10 INCH OR MORE:   5
MIN 32 OR BELOW:   0    0.50 INCH OR MORE:   3
MIN  0 OR BELOW:   0    1.00 INCH OR MORE:   3

[HDD (BASE 65) ]
TOTAL THIS MO.     0    CLEAR  (SCALE 0-3)  26
DPTR FM NORMAL     0    PTCLDY (SCALE 4-7)   5
TOTAL FM JUL 1     0    CLOUDY (SCALE 8-10)  0
DPTR FM NORMAL     0

[CDD (BASE 65) ]
TOTAL THIS MO.   549
DPTR FM NORMAL    50    [PRESSURE DATA]
TOTAL FM JAN 1  2216    HIGHEST SLP M ON M
DPTR FM NORMAL   336    LOWEST  SLP 29.84 ON M

[REMARKS]
#FINAL-08-15#
