000
CXUS54 KAMA 281015
CF6DHT
PRELIMINARY LOCAL CLIMATOLOGICAL DATA (WS FORM: F-6)

                                          STATION:   DALHART
                                          MONTH:     JULY
                                          YEAR:      2016
                                          LATITUDE:   36  1 N
                                          LONGITUDE: 102 33 W

  TEMPERATURE IN F:       :PCPN:    SNOW:  WIND      :SUNSHINE: SKY     :PK WND
================================================================================
1   2   3   4   5  6A  6B    7    8   9   10  11  12  13   14  15   16   17  18
                                     12Z  AVG MX 2MIN
DY MAX MIN AVG DEP HDD CDD  WTR  SNW DPTH SPD SPD DIR MIN PSBL S-S WX    SPD DR
================================================================================

 1  95  66  81   5   0  16 0.00  0.0    0 13.9 26 160   M    M   4        33 170
 2  98  68  83   7   0  18    T  0.0    0 13.4 30 350   M    M   2 3      37  10
 3  89  61  75  -1   0  10 0.29  0.0    0  8.9 41 300   M    M   2 38     57 350
 4  95  60  78   2   0  13 0.00  0.0    0  6.4 24 260   M    M   0        30 250
 5 104  63  84   8   0  19 0.00  0.0    0 11.3 25 170   M    M   0        34 220
 6 106  65  86   9   0  21 0.00  0.0    0 11.6 25 240   M    M   0        30 170
 7 107  59  83   6   0  18 0.00  0.0    0  9.8 25 320   M    M   0 3      33 320
 8  91  67  79   2   0  14 0.00  0.0    0 12.0 28  20   M    M   0 8      33  30
 9 102  62  82   5   0  17 0.00  0.0    0  9.6 21 170   M    M   0        26 160
10 107  70  89  12   0  24 0.00  0.0    0 15.7 35 170   M    M   0        43 180
11 107  67  87  10   0  22 0.00  0.0    0 12.1 23 230   M    M   0 8      30 210
12  99  69  84   7   0  19 0.00  0.0    0 11.9 21  10   M    M   0        26  10
13 102  55  79   2   0  14 0.00  0.0    0 11.6 20 110   M    M   0 8      25  20
14  92  62  77   0   0  12    T  0.0    0 13.8 29  10   M    M   1 8      34  10
15 100  64  82   5   0  17    T  0.0    0 13.2 35 280   M    M   1 138    45 270
16 103  58  81   4   0  16 0.00  0.0    0 15.5 33 150   M    M   0 18     41 170
17 105  73  89  12   0  24 1.04  0.0    0 17.0 46 170   M    M   2 3      63 170
18  98  67  83   6   0  18 0.01  0.0    0 12.1 45  90   M    M   1        52  90
19  97  62  80   3   0  15 0.00  0.0    0 11.4 20 170   M    M   0        29 200
20  99  66  83   6   0  18 0.00  0.0    0 14.4 24 220   M    M   0        29 220
21 103  69  86   9   0  21 0.00  0.0    0 13.8 23 170   M    M   0        29 160
22 104  66  85   8   0  20 0.00  0.0    0 12.3 24 160   M    M   1        30 160
23 103  62  83   6   0  18 0.00  0.0    0 13.8 25 170   M    M   0        30 200
24 100  66  83   6   0  18 0.15  0.0    0  9.8 38 310   M    M   1 38     48 300
25  92  69  81   4   0  16    T  0.0    0  8.3 24 280   M    M   1 138    31 240
26  97  65  81   4   0  16 0.00  0.0    0  8.7 15 150   M    M   0        19 140
27  97  65  81   4   0  16    T  0.0    0 10.5 39  50   M    M   1 38     48  60
================================================================================
SM 2692 1746         0 470  1.49     0.0 322.8          M       17
================================================================================
AV 99.7 64.7                              12.0 FASTST   M    M   1    MAX(MPH)
                                 MISC ---->  # 46 170               # 63  170
================================================================================
NOTES:
# LAST OF SEVERAL OCCURRENCES

COLUMN 17 PEAK WIND IN M.P.H.

PRELIMINARY LOCAL CLIMATOLOGICAL DATA (WS FORM: F-6) , PAGE 2

                                          STATION:  DALHART
                                          MONTH:    JULY
                                          YEAR:     2016
                                          LATITUDE:   36  1 N
                                          LONGITUDE: 102 33 W

[TEMPERATURE DATA]      [PRECIPITATION DATA]       SYMBOLS USED IN COLUMN 16

AVERAGE MONTHLY: 82.2   TOTAL FOR MONTH:   1.49    1 = FOG OR MIST
DPTR FM NORMAL:   5.4   DPTR FM NORMAL:   -0.90    2 = FOG REDUCING VISIBILITY
HIGHEST:   107 ON 11,10 GRTST 24HR  1.05 ON 17-18      TO 1/4 MILE OR LESS
LOWEST:     55 ON 13                               3 = THUNDER
                        SNOW, ICE PELLETS, HAIL    4 = ICE PELLETS
                        TOTAL MONTH:   0.0 INCH    5 = HAIL
                        GRTST 24HR     0.0         6 = FREEZING RAIN OR DRIZZLE
                        GRTST DEPTH:   0           7 = DUSTSTORM OR SANDSTORM:
                                                       VSBY 1/2 MILE OR LESS
                                                   8 = SMOKE OR HAZE
[NO. OF DAYS WITH]      [WEATHER - DAYS WITH]      9 = BLOWING SNOW
                                                   X = TORNADO
MAX 32 OR BELOW:   0    0.01 INCH OR MORE:   4
MAX 90 OR ABOVE:  26    0.10 INCH OR MORE:   3
MIN 32 OR BELOW:   0    0.50 INCH OR MORE:   1
MIN  0 OR BELOW:   0    1.00 INCH OR MORE:   1

[HDD (BASE 65) ]
TOTAL THIS MO.     0    CLEAR  (SCALE 0-3)  26
DPTR FM NORMAL     0    PTCLDY (SCALE 4-7)   1
TOTAL FM JUL 1     0    CLOUDY (SCALE 8-10)  0
DPTR FM NORMAL     0

[CDD (BASE 65) ]
TOTAL THIS MO.   470
DPTR FM NORMAL   150    [PRESSURE DATA]
TOTAL FM JAN 1   866    HIGHEST SLP M ON M
DPTR FM NORMAL   234    LOWEST  SLP 29.52 ON 11

[REMARKS]
