000
CXUS53 KBIS 230730
CF6DIK
PRELIMINARY LOCAL CLIMATOLOGICAL DATA (WS FORM: F-6)

                                          STATION:   DICKINSON ND
                                          MONTH:     JUNE
                                          YEAR:      2017
                                          LATITUDE:   46 47 N
                                          LONGITUDE: 102 48 W

  TEMPERATURE IN F:       :PCPN:    SNOW:  WIND      :SUNSHINE: SKY     :PK WND
================================================================================
1   2   3   4   5  6A  6B    7    8   9   10  11  12  13   14  15   16   17  18
                                     12Z  AVG MX 2MIN
DY MAX MIN AVG DEP HDD CDD  WTR  SNW DPTH SPD SPD DIR MIN PSBL S-S WX    SPD DR
================================================================================

 1  89  49  69  11   0   4 0.00    M    M 14.5 23 150   M    M   0        27 150
 2  86  53  70  12   0   5 0.00    M    M 12.5 29 300   M    M   1        36 300
 3  82  47  65   6   0   0 0.00    M    M  8.6 18 310   M    M   0 8      26 310
 4  90  49  70  11   0   5 0.00    M    M  8.4 15  90   M    M   1        19  90
 5  92  56  74  15   0   9 0.01    M    M 14.7 23 320   M    M   1 3      32 130
 6  77  43  60   0   5   0 0.01    M    M  9.9 24 320   M    M   0        29 320
 7  78  43  61   1   4   0 0.00    M    M  5.2 10  30   M    M   0        13  80
 8  83  50  67   7   0   2 0.00    M    M 14.5 24 130   M    M   1        30 130
 9  91  59  75  15   0  10 0.09    M    M 15.4 32 240   M    M   0 3      40 230
10  78  52  65   4   0   0 0.12    M    M 13.8 22 280   0    0   0        35 300
11  77  45  61   0   4   0 0.00    M    M 11.5 25 280   M    M   1        34 240
12  80  46  63   2   2   0 0.00    M    M 12.5 29 130   M    M   2        35 130
13  80  51  66   4   0   1 0.34    M    M 13.4 26 120   M    M   6 13     34 110
14  72  51  62   0   3   0 0.00    M    M 20.3 30 270   0    0   0        46 260
15  78  48  63   1   2   0 0.00    M    M 16.4 35 270   M    M   0        43 290
16  77  51  64   2   1   0    T    M    M 10.5 28 290   M    M   6        34 290
17  68  44  56  -7   9   0 0.01    M    M 15.4 32 320   M    M   4 3      41 320
18  74  43  59  -4   6   0    T    M    M 12.7 28 270   M    M   2        35 270
19  80  45  63   0   2   0    T    M    M 11.4 24 300   M    M   3        30 300
20  75  44  60  -4   5   0    T    M    M  8.3 16 140   M    M   2        21 130
21  84  49  67   3   0   2 0.00    M    M 11.9 26 290   M    M   0        36 320
22  74  45  60  -4   5   0 0.00    M    M 19.7 37 300   M    M   4        46 300
================================================================================
SM 1765 1063        48  38  0.58    M    281.5            0     34
================================================================================
AV 80.2 48.3                              12.8 FASTST    0   0   2    MAX(MPH)
                                 MISC ---->  # 37 300               # 46  260
================================================================================
NOTES:
# LAST OF SEVERAL OCCURRENCES

COLUMN 17 PEAK WIND IN M.P.H.

PRELIMINARY LOCAL CLIMATOLOGICAL DATA (WS FORM: F-6) , PAGE 2

                                          STATION:  DICKINSON ND
                                          MONTH:    JUNE
                                          YEAR:     2017
                                          LATITUDE:   46 47 N
                                          LONGITUDE: 102 48 W

[TEMPERATURE DATA]      [PRECIPITATION DATA]       SYMBOLS USED IN COLUMN 16

AVERAGE MONTHLY: 64.3   TOTAL FOR MONTH:   0.58    1 = FOG OR MIST
DPTR FM NORMAL:   3.1   DPTR FM NORMAL:   -1.78    2 = FOG REDUCING VISIBILITY
HIGHEST:    92 ON  5    GRTST 24HR  0.34 ON 13-13      TO 1/4 MILE OR LESS
LOWEST:     43 ON 18, 7                            3 = THUNDER
                        SNOW, ICE PELLETS, HAIL    4 = ICE PELLETS
                        TOTAL MONTH:    M          5 = HAIL
                        GRTST 24HR    M  ON   M    6 = FREEZING RAIN OR DRIZZLE
                        GRTST DEPTH:  M  ON   M    7 = DUSTSTORM OR SANDSTORM:
                                                       VSBY 1/2 MILE OR LESS
                                                   8 = SMOKE OR HAZE
[NO. OF DAYS WITH]      [WEATHER - DAYS WITH]      9 = BLOWING SNOW
                                                   X = TORNADO
MAX 32 OR BELOW:   0    0.01 INCH OR MORE:   6
MAX 90 OR ABOVE:   3    0.10 INCH OR MORE:   2
MIN 32 OR BELOW:   0    0.50 INCH OR MORE:   0
MIN  0 OR BELOW:   0    1.00 INCH OR MORE:   0

[HDD (BASE 65) ]
TOTAL THIS MO.    48    CLEAR  (SCALE 0-3)  18
DPTR FM NORMAL   -68    PTCLDY (SCALE 4-7)   4
TOTAL FM JUL 1  8251    CLOUDY (SCALE 8-10)  0
DPTR FM NORMAL  -305

[CDD (BASE 65) ]
TOTAL THIS MO.    38
DPTR FM NORMAL     7    [PRESSURE DATA]
TOTAL FM JAN 1    48    HIGHEST SLP  0.00 ON M
DPTR FM NORMAL     7    LOWEST  SLP 29.25 ON 10

[REMARKS]
