000
CXUS53 KDLH 290630
CF6DLH
PRELIMINARY LOCAL CLIMATOLOGICAL DATA (WS FORM: F-6)

                                          STATION:   DULUTH
                                          MONTH:     JULY
                                          YEAR:      2016
                                          LATITUDE:   46 49 N
                                          LONGITUDE:  92 11 W

  TEMPERATURE IN F:       :PCPN:    SNOW:  WIND      :SUNSHINE: SKY     :PK WND
================================================================================
1   2   3   4   5  6A  6B    7    8   9   10  11  12  13   14  15   16   17  18
                                     12Z  AVG MX 2MIN
DY MAX MIN AVG DEP HDD CDD  WTR  SNW DPTH SPD SPD DIR MIN PSBL S-S WX    SPD DR
================================================================================

 1  74  45  60  -4   5   0 0.00  0.0    0  6.7 15 280   M    M   2        18 280
 2  75  50  63  -1   2   0 0.00  0.0    0  3.7 12 200   M    M   3        17 200
 3  78  52  65   0   0   0 0.00  0.0    0  5.1 13 150   M    M   3        18 180
 4  76  56  66   1   0   1 0.00  0.0    0  9.7 18 220   M    M   5        24 250
 5  85  63  74   9   0   9    T  0.0    0  7.5 21 320   M    M   5 13     30 330
 6  82  60  71   6   0   6 0.00  0.0    0  5.3 16 300   M    M   4 1      23 280
 7  72  59  66   1   0   1 0.61  0.0    0  7.1 17 110   M    M   7 13     21 100
 8  71  54  63  -2   2   0 0.23  0.0    0  9.0 18  10   M    M   9 123    25  20
 9  74  51  63  -3   2   0 0.00  0.0    0  6.3 16 100   M    M   4 12     19 130
10  70  58  64  -2   1   0 0.01  0.0    0 10.3 22 120   M    M   7        26 130
11  70  58  64  -2   1   0 2.27  0.0    0  9.9 37  70   M    M  10 123    43  70
12  81  63  72   6   0   7 0.01  0.0    0 15.7 29 250   M    M   3 13     37 270
13  76  62  69   3   0   4 0.11  0.0    0 18.7 33 250   M    M   4 1      41 250
14  66  58  62  -4   3   0 0.05  0.0    0 11.1 18 300   M    M  10 1      26 350
15  70  52  61  -5   4   0 0.15  0.0    0  4.7 12 140   M    M   5        14 160
16  78  49  64  -2   1   0 0.00  0.0    0  5.4 13 180   M    M   3        18 230
17  77  60  69   3   0   4 0.14  0.0    0 11.9 29 270   M    M   5 18     35 260
18  78  59  69   3   0   4 0.00  0.0    0  6.5 16 290   M    M   2        24 290
19  80  56  68   2   0   3 0.00  0.0    0  6.7 15 110   M    M   1 1      16 110
20  87  58  73   7   0   8 0.00  0.0    0  8.1 16 180   M    M   5 1      19 180
21  89  66  78  12   0  13 0.74  0.0    0 10.1 43 320   M    M   3 13     69 290
22  90  62  76  10   0  11 0.00  0.0    0  7.9 17 280   M    M   1        23 310
23  78  61  70   4   0   5 0.00  0.0    0  8.7 17 120   M    M   4        23 110
24  81  62  72   6   0   7 0.03  0.0    0 11.6 22 290   M    M   5 123    27 280
25  83  61  72   6   0   7 0.00  0.0    0  9.5 17 280   M    M   1        23 300
26  83  66  75   9   0  10 0.02  0.0    0  8.6 17 250   M    M   4        22 270
27  71  57  64  -2   1   0 0.02  0.0    0  7.6 20  70   M    M   6 13     24  90
28  73  52  63  -3   2   0 0.00  0.0    0  8.5 20 100   M    M   3        24  90
================================================================================
SM 2168 1610        24 100  4.39     0.0 241.9          M      124
================================================================================
AV 77.4 57.5                               8.6 FASTST   M    M   4    MAX(MPH)
                                 MISC ---->  # 43 320               # 69  290
================================================================================
NOTES:
# LAST OF SEVERAL OCCURRENCES

COLUMN 17 PEAK WIND IN M.P.H.

PRELIMINARY LOCAL CLIMATOLOGICAL DATA (WS FORM: F-6) , PAGE 2

                                          STATION:  DULUTH
                                          MONTH:    JULY
                                          YEAR:     2016
                                          LATITUDE:   46 49 N
                                          LONGITUDE:  92 11 W

[TEMPERATURE DATA]      [PRECIPITATION DATA]       SYMBOLS USED IN COLUMN 16

AVERAGE MONTHLY: 67.5   TOTAL FOR MONTH:   4.39    1 = FOG OR MIST
DPTR FM NORMAL:   1.8   DPTR FM NORMAL:    0.88    2 = FOG REDUCING VISIBILITY
HIGHEST:    90 ON 22    GRTST 24HR  2.27 ON 11-11      TO 1/4 MILE OR LESS
LOWEST:     45 ON  1                               3 = THUNDER
                        SNOW, ICE PELLETS, HAIL    4 = ICE PELLETS
                        TOTAL MONTH:   0.0 INCH    5 = HAIL
                        GRTST 24HR     0.0         6 = FREEZING RAIN OR DRIZZLE
                        GRTST DEPTH:   0           7 = DUSTSTORM OR SANDSTORM:
                                                       VSBY 1/2 MILE OR LESS
                                                   8 = SMOKE OR HAZE
[NO. OF DAYS WITH]      [WEATHER - DAYS WITH]      9 = BLOWING SNOW
                                                   X = TORNADO
MAX 32 OR BELOW:   0    0.01 INCH OR MORE:  13
MAX 90 OR ABOVE:   1    0.10 INCH OR MORE:   7
MIN 32 OR BELOW:   0    0.50 INCH OR MORE:   3
MIN  0 OR BELOW:   0    1.00 INCH OR MORE:   1

[HDD (BASE 65) ]
TOTAL THIS MO.    24    CLEAR  (SCALE 0-3)  10
DPTR FM NORMAL   -38    PTCLDY (SCALE 4-7)  15
TOTAL FM JUL 1    24    CLOUDY (SCALE 8-10)  3
DPTR FM NORMAL   -38

[CDD (BASE 65) ]
TOTAL THIS MO.   100
DPTR FM NORMAL    19    [PRESSURE DATA]
TOTAL FM JAN 1   152    HIGHEST SLP M ON M
DPTR FM NORMAL    37    LOWEST  SLP 29.42 ON 11

[REMARKS]
