000
CXUS54 KEPZ 221200
CF6DMN
PRELIMINARY LOCAL CLIMATOLOGICAL DATA (WS FORM: F-6)

                                          STATION:   DEMING
                                          MONTH:     JULY
                                          YEAR:      2017
                                          LATITUDE:   32 15 N
                                          LONGITUDE: 107 42 W

  TEMPERATURE IN F:       :PCPN:    SNOW:  WIND      :SUNSHINE: SKY     :PK WND
================================================================================
1   2   3   4   5  6A  6B    7    8   9   10  11  12  13   14  15   16   17  18
                                     12Z  AVG MX 2MIN
DY MAX MIN AVG DEP HDD CDD  WTR  SNW DPTH SPD SPD DIR MIN PSBL S-S WX    SPD DR
================================================================================

 1 101  57  79  -2   0  14 0.00  0.0    0  8.0 23 170   M    M   0        29 160
 2 102  68  85   4   0  20 0.00  0.0    0  7.3 17 310   M    M   0        24 180
 3 102  72  87   6   0  22 0.00  0.0    0  7.8 21 290   M    M   0        28 300
 4 104  74  89   8   0  24 0.00  0.0    0  8.0 22 250   M    M   0        30 250
 5 100  72  86   5   0  21 0.00  0.0    0  7.9 32  60   M    M   0 3      42  90
 6 100  67  84   3   0  19 0.00  0.0    0  6.9 20 130   M    M   0        27 130
 7  95  69  82   1   0  17 0.00  0.0    0 10.8 23 100   M    M   0        30  80
 8  98  67  83   2   0  18 0.00  0.0    0  7.1 21  60   M    M   0 3      25  60
 9  97  72  85   4   0  20 0.00  0.0    0 10.6 31  40   M    M   2 3      40  40
10  98  67  83   2   0  18 0.02  0.0    0  8.5 25  50   M    M   4 3      33  50
11  97  72  85   4   0  20 0.00  0.0    0 10.1 23 270   M    M   1 3      29 270
12  96  67  82   1   0  17    T  0.0    0 10.0 22 210   M    M   2 3      31 200
13  98  68  83   2   0  18 0.13  0.0    0  8.1 26 350   M    M   3 3      36 360
14  91  64  78  -3   0  13 0.00  0.0    0  9.4 20 110   M    M   1 3      26  70
15  85  69  77  -4   0  12    T  0.0    0 10.1 26 120   M    M   2        33 120
16  88  66  77  -4   0  12    T  0.0    0  7.8 20 150   M    M   3        27 110
17  88  66  77  -4   0  12 0.15  0.0    0  8.1 16 240   M    M   1 3      23 250
18  96  67  82   1   0  17 0.00  0.0    0  5.6 13 140   M    M   2        19 150
19  94  66  80  -1   0  15 0.03  0.0    0  8.5 45 120   M    M   2 3      55 110
20  89  65  77  -4   0  12 0.43  0.0    0  6.2 30 170   M    M   6 3      41 170
21  87  66  77  -3   0  12 0.00  0.0    0  3.2 22 220   M    M   3 3      28 220
================================================================================
SM 2006 1421         0 353  0.76     0.0 170.0          M       32
================================================================================
AV 95.5 67.7                               8.1 FASTST   M    M   2    MAX(MPH)
                                 MISC ---->  # 45 120               # 55  110
================================================================================
NOTES:
# LAST OF SEVERAL OCCURRENCES

COLUMN 17 PEAK WIND IN M.P.H.

PRELIMINARY LOCAL CLIMATOLOGICAL DATA (WS FORM: F-6) , PAGE 2

                                          STATION:  DEMING
                                          MONTH:    JULY
                                          YEAR:     2017
                                          LATITUDE:   32 15 N
                                          LONGITUDE: 107 42 W

[TEMPERATURE DATA]      [PRECIPITATION DATA]       SYMBOLS USED IN COLUMN 16

AVERAGE MONTHLY: 81.6   TOTAL FOR MONTH:   0.76    1 = FOG OR MIST
DPTR FM NORMAL:   0.6   DPTR FM NORMAL:   -0.65    2 = FOG REDUCING VISIBILITY
HIGHEST:   104 ON  4    GRTST 24HR  0.43 ON 20-20      TO 1/4 MILE OR LESS
LOWEST:     57 ON  1                               3 = THUNDER
                        SNOW, ICE PELLETS, HAIL    4 = ICE PELLETS
                        TOTAL MONTH:   0.0 INCH    5 = HAIL
                        GRTST 24HR     0.0         6 = FREEZING RAIN OR DRIZZLE
                        GRTST DEPTH:   0           7 = DUSTSTORM OR SANDSTORM:
                                                       VSBY 1/2 MILE OR LESS
                                                   8 = SMOKE OR HAZE
[NO. OF DAYS WITH]      [WEATHER - DAYS WITH]      9 = BLOWING SNOW
                                                   X = TORNADO
MAX 32 OR BELOW:   0    0.01 INCH OR MORE:   5
MAX 90 OR ABOVE:  16    0.10 INCH OR MORE:   3
MIN 32 OR BELOW:   0    0.50 INCH OR MORE:   0
MIN  0 OR BELOW:   0    1.00 INCH OR MORE:   0

[HDD (BASE 65) ]
TOTAL THIS MO.     0    CLEAR  (SCALE 0-3)  17
DPTR FM NORMAL     0    PTCLDY (SCALE 4-7)   4
TOTAL FM JUL 1     0    CLOUDY (SCALE 8-10)  0
DPTR FM NORMAL     0

[CDD (BASE 65) ]
TOTAL THIS MO.   353
DPTR FM NORMAL    17    [PRESSURE DATA]
TOTAL FM JAN 1   991    HIGHEST SLP M ON M
DPTR FM NORMAL   111    LOWEST  SLP 29.61 ON 11

[REMARKS]
