000
CXUS55 KEAX 260736
CF6DMO
PRELIMINARY LOCAL CLIMATOLOGICAL DATA (WS FORM: F-6)

                                          STATION:   SEDALIA MO
                                          MONTH:     JULY
                                          YEAR:      2017
                                          LATITUDE:   38 42 N
                                          LONGITUDE:  93  6 W

  TEMPERATURE IN F:       :PCPN:    SNOW:  WIND      :SUNSHINE: SKY     :PK WND
================================================================================
1   2   3   4   5  6A  6B    7    8   9   10  11  12  13   14  15   16   17  18
                                     12Z  AVG MX 2MIN
DY MAX MIN AVG DEP HDD CDD  WTR  SNW DPTH SPD SPD DIR MIN PSBL S-S WX    SPD DR
================================================================================

 1  85  65  75  -3   0  10 0.00    M    M  4.5 10 330   M    M   0        13 330
 2  88  64  76  -2   0  11 0.00    M    M  6.3 14 170   M    M   0        17 180
 3  91  67  79   1   0  14 0.00    M    M  3.0 10 220   M    M   0        13 230
 4  83  70  77  -1   0  12 0.02    M    M  4.2 10 110   M    M   3        14  60
 5  84  70  77  -2   0  12 0.71    M    M  8.1 14  20   M    M   6 1      21  70
 6  89  68  79   0   0  14 0.00    M    M  4.4 10 220   M    M   3 12     13 360
 7  91  70  81   2   0  16 0.00    M    M  8.5 17 260   M    M   1        23 270
 8  90  65  78  -1   0  13 0.00    M    M  3.2  8 200   M    M   0        12 210
 9  91  67  79   0   0  14 0.00    M    M  9.1 16 220   M    M   1        21 230
10  91  76  84   5   0  19 0.00    M    M 13.3 22 220   M    M   0        29 220
11  94  75  85   6   0  20 0.00    M    M 11.8 18 220   M    M   0        24 220
12  95  79  87   8   0  22 0.00    M    M 12.0 20 230   M    M   0        27 240
13  93  73  83   4   0  18 0.37    M    M  7.0 16 340   M    M   4 13     22 350
14  89  72  81   2   0  16 0.02    M    M  3.6 10 210   M    M   3 3      13 210
15  90  69  80   1   0  15 0.00    M    M  4.0  9 100   M    M   0        12 130
16  92  70  81   2   0  16 0.00    M    M  4.6 10 220   M    M   1        13 230
17  93  70  82   3   0  17 0.00    M    M  2.7  8  70   M    M   0        10 330
18  93  73  83   4   0  18 0.00    M    M  5.2 13 280   M    M   0        16 260
19  94  72  83   4   0  18 0.00    M    M  5.5 13 220   M    M   1        17 290
20   M  76   M   M   M   M 0.00    M    M  9.5 13 240   M    M   0        21 230
21  98   M   M   M   M   M 0.00    M    M 10.6 17 230   M    M   0        22 220
22  98  71  85   6   0  20 0.72    M    M 13.4 33 300   M    M   1 13     47 300
23  91  71  81   2   0  16 0.24    M    M  5.9 21  20   M    M   1 13     28  20
24  88  71  80   1   0  15 0.00    M    M  5.4 10  20   M    M   1        14  40
25  93  68  81   2   0  16 0.00    M    M  5.1 12 130   M    M   0        15 130
================================================================================
SM 2184 1692         0 362  2.08    M    170.9          M       26
================================================================================
AV 91.0 70.5                               6.8 FASTST   M    M   1    MAX(MPH)
                                 MISC ---->  # 33 300               # 47  300
================================================================================
NOTES:
# LAST OF SEVERAL OCCURRENCES

COLUMN 17 PEAK WIND IN M.P.H.

PRELIMINARY LOCAL CLIMATOLOGICAL DATA (WS FORM: F-6) , PAGE 2

                                          STATION:  SEDALIA MO
                                          MONTH:    JULY
                                          YEAR:     2017
                                          LATITUDE:   38 42 N
                                          LONGITUDE:  93  6 W

[TEMPERATURE DATA]      [PRECIPITATION DATA]       SYMBOLS USED IN COLUMN 16

AVERAGE MONTHLY: 80.8   TOTAL FOR MONTH:   2.08    1 = FOG OR MIST
DPTR FM NORMAL:   1.9   DPTR FM NORMAL:   -1.53    2 = FOG REDUCING VISIBILITY
HIGHEST:    98 ON 22,21 GRTST 24HR  1.89 ON 30- 1      TO 1/4 MILE OR LESS
LOWEST:     64 ON  2                               3 = THUNDER
                        SNOW, ICE PELLETS, HAIL    4 = ICE PELLETS
                        TOTAL MONTH:    M          5 = HAIL
                        GRTST 24HR    M  ON   M    6 = FREEZING RAIN OR DRIZZLE
                        GRTST DEPTH:  M  ON   M    7 = DUSTSTORM OR SANDSTORM:
                                                       VSBY 1/2 MILE OR LESS
                                                   8 = SMOKE OR HAZE
[NO. OF DAYS WITH]      [WEATHER - DAYS WITH]      9 = BLOWING SNOW
                                                   X = TORNADO
MAX 32 OR BELOW:   0    0.01 INCH OR MORE:   6
MAX 90 OR ABOVE:  17    0.10 INCH OR MORE:   4
MIN 32 OR BELOW:   0    0.50 INCH OR MORE:   2
MIN  0 OR BELOW:   0    1.00 INCH OR MORE:   0

[HDD (BASE 65) ]
TOTAL THIS MO.     0    CLEAR  (SCALE 0-3)  22
DPTR FM NORMAL     0    PTCLDY (SCALE 4-7)   3
TOTAL FM JUL 1     0    CLOUDY (SCALE 8-10)  0
DPTR FM NORMAL     0

[CDD (BASE 65) ]
TOTAL THIS MO.   362
DPTR FM NORMAL    15    [PRESSURE DATA]
TOTAL FM JAN 1   838    HIGHEST SLP  0.00 ON M
DPTR FM NORMAL    48    LOWEST  SLP  0.00 ON M

[REMARKS]
