000
CXUS55 KCAE 281400
CF6DNL
PRELIMINARY LOCAL CLIMATOLOGICAL DATA (WS FORM: F-6)

                                          STATION:   AUGUSTA DANIEL FIELD GA
                                          MONTH:     AUGUST
                                          YEAR:      2015
                                          LATITUDE:   33 28 N
                                          LONGITUDE:  82  2 W

  TEMPERATURE IN F:       :PCPN:    SNOW:  WIND      :SUNSHINE: SKY     :PK WND
================================================================================
1   2   3   4   5  6A  6B    7    8   9   10  11  12  13   14  15   16   17  18
                                     12Z  AVG MX 2MIN
DY MAX MIN AVG DEP HDD CDD  WTR  SNW DPTH SPD SPD DIR MIN PSBL S-S WX    SPD DR
================================================================================

 1  95  75  85   3   0  20 0.00    M    M  4.7 16 130   M    M   3        21 130
 2  94  75  85   3   0  20    T    M    M  5.2 20  20   M    M   5 138    26  30
 3  94  75  85   3   0  20 0.07    M    M  4.0 18 100   M    M   4 8      26 100
 4 100  73  87   5   0  22 0.00    M    M  4.2 12 340   M    M   1        14 330
 5  99  77  88   6   0  23 0.00    M    M  5.3 20 200   M    M   0        24 200
 6  94  73  84   2   0  19 0.27    M    M  7.6 25 300   M    M   3 13     34 300
 7  90  74  82   0   0  17 0.08    M    M  6.9 16 300   M    M   4 1      22 300
 8  92  74  83   1   0  18 0.00    M    M  5.5 12  40   M    M   3        15  30
 9  93  74  84   2   0  19 0.00    M    M  4.0 20  50   M    M   3        24  60
10  88  72  80  -1   0  15 0.79    M    M  6.9 15 180   M    M   5 13     19 160
11  94  76  85   4   0  20 0.22    M    M  3.6 15 190   M    M   4 13     21 180
12  93  74  84   3   0  19 0.00    M    M  6.1 14  30   M    M   2 1      17  40
13  92  75  84   3   0  19 0.00    M    M  5.6 16  90   M    M   3        20  90
14  93  72  83   2   0  18 0.00    M    M  5.5 14  80   M    M   2        20  40
15  93  70  82   1   0  17 0.00    M    M  3.9 14 160   M    M   2        18 140
16  93  72  83   2   0  18 0.00    M    M  4.1 13 190   M    M   2        17 120
17  91  75  83   2   0  18 0.09    M    M  2.6 15 140   M    M   2        24 140
18  90  74  82   1   0  17 0.74    M    M  4.0 20 220   M    M   6 13     27 220
19  90  73  82   1   0  17 0.62    M    M  4.0 20 190   M    M   5 13     25 190
20  92  75  84   4   0  19 0.09    M    M  4.3 16 320   M    M   3 3      26 290
21  92  76  84   4   0  19    T    M    M  4.6 12 360   M    M   1        17  20
22  89  76  83   3   0  18 0.01    M    M  3.7 17 360   M    M   2 3      22 350
23  85  72  79  -1   0  14 0.76    M    M  2.3 21 250   M    M   6 138    32 260
24  92   M   M   M   M   M 0.00    M    M  2.9  6 290   M    M   1         M  M
25  93  74  84   4   0  19 0.00    M    M  3.5 13 210   M    M   0        19 250
26  90  69  80   0   0  15 0.00    M    M  5.7 10 340   M    M   3        17 360
27  89  72  81   1   0  16 0.00    M    M  8.5 15  90   M    M   3        23  30
================================================================================
SM 2490 1917         0 476  3.74    M    129.2          M       78
================================================================================
AV 92.2 73.7                               4.8 FASTST   M    M   3    MAX(MPH)
                                 MISC ---->  # 25 300               # 34  300
================================================================================
NOTES:
# LAST OF SEVERAL OCCURRENCES

COLUMN 17 PEAK WIND IN M.P.H.

PRELIMINARY LOCAL CLIMATOLOGICAL DATA (WS FORM: F-6) , PAGE 2

                                          STATION:  AUGUSTA DANIEL FIELD GA
                                          MONTH:    AUGUST
                                          YEAR:     2015
                                          LATITUDE:   33 28 N
                                          LONGITUDE:  82  2 W

[TEMPERATURE DATA]      [PRECIPITATION DATA]       SYMBOLS USED IN COLUMN 16

AVERAGE MONTHLY: 83.0   TOTAL FOR MONTH:   3.74    1 = FOG OR MIST
DPTR FM NORMAL:   1.9   DPTR FM NORMAL:   -0.66    2 = FOG REDUCING VISIBILITY
HIGHEST:   100 ON  4    GRTST 24HR  0.92 ON 18-19      TO 1/4 MILE OR LESS
LOWEST:     69 ON 26                               3 = THUNDER
                        SNOW, ICE PELLETS, HAIL    4 = ICE PELLETS
                        TOTAL MONTH:    M          5 = HAIL
                        GRTST 24HR    M  ON   M    6 = FREEZING RAIN OR DRIZZLE
                        GRTST DEPTH:  M  ON   M    7 = DUSTSTORM OR SANDSTORM:
                                                       VSBY 1/2 MILE OR LESS
                                                   8 = SMOKE OR HAZE
[NO. OF DAYS WITH]      [WEATHER - DAYS WITH]      9 = BLOWING SNOW
                                                   X = TORNADO
MAX 32 OR BELOW:   0    0.01 INCH OR MORE:  11
MAX 90 OR ABOVE:  23    0.10 INCH OR MORE:   6
MIN 32 OR BELOW:   0    0.50 INCH OR MORE:   4
MIN  0 OR BELOW:   0    1.00 INCH OR MORE:   0

[HDD (BASE 65) ]
TOTAL THIS MO.     0    CLEAR  (SCALE 0-3)  17
DPTR FM NORMAL     0    PTCLDY (SCALE 4-7)  10
TOTAL FM JUL 1     0    CLOUDY (SCALE 8-10)  0
DPTR FM NORMAL     0

[CDD (BASE 65) ]
TOTAL THIS MO.   476
DPTR FM NORMAL    42    [PRESSURE DATA]
TOTAL FM JAN 1  2219    HIGHEST SLP M ON M
DPTR FM NORMAL   464    LOWEST  SLP 29.75 ON  7

[REMARKS]
