000
CXUS55 KVEF 190940
CF6DRA
PRELIMINARY LOCAL CLIMATOLOGICAL DATA (WS FORM: F-6)

                                          STATION:   DESERT ROCK-MERCURY NV
                                          MONTH:     AUGUST
                                          YEAR:      2017
                                          LATITUDE:   36 37 N
                                          LONGITUDE: 116  1 W

  TEMPERATURE IN F:       :PCPN:    SNOW:  WIND      :SUNSHINE: SKY     :PK WND
================================================================================
1   2   3   4   5  6A  6B    7    8   9   10  11  12  13   14  15   16   17  18
                                     12Z  AVG MX 2MIN
DY MAX MIN AVG DEP HDD CDD  WTR  SNW DPTH SPD SPD DIR MIN PSBL S-S WX    SPD DR
================================================================================

 1 107  77  92   7   0  27 0.00  0.0    0  7.0 25  50   M    M   0        37  40
 2 104  78  91   6   0  26 0.06  0.0    0  9.3 26  60   M    M   1        32  60
 3  95  71  83  -2   0  18 0.08  0.0    0 10.6 37  30   M    M   2        44  40
 4  91  71  81  -4   0  16 0.23  0.0    0  7.5 23 100   M    M   2 1      30 110
 5  95  71  83  -2   0  18 0.00  0.0    0  8.9 23  20   M    M   0        28  20
 6  98  74  86   1   0  21 0.00  0.0    0 10.8 26  30   M    M   2        33  30
 7  99  74  87   2   0  22 0.00  0.0    0  9.3 23 210   M    M   1        28 200
 8 100  72  86   1   0  21 0.00  0.0    0  8.6 21 220   M    M   0        27 220
 9 101  68  85   1   0  20 0.00  0.0    0  6.7 25 230   M    M   0        39 200
10 102  66  84   0   0  19 0.00  0.0    0  8.0 25 220   M    M   0        35 240
11 100  75  88   4   0  23 0.00  0.0    0  9.3 20 220   M    M   1        28 250
12 102  76  89   5   0  24 0.00  0.0    0  9.1 28 230   M    M   0        34 230
13  98  69  84   0   0  19 0.00  0.0    0 12.1 25 220   M    M   0        40 220
14  95  66  81  -3   0  16 0.00  0.0    0 14.2 28 220   M    M   0        36 220
15  84  72  78  -6   0  13 0.00  0.0    0 10.6 22 240   M    M   0        29 220
16  97  66  82  -1   0  17 0.00  0.0    M  4.5 16 110   M    M   0        22  80
17 101  64  83   0   0  18 0.00  0.0    0  4.1 15 130   M    M   0        20 110
18 101  69  85   2   0  20 0.00  0.0    0  5.4 17 120   M    M   0        27  90
================================================================================
SM 1770 1279         0 358  0.37     0.0 156.0          M        9
================================================================================
AV 98.3 71.1                               8.7 FASTST   M    M   1    MAX(MPH)
                                 MISC ---->  # 37  30               # 44   40
================================================================================
NOTES:
# LAST OF SEVERAL OCCURRENCES

COLUMN 17 PEAK WIND IN M.P.H.

PRELIMINARY LOCAL CLIMATOLOGICAL DATA (WS FORM: F-6) , PAGE 2

                                          STATION:  DESERT ROCK-MERCURY NV
                                          MONTH:    AUGUST
                                          YEAR:     2017
                                          LATITUDE:   36 37 N
                                          LONGITUDE: 116  1 W

[TEMPERATURE DATA]      [PRECIPITATION DATA]       SYMBOLS USED IN COLUMN 16

AVERAGE MONTHLY: 84.7   TOTAL FOR MONTH:   0.37    1 = FOG OR MIST
DPTR FM NORMAL:   0.4   DPTR FM NORMAL:   -0.05    2 = FOG REDUCING VISIBILITY
HIGHEST:   107 ON  1    GRTST 24HR  0.23 ON  4- 4      TO 1/4 MILE OR LESS
LOWEST:     64 ON 17                               3 = THUNDER
                        SNOW, ICE PELLETS, HAIL    4 = ICE PELLETS
                        TOTAL MONTH:   0.0 INCH    5 = HAIL
                        GRTST 24HR     0.0         6 = FREEZING RAIN OR DRIZZLE
                        GRTST DEPTH:   0           7 = DUSTSTORM OR SANDSTORM:
                                                       VSBY 1/2 MILE OR LESS
                                                   8 = SMOKE OR HAZE
[NO. OF DAYS WITH]      [WEATHER - DAYS WITH]      9 = BLOWING SNOW
                                                   X = TORNADO
MAX 32 OR BELOW:   0    0.01 INCH OR MORE:   3
MAX 90 OR ABOVE:  17    0.10 INCH OR MORE:   1
MIN 32 OR BELOW:   0    0.50 INCH OR MORE:   0
MIN  0 OR BELOW:   0    1.00 INCH OR MORE:   0

[HDD (BASE 65) ]
TOTAL THIS MO.     0    CLEAR  (SCALE 0-3)  18
DPTR FM NORMAL     0    PTCLDY (SCALE 4-7)   0
TOTAL FM JUL 1     0    CLOUDY (SCALE 8-10)  0
DPTR FM NORMAL     0

[CDD (BASE 65) ]
TOTAL THIS MO.   358
DPTR FM NORMAL    11    [PRESSURE DATA]
TOTAL FM JAN 1  1888    HIGHEST SLP M ON M
DPTR FM NORMAL   289    LOWEST  SLP 29.55 ON 14

[REMARKS]
