000
CXUS55 KGJT 221000
CF6DRO
PRELIMINARY LOCAL CLIMATOLOGICAL DATA (WS FORM: F-6)

                                          STATION:   DURANGO AIRPORT CO
                                          MONTH:     JANUARY
                                          YEAR:      2017
                                          LATITUDE:   37  9 N
                                          LONGITUDE: 107 45 W

  TEMPERATURE IN F:       :PCPN:    SNOW:  WIND      :SUNSHINE: SKY     :PK WND
================================================================================
1   2   3   4   5  6A  6B    7    8   9   10  11  12  13   14  15   16   17  18
                                     12Z  AVG MX 2MIN
DY MAX MIN AVG DEP HDD CDD  WTR  SNW DPTH SPD SPD DIR MIN PSBL S-S WX    SPD DR
================================================================================

 1  34  28  31   7  34   0 0.05    M    M  1.6  6  70   M    M  10 12      8 360
 2  35  29  32   8  33   0 0.05    M    M  3.5  9 200   M    M  10 1      13 200
 3  34  17  26   3  39   0 0.00    M    M  2.7 10  10   M    M   4 1      13 230
 4  37  19  28   5  37   0 0.01    M    M  3.4 15 260   M    M  10 1      18 260
 5  39  31  35  12  30   0 0.36    M    M 14.7 28 260   M    M  10 13     38 260
 6  32  15  24   1  41   0 0.00    M    M  8.1 24 250   M    M   4        29 250
 7  29   5  17  -6  48   0 0.00    M    M  2.3  9  10   M    M   5         9 360
 8  32  21  27   4  38   0 0.05    M    M  2.6  8  40   M    M  10 18      9  30
 9  38  24  31   8  34   0 0.28    M    M  7.4 29 250   M    M   9 1      38 260
10  41  32  37  14  28   0    T    M    M  5.9 23 250   M    M   5 1      28 250
11  44  31  38  15  27   0 0.00    M    M  8.1 30 270   M    M   7        40 270
12  41  26  34  11  31   0    T    M    M  5.5 20 280   M    M   6        30 270
13  44  28  36  13  29   0    T    M    M  4.5 21  10   M    M   7        24  10
14  50  34  42  19  23   0 0.07    M    M  3.7 13  10   M    M   7        14  10
15  43  33  38  15  27   0 0.08    M    M  6.6 15  60   M    M   8 1      18  70
16  36  31  34  11  31   0 0.09    M    M  3.5 10 230   M    M  10 1      14 240
17  42  30  36  13  29   0    T    M    M  3.0 12 220   M    M   9 12     14 210
18  40  26  33   9  32   0 0.00    M    M  4.0 14 200   M    M   7 12     17 200
19  37  22  30   6  35   0 0.13    M    M  3.6 10 230   M    M   7 12     13 220
20  32  24  28   4  37   0 0.22    M    M  7.0 21 220   M    M   8 1      26 220
21  31  23  27   3  38   0 0.66    M    M 12.2 26 250   M    M   7 12     35 250
================================================================================
SM  791  529       701   0  2.05    M    113.9          M      160
================================================================================
AV 37.7 25.2                               5.4 FASTST   M    M   8    MAX(MPH)
                                 MISC ---->  # 30 270               # 40  270
================================================================================
NOTES:
# LAST OF SEVERAL OCCURRENCES

COLUMN 17 PEAK WIND IN M.P.H.

PRELIMINARY LOCAL CLIMATOLOGICAL DATA (WS FORM: F-6) , PAGE 2

                                          STATION:  DURANGO AIRPORT CO
                                          MONTH:    JANUARY
                                          YEAR:     2017
                                          LATITUDE:   37  9 N
                                          LONGITUDE: 107 45 W

[TEMPERATURE DATA]      [PRECIPITATION DATA]       SYMBOLS USED IN COLUMN 16

AVERAGE MONTHLY: 31.4   TOTAL FOR MONTH:   2.05    1 = FOG OR MIST
DPTR FM NORMAL:   8.1   DPTR FM NORMAL:    1.27    2 = FOG REDUCING VISIBILITY
HIGHEST:    50 ON 14    GRTST 24HR  0.75 ON 20-21      TO 1/4 MILE OR LESS
LOWEST:      5 ON  7                               3 = THUNDER
                        SNOW, ICE PELLETS, HAIL    4 = ICE PELLETS
                        TOTAL MONTH:    M          5 = HAIL
                        GRTST 24HR    M  ON   M    6 = FREEZING RAIN OR DRIZZLE
                        GRTST DEPTH:  M  ON   M    7 = DUSTSTORM OR SANDSTORM:
                                                       VSBY 1/2 MILE OR LESS
                                                   8 = SMOKE OR HAZE
[NO. OF DAYS WITH]      [WEATHER - DAYS WITH]      9 = BLOWING SNOW
                                                   X = TORNADO
MAX 32 OR BELOW:   5    0.01 INCH OR MORE:  12
MAX 90 OR ABOVE:   0    0.10 INCH OR MORE:   5
MIN 32 OR BELOW:  19    0.50 INCH OR MORE:   1
MIN  0 OR BELOW:   0    1.00 INCH OR MORE:   0

[HDD (BASE 65) ]
TOTAL THIS MO.   701    CLEAR  (SCALE 0-3)   0
DPTR FM NORMAL  -177    PTCLDY (SCALE 4-7)  12
TOTAL FM JUL 1  3293    CLOUDY (SCALE 8-10)  9
DPTR FM NORMAL  -459

[CDD (BASE 65) ]
TOTAL THIS MO.     0
DPTR FM NORMAL     0    [PRESSURE DATA]
TOTAL FM JAN 1     0    HIGHEST SLP M ON M
DPTR FM NORMAL     0    LOWEST  SLP 29.30 ON 21

[REMARKS]
