000
CXUS53 KDMX 010920
CF6DSM
PRELIMINARY LOCAL CLIMATOLOGICAL DATA (WS FORM: F-6)

                                          STATION:   DES MOINES IA
                                          MONTH:     OCTOBER
                                          YEAR:      2014
                                          LATITUDE:   41 31 N
                                          LONGITUDE:  93 39 W

  TEMPERATURE IN F:       :PCPN:    SNOW:  WIND      :SUNSHINE: SKY     :PK WND
================================================================================
1   2   3   4   5  6A  6B    7    8   9   10  11  12  13   14  15   16   17  18
                                     12Z  AVG MX 2MIN
DY MAX MIN AVG DEP HDD CDD  WTR  SNW DPTH SPD SPD DIR MIN PSBL S-S WX    SPD DR
================================================================================

 1  72  59  66   7   0   1 1.31  0.0    0  7.5 20 120   M    M   9 1238   25 120
 2  68  54  61   3   4   0 0.07  0.0    0  8.0 25 320   M    M  10 123    30 320
 3  54  39  47 -11  18   0    T  0.0    0 19.6 32 300   M    M   7        41 340
 4  55  36  46 -12  19   0 0.00  0.0    0 12.4 28 310   M    M   3        33 300
 5  67  43  55  -2  10   0 0.00  0.0    0  7.9 24 300   M    M   7        30 300
 6  67  47  57   0   8   0 0.01  0.0    0 11.8 28 300   M    M   6        34 310
 7  70  51  61   5   4   0    T  0.0    0 12.4 31 310   M    M   4        40 300
 8  72  45  59   3   6   0 0.12  0.0    0  4.7 13 270   M    M   4 1      17 270
 9  66  51  59   3   6   0 0.32  0.0    0  8.0 15  40   M    M   9 1      20  30
10  57  41  49  -6  16   0 0.00  0.0    0  6.8 15  40   M    M   7        20  40
11  62  37  50  -5  15   0 0.00  0.0    0  4.6 10 150   M    M   1        14 140
12  56  43  50  -4  15   0 0.02  0.0    0  7.9 14 150   M    M   8 18     16 130
13  56  54  55   1  10   0 1.39  0.0    0 12.2 25 340   M    M   9 1      36 350
14  63  52  58   4   7   0 0.32  0.0    0 17.9 31  10   M    M   9 1      41  10
15  69  42  56   3   9   0 0.00  0.0    0  8.1 20 350   M    M   0        25 350
16  76  40  58   5   7   0 0.00  0.0    0  8.3 18 220   M    M   3 8      23 220
17  62  50  56   3   9   0 0.00  0.0    0 16.3 30 320   M    M   6        38 330
18  59  41  50  -2  15   0 0.00  0.0    0  6.4 15 340   M    M   3        20 330
19  67  40  54   2  11   0 0.00  0.0    0  9.9 21 220   M    M   2 1      27 220
20  72  47  60   8   5   0 0.00  0.0    0  6.7 17 320   M    M   0 8      22 310
21  67  43  55   4  10   0 0.00  0.0    0  6.8 14 120   M    M   0 8      19 110
22  67  44  56   5   9   0    T    M    0 12.1 21 160   M    M   5 8      26 160
23  73  53  63  13   2   0 0.22  0.0    0  6.9 13 160   M    M   7 12     15 170
24  68  51  60  10   5   0 0.00  0.0    0  8.0 17 180   M    M   9 128    21 200
25  73  49  61  11   4   0 0.00  0.0    0  5.4 12  10   M    M   1 1      16 360
26  73  50  62  13   3   0 0.00  0.0    0 12.2 23 140   M    M   5        30 130
27  74  52  63  14   2   0 0.00  0.0    0 11.5 31 320   M    M   6        36 320
28  58  42  50   2  15   0 0.00  0.0    0 14.9 29 300   M    M   2        35 300
29  55  41  48   0  17   0 0.00  0.0    0  7.4 17 340   M    M   4        22 350
30  63  41  52   4  13   0    T  0.0    0 10.3 28 350   M    M   6        37 350
31  44  30  37 -10  28   0    T  0.0    0 11.8 29  10   M    M   2        38  10
================================================================================
SM 2005 1408       302   1  3.78     0.0 304.7          M      154
================================================================================
AV 64.7 45.4                               9.8 FASTST   M    M   5    MAX(MPH)
                                 MISC ---->  # 32 300               # 41  340
================================================================================
NOTES:
# LAST OF SEVERAL OCCURRENCES

COLUMN 17 PEAK WIND IN M.P.H.

PRELIMINARY LOCAL CLIMATOLOGICAL DATA (WS FORM: F-6) , PAGE 2

                                          STATION:  DES MOINES IA
                                          MONTH:    OCTOBER
                                          YEAR:     2014
                                          LATITUDE:   41 31 N
                                          LONGITUDE:  93 39 W

[TEMPERATURE DATA]      [PRECIPITATION DATA]       SYMBOLS USED IN COLUMN 16

AVERAGE MONTHLY: 55.0   TOTAL FOR MONTH:   3.78    1 = FOG OR MIST
DPTR FM NORMAL:   1.9   DPTR FM NORMAL:    1.14    2 = FOG REDUCING VISIBILITY
HIGHEST:    76 ON 16    GRTST 24HR  1.69 ON 13-14      TO 1/4 MILE OR LESS
LOWEST:     30 ON 31                               3 = THUNDER
                        SNOW, ICE PELLETS, HAIL    4 = ICE PELLETS
                        TOTAL MONTH:   0.0 INCH    5 = HAIL
                        GRTST 24HR     0.0         6 = FREEZING RAIN OR DRIZZLE
                        GRTST DEPTH:   0           7 = DUSTSTORM OR SANDSTORM:
                                                       VSBY 1/2 MILE OR LESS
                                                   8 = SMOKE OR HAZE
[NO. OF DAYS WITH]      [WEATHER - DAYS WITH]      9 = BLOWING SNOW
                                                   X = TORNADO
MAX 32 OR BELOW:   0    0.01 INCH OR MORE:   9
MAX 90 OR ABOVE:   0    0.10 INCH OR MORE:   6
MIN 32 OR BELOW:   1    0.50 INCH OR MORE:   2
MIN  0 OR BELOW:   0    1.00 INCH OR MORE:   2

[HDD (BASE 65) ]
TOTAL THIS MO.   302    CLEAR  (SCALE 0-3)   9
DPTR FM NORMAL   -82    PTCLDY (SCALE 4-7)  16
TOTAL FM JUL 1   382    CLOUDY (SCALE 8-10)  6
DPTR FM NORMAL  -102

[CDD (BASE 65) ]
TOTAL THIS MO.     1
DPTR FM NORMAL   -13    [PRESSURE DATA]
TOTAL FM JAN 1  1075    HIGHEST SLP M ON M
DPTR FM NORMAL     9    LOWEST  SLP 29.50 ON 27

[REMARKS]
#FINAL-10-14#
