000
CXUS54 KFWD 220730
CF6DTO
PRELIMINARY LOCAL CLIMATOLOGICAL DATA (WS FORM: F-6)

                                          STATION:   DENTON
                                          MONTH:     JULY
                                          YEAR:      2014
                                          LATITUDE:   33 12 N
                                          LONGITUDE:  97 12 W

  TEMPERATURE IN F:       :PCPN:    SNOW:  WIND      :SUNSHINE: SKY     :PK WND
================================================================================
1   2   3   4   5  6A  6B    7    8   9   10  11  12  13   14  15   16   17  18
                                     12Z  AVG MX 2MIN
DY MAX MIN AVG DEP HDD CDD  WTR  SNW DPTH SPD SPD DIR MIN PSBL S-S WX    SPD DR
================================================================================

 1  94  74  84   1   0  19 0.00  0.0    0 11.5 25 170   M    M   0        29 170
 2  90  73  82  -1   0  17 0.00  0.0    0  5.5 21  30   M    M   1        25  30
 3  83  67  75  -8   0  10 1.28  0.0    0  6.8 26  40   M    M   4 13     37  30
 4  91  70  81  -2   0  16 0.00  0.0    0  5.9 20 140   M    M   0        24 130
 5  92  73  83   0   0  18 0.00  0.0    0  8.6 15 160   M    M   2        18 160
 6  94  71  83   0   0  18 0.00  0.0    0  9.1 17 190   M    M   1        28 220
 7  97  74  86   3   0  21 0.00  0.0    0  8.9 18 180   M    M   1        25 180
 8  96  74  85   2   0  20 0.00  0.0    0  7.7 15 170   M    M   0        23 150
 9  95  73  84   0   0  19 0.00  0.0    0  5.7 13 180   M    M   1        18 150
10  96  75  86   2   0  21 0.00  0.0    0  9.8 20 170   M    M   0        31 170
11  94  72  83  -1   0  18 0.00  0.0    0 11.1 22 180   M    M   0        28 170
12  96  69  83  -1   0  18 0.00  0.0    0  8.1 21 180   M    M   0        24 160
13  98  69  84   0   0  19 0.00  0.0    0  5.7 14 200   M    M   0        18 190
14 100  75  88   4   0  23 0.00  0.0    0  6.1 18 300   M    M   2        26 290
15  90  72  81  -3   0  16 0.00  0.0    0 10.8 21  60   M    M   2        26  40
16  90  67  79  -5   0  14 0.00  0.0    0  8.3 16 130   M    M   4 3      28 160
17  80  65  73 -11   0   8 4.74  0.0    0 10.5 21  80   M    M  10 13     31 130
18  75  63  69 -15   0   4 0.00  0.0    0  7.2 13  30   M    M  10 1      18  30
19  78  65  72 -12   0   7 0.00  0.0    0  3.8 12 130   M    M   8        22 150
20  90  64  77  -7   0  12 0.00  0.0    0  6.3 13 190   M    M   0 1      26 150
21  94  73  84  -1   0  19 0.00  0.0    0  6.9 13 110   M    M   3 18     21 190
================================================================================
SM 1913 1478         0 337  6.02     0.0 164.3          M       49
================================================================================
AV 91.1 70.4                               7.8 FASTST   M    M   2    MAX(MPH)
                                 MISC ---->  # 26  40               # 37   30
================================================================================
NOTES:
# LAST OF SEVERAL OCCURRENCES

COLUMN 17 PEAK WIND IN M.P.H.

PRELIMINARY LOCAL CLIMATOLOGICAL DATA (WS FORM: F-6) , PAGE 2

                                          STATION:  DENTON
                                          MONTH:    JULY
                                          YEAR:     2014
                                          LATITUDE:   33 12 N
                                          LONGITUDE:  97 12 W

[TEMPERATURE DATA]      [PRECIPITATION DATA]       SYMBOLS USED IN COLUMN 16

AVERAGE MONTHLY: 80.7   TOTAL FOR MONTH:   6.02    1 = FOG OR MIST
DPTR FM NORMAL:  -2.9   DPTR FM NORMAL:    4.02    2 = FOG REDUCING VISIBILITY
HIGHEST:   100 ON 14    GRTST 24HR  4.74 ON 16-17      TO 1/4 MILE OR LESS
LOWEST:     63 ON 18                               3 = THUNDER
                        SNOW, ICE PELLETS, HAIL    4 = ICE PELLETS
                        TOTAL MONTH:   0.0 INCH    5 = HAIL
                        GRTST 24HR     0.0         6 = FREEZING RAIN OR DRIZZLE
                        GRTST DEPTH:   0           7 = DUSTSTORM OR SANDSTORM:
                                                       VSBY 1/2 MILE OR LESS
                                                   8 = SMOKE OR HAZE
[NO. OF DAYS WITH]      [WEATHER - DAYS WITH]      9 = BLOWING SNOW
                                                   X = TORNADO
MAX 32 OR BELOW:   0    0.01 INCH OR MORE:   2
MAX 90 OR ABOVE:  17    0.10 INCH OR MORE:   2
MIN 32 OR BELOW:   0    0.50 INCH OR MORE:   2
MIN  0 OR BELOW:   0    1.00 INCH OR MORE:   2

[HDD (BASE 65) ]
TOTAL THIS MO.     0    CLEAR  (SCALE 0-3)  16
DPTR FM NORMAL     0    PTCLDY (SCALE 4-7)   3
TOTAL FM JUL 1     0    CLOUDY (SCALE 8-10)  2
DPTR FM NORMAL     0

[CDD (BASE 65) ]
TOTAL THIS MO.   337
DPTR FM NORMAL   -56    [PRESSURE DATA]
TOTAL FM JAN 1  1181    HIGHEST SLP M ON M
DPTR FM NORMAL     3    LOWEST  SLP 29.80 ON  1

[REMARKS]
