000
CXUS54 KMAF 261100
CF6E38
PRELIMINARY LOCAL CLIMATOLOGICAL DATA (WS FORM: F-6)

                                          STATION:   Alpine-Casparis Municipal
                                          MONTH:     DECEMBER
                                          YEAR:      2014
                                          LATITUDE:   30 23 N
                                          LONGITUDE: 103 41 W

  TEMPERATURE IN F:       :PCPN:    SNOW:  WIND      :SUNSHINE: SKY     :PK WND
================================================================================
1   2   3   4   5  6A  6B    7    8   9   10  11  12  13   14  15   16   17  18
                                     12Z  AVG MX 2MIN
DY MAX MIN AVG DEP HDD CDD  WTR  SNW DPTH SPD SPD DIR MIN PSBL S-S WX    SPD DR
================================================================================

 1  50  25  38   M  27   0 0.00  0.0    0  7.0 15  70   M    M   1        18  70
 2  69  24  47   M  18   0 0.00  0.0    0  6.4 15 240   M    M   0        18 230
 3  78  45  62   M   3   0 0.00  0.0    0  8.7 14 240   M    M   0        16 250
 4  76  47  62   M   3   0 0.00  0.0    0  8.5 14 200   M    M   2        20 200
 5  72  40  56   M   9   0 0.00  0.0    0  7.0 14 260   M    M   0        24 270
 6  63  37  50   M  15   0 0.00  0.0    0  3.6 12  50   M    M   0         M  M
 7  64  37  51   M  14   0 0.00  0.0    0  2.8 12  60   M    M   2        16  60
 8  63  35  49   M  16   0 0.00  0.0    0  3.4  8  60   M    M   1         M  M
 9  61  35  48   M  17   0 0.00  0.0    0  4.7 12 220   M    M   1         M  M
10  64  48  56   M   9   0 0.03    M    0  6.4 12 230   M    M   6 3      17 230
11  70  44  57   M   8   0 0.00  0.0    0  5.1 10  80   M    M   1         M  M
12  74  42  58   M   7   0 0.00  0.0    0  6.7 16 230   M    M   1        21 230
13  74  46  60   M   5   0 0.00  0.0    0  9.4 16 180   M    M   0        24 200
14  64  39  52   M  13   0 0.00  0.0    0 11.7 20 240   M    M   0        28 280
15  67  35  51   M  14   0 0.00  0.0    0 10.0 17 220   M    M   0        18 240
16  61  32  47   M  18   0 0.00  0.0    0  5.8 13  70   M    M   0         M  M
17  67  38  53   M  12   0 0.00  0.0    0  8.6 21 280   M    M   0        28 280
18  62  31  47   M  18   0 0.00  0.0    0  5.9 12 180   M    M   0         M  M
19  59  31  45   M  20   0 0.00  0.0    0  6.3 13 270   M    M   0        18 270
20  62  31  47   M  18   0 0.00  0.0    0  8.6 15 230   M    M   0        27 240
21  65  39  52   M  13   0 0.00  0.0    0 12.1 22 260   M    M   0        28 260
22  69  47  58   M   7   0 0.00  0.0    0 13.6 24 260   M    M   0        32 250
23  58  28  43   M  22   0 0.06    M    0 10.0 22  20   M    M   6        30  20
24  49  20  35   M  30   0 0.00  0.0    0  8.7 20 220   M    M   0        24 230
25  64  38  51   M  14   0 0.00  0.0    0 14.3 22 210   M    M   0        28 220
================================================================================
SM 1625  914       350   0  0.09     0.0 195.3          M       21
================================================================================
AV 65.0 36.6                               7.8 FASTST   M    M   1    MAX(MPH)
                                 MISC ---->    24   M                 32    M
================================================================================
NOTES:
# LAST OF SEVERAL OCCURRENCES

COLUMN 17 PEAK WIND IN M.P.H.

PRELIMINARY LOCAL CLIMATOLOGICAL DATA (WS FORM: F-6) , PAGE 2

                                          STATION:  Alpine-Casparis Municipal
                                          MONTH:    DECEMBER
                                          YEAR:     2014
                                          LATITUDE:   30 23 N
                                          LONGITUDE: 103 41 W

[TEMPERATURE DATA]      [PRECIPITATION DATA]       SYMBOLS USED IN COLUMN 16

AVERAGE MONTHLY: 50.8   TOTAL FOR MONTH:   0.09    1 = FOG OR MIST
DPTR FM NORMAL:     M   DPTR FM NORMAL:       M    2 = FOG REDUCING VISIBILITY
HIGHEST:    78 ON  3    GRTST 24HR  0.06 ON 23-23      TO 1/4 MILE OR LESS
LOWEST:     20 ON 24                               3 = THUNDER
                        SNOW, ICE PELLETS, HAIL    4 = ICE PELLETS
                        TOTAL MONTH:   0.0 INCH    5 = HAIL
                        GRTST 24HR     0.0         6 = FREEZING RAIN OR DRIZZLE
                        GRTST DEPTH:   0           7 = DUSTSTORM OR SANDSTORM:
                                                       VSBY 1/2 MILE OR LESS
                                                   8 = SMOKE OR HAZE
[NO. OF DAYS WITH]      [WEATHER - DAYS WITH]      9 = BLOWING SNOW
                                                   X = TORNADO
MAX 32 OR BELOW:   0    0.01 INCH OR MORE:   2
MAX 90 OR ABOVE:   0    0.10 INCH OR MORE:   0
MIN 32 OR BELOW:   8    0.50 INCH OR MORE:   0
MIN  0 OR BELOW:   0    1.00 INCH OR MORE:   0

[HDD (BASE 65) ]
TOTAL THIS MO.   350    CLEAR  (SCALE 0-3)  23
DPTR FM NORMAL     M    PTCLDY (SCALE 4-7)   2
TOTAL FM JUL 1   854    CLOUDY (SCALE 8-10)  0
DPTR FM NORMAL     M

[CDD (BASE 65) ]
TOTAL THIS MO.     0
DPTR FM NORMAL     M    [PRESSURE DATA]
TOTAL FM JAN 1  1894    HIGHEST SLP M ON M
DPTR FM NORMAL     M    LOWEST  SLP M ON M

[REMARKS]
