000
CXUS54 KMAF 271100
CF6E38
PRELIMINARY LOCAL CLIMATOLOGICAL DATA (WS FORM: F-6)

                                          STATION:   Alpine-Casparis Municipal
                                          MONTH:     FEBRUARY
                                          YEAR:      2017
                                          LATITUDE:   30 23 N
                                          LONGITUDE: 103 41 W

  TEMPERATURE IN F:       :PCPN:    SNOW:  WIND      :SUNSHINE: SKY     :PK WND
================================================================================
1   2   3   4   5  6A  6B    7    8   9   10  11  12  13   14  15   16   17  18
                                     12Z  AVG MX 2MIN
DY MAX MIN AVG DEP HDD CDD  WTR  SNW DPTH SPD SPD DIR MIN PSBL S-S WX    SPD DR
================================================================================

 1  74  42  58   M   7   0 0.00  0.0    0 11.6 21 240   M    M   0        27 240
 2  58  29  44   M  21   0 0.00  0.0    0  5.4  9 250   M    M   0         M  M
 3  64  34  49   M  16   0 0.00  0.0    0  6.2 12  60   M    M   0        17  60
 4  73  32  53   M  12   0 0.00  0.0    0  8.9 17 230   M    M   0        22 230
 5  77  46  62   M   3   0 0.00  0.0    0  6.4 12 220   M    M   0        16 230
 6  77  44  61   M   4   0 0.00  0.0    0  8.1 18 280   M    M   0        27 280
 7  73  44  59   M   6   0 0.00  0.0    0 11.9 28 260   M    M   0        37 260
 8  81  46  64   M   1   0 0.00  0.0    0 10.5 17 250   M    M   0        22 250
 9  78  38  58   M   7   0 0.00  0.0    0  6.7 15 220   M    M   0        20 210
10  85  50  68   M   0   3 0.00  0.0    0 10.4 18 220   M    M   0        24 220
11  89  54  72   M   0   7 0.00  0.0    0  9.0 15 190   M    M   0        31 220
12  68  49  59   M   6   0 0.00  0.0    0 13.3 22  40   M    M   6        30  10
13  49  37  43   M  22   0 0.00  0.0    0 10.2 17  40   M    M  10        22  40
14  48  34  41   M  24   0 0.00  0.0    0  9.8 21 360   M    M   8        28 360
15  53  26  40   M  25   0 0.00  0.0    0  5.3 10  70   M    M   0        16  40
16  64  31  48   M  17   0 0.00  0.0    0  7.6 10 210   M    M   0         M  M
17  66  41  54   M  11   0 0.00  0.0    0 15.1 31 270   M    M   0        44 260
18  73  45  59   M   6   0 0.00  0.0    0  7.9 21 200   M    M   0        27 200
19  63  46  55   M  10   0 0.00  0.0    0  9.5 18 230   M    M   3        30 240
20  66  43  55   M  10   0 0.00  0.0    0 10.7 18 330   M    M   0        27 270
21  80  47  64   M   1   0 0.00  0.0    0 12.0 18 260   M    M   0        25 260
22  84  47  66   M   0   1 0.00  0.0    0  9.3 16 240   M    M   0        21 260
23  81  51  66   M   0   1 0.00  0.0    0 15.3 27 230   M    M   0        36 290
24  68  47  58   M   7   0 0.00  0.0    0 16.1 27 280   M    M   0        37 280
25  70  26  48   M  17   0 0.00  0.0    0  7.0 14 230   M    M   0        23 260
26  73  40  57   M   8   0 0.00  0.0    0  9.6 21 260   M    M   0        28 270
================================================================================
SM 1835 1069       241  12  0.00     0.0 253.8          M       27
================================================================================
AV 70.6 41.1                               9.8 FASTST   M    M   1    MAX(MPH)
                                 MISC ---->    31   M                 44    M
================================================================================
NOTES:
# LAST OF SEVERAL OCCURRENCES

COLUMN 17 PEAK WIND IN M.P.H.

PRELIMINARY LOCAL CLIMATOLOGICAL DATA (WS FORM: F-6) , PAGE 2

                                          STATION:  Alpine-Casparis Municipal
                                          MONTH:    FEBRUARY
                                          YEAR:     2017
                                          LATITUDE:   30 23 N
                                          LONGITUDE: 103 41 W

[TEMPERATURE DATA]      [PRECIPITATION DATA]       SYMBOLS USED IN COLUMN 16

AVERAGE MONTHLY: 55.8   TOTAL FOR MONTH:   0.00    1 = FOG OR MIST
DPTR FM NORMAL:     M   DPTR FM NORMAL:       M    2 = FOG REDUCING VISIBILITY
HIGHEST:    89 ON 11    GRTST 24HR  0.00 ON 26-26      TO 1/4 MILE OR LESS
LOWEST:     26 ON 25,15                            3 = THUNDER
                        SNOW, ICE PELLETS, HAIL    4 = ICE PELLETS
                        TOTAL MONTH:   0.0 INCH    5 = HAIL
                        GRTST 24HR     0.0         6 = FREEZING RAIN OR DRIZZLE
                        GRTST DEPTH:   0           7 = DUSTSTORM OR SANDSTORM:
                                                       VSBY 1/2 MILE OR LESS
                                                   8 = SMOKE OR HAZE
[NO. OF DAYS WITH]      [WEATHER - DAYS WITH]      9 = BLOWING SNOW
                                                   X = TORNADO
MAX 32 OR BELOW:   0    0.01 INCH OR MORE:   0
MAX 90 OR ABOVE:   0    0.10 INCH OR MORE:   0
MIN 32 OR BELOW:   5    0.50 INCH OR MORE:   0
MIN  0 OR BELOW:   0    1.00 INCH OR MORE:   0

[HDD (BASE 65) ]
TOTAL THIS MO.   241    CLEAR  (SCALE 0-3)  23
DPTR FM NORMAL     M    PTCLDY (SCALE 4-7)   1
TOTAL FM JUL 1  1531    CLOUDY (SCALE 8-10)  2
DPTR FM NORMAL     M

[CDD (BASE 65) ]
TOTAL THIS MO.    12
DPTR FM NORMAL     M    [PRESSURE DATA]
TOTAL FM JAN 1    13    HIGHEST SLP M ON M
DPTR FM NORMAL     M    LOWEST  SLP M ON M

[REMARKS]
