000
CXUS54 KMAF 261100
CF6E38
PRELIMINARY LOCAL CLIMATOLOGICAL DATA (WS FORM: F-6)

                                          STATION:   Alpine-Casparis Municipal
                                          MONTH:     MAY
                                          YEAR:      2016
                                          LATITUDE:   30 23 N
                                          LONGITUDE: 103 41 W

  TEMPERATURE IN F:       :PCPN:    SNOW:  WIND      :SUNSHINE: SKY     :PK WND
================================================================================
1   2   3   4   5  6A  6B    7    8   9   10  11  12  13   14  15   16   17  18
                                     12Z  AVG MX 2MIN
DY MAX MIN AVG DEP HDD CDD  WTR  SNW DPTH SPD SPD DIR MIN PSBL S-S WX    SPD DR
================================================================================

 1  66  48  57   M   8   0 0.00  0.0    0 13.8 25 360   M    M   6        31 360
 2  65  43  54   M  11   0 0.00  0.0    0  8.9 15  10   M    M   5        20  10
 3  82  38  60   M   5   0 0.00  0.0    0  6.2 17  60   M    M   1        23  40
 4  80  44  62   M   3   0 0.00  0.0    0  4.4 12  80   M    M   0        17  50
 5  84  46  65   M   0   0 0.00  0.0    0  7.5 15 180   M    M   0        21 150
 6  90  63  77   M   0  12 0.00  0.0    0 13.9 22 140   M    M   1        30 170
 7  94  65  80   M   0  15 0.00  0.0    0 13.5 30 240   M    M   1 3      43 240
 8  90  61  76   M   0  11 0.00  0.0    0 14.0 29 230   M    M   2        38 230
 9  82  49  66   M   0   1 0.00  0.0    0 12.6 24 280   M    M   0        32 270
10  88  50  69   M   0   4 0.00  0.0    0  6.9 14 240   M    M   0        22 240
11  93  51  72   M   0   7 0.00  0.0    0  6.0 12 230   M    M   0        30 230
12  78  56  67   M   0   2 0.00  0.0    0  9.9 20  10   M    M   3        27  10
13  87  55  71   M   0   6 0.48  0.0    0  7.2 23  30   M    M   5 3      47  30
14  80  57  69   M   0   4 0.07  0.0    0  7.1 16 230   M    M   2        24  90
15  79  55  67   M   0   2 0.16  0.0    0  6.0 20  40   M    M   4 3      32  40
16  88  57  73   M   0   8 0.00  0.0    0 11.1 18 270   M    M   1        25 250
17  74  53  64   M   1   0 0.36  0.0    0 10.3 17  40   M    M   6 3      25  90
18  55  49  52   M  13   0 0.10    M    0 10.3 16  50   M    M  10 3      20  50
19  74  49  62   M   3   0 0.09    M    0  4.1 10  80   M    M   6 3       M  M
20  85  52  69   M   0   4 0.00  0.0    0  6.5 13 160   M    M   1        20 180
21  88  62  75   M   0  10 0.00  0.0    0  7.6 14 160   M    M   0        24 170
22  91  64  78   M   0  13 0.00  0.0    0  7.0 13 160   M    M   0        21 240
23  94  64  79   M   0  14 0.00  0.0    0  8.1 18 160   M    M   0        28 160
24  89  60  75   M   0  10 0.00  0.0    0  9.3 17 240   M    M   0        23 230
25  94  65  80   M   0  15 0.00  0.0    0 11.5 28 220   M    M   0        32 220
================================================================================
SM 2070 1356        44 138  1.26     0.0 223.7          M       54
================================================================================
AV 82.8 54.2                               8.9 FASTST   M    M   2    MAX(MPH)
                                 MISC ---->    30   M                 47    M
================================================================================
NOTES:
# LAST OF SEVERAL OCCURRENCES

COLUMN 17 PEAK WIND IN M.P.H.

PRELIMINARY LOCAL CLIMATOLOGICAL DATA (WS FORM: F-6) , PAGE 2

                                          STATION:  Alpine-Casparis Municipal
                                          MONTH:    MAY
                                          YEAR:     2016
                                          LATITUDE:   30 23 N
                                          LONGITUDE: 103 41 W

[TEMPERATURE DATA]      [PRECIPITATION DATA]       SYMBOLS USED IN COLUMN 16

AVERAGE MONTHLY: 68.5   TOTAL FOR MONTH:   1.26    1 = FOG OR MIST
DPTR FM NORMAL:     M   DPTR FM NORMAL:       M    2 = FOG REDUCING VISIBILITY
HIGHEST:    94 ON 25,23 GRTST 24HR  0.48 ON 13-13      TO 1/4 MILE OR LESS
LOWEST:     38 ON  3                               3 = THUNDER
                        SNOW, ICE PELLETS, HAIL    4 = ICE PELLETS
                        TOTAL MONTH:   0.0 INCH    5 = HAIL
                        GRTST 24HR     0.0         6 = FREEZING RAIN OR DRIZZLE
                        GRTST DEPTH:   0           7 = DUSTSTORM OR SANDSTORM:
                                                       VSBY 1/2 MILE OR LESS
                                                   8 = SMOKE OR HAZE
[NO. OF DAYS WITH]      [WEATHER - DAYS WITH]      9 = BLOWING SNOW
                                                   X = TORNADO
MAX 32 OR BELOW:   0    0.01 INCH OR MORE:   6
MAX 90 OR ABOVE:   7    0.10 INCH OR MORE:   4
MIN 32 OR BELOW:   0    0.50 INCH OR MORE:   0
MIN  0 OR BELOW:   0    1.00 INCH OR MORE:   0

[HDD (BASE 65) ]
TOTAL THIS MO.    44    CLEAR  (SCALE 0-3)  18
DPTR FM NORMAL     M    PTCLDY (SCALE 4-7)   6
TOTAL FM JUL 1  2221    CLOUDY (SCALE 8-10)  1
DPTR FM NORMAL     M

[CDD (BASE 65) ]
TOTAL THIS MO.   138
DPTR FM NORMAL     M    [PRESSURE DATA]
TOTAL FM JAN 1   204    HIGHEST SLP M ON M
DPTR FM NORMAL     M    LOWEST  SLP M ON M

[REMARKS]
