000
CXUS56 KOTX 161500
CF6EAT
PRELIMINARY LOCAL CLIMATOLOGICAL DATA (WS FORM: F-6)

                                          STATION:   WENATCHEE WA PANGBORN FIELD
                                          MONTH:     APRIL
                                          YEAR:      2014
                                          LATITUDE:   47 23 N
                                          LONGITUDE: 120 12 W

  TEMPERATURE IN F:       :PCPN:    SNOW:  WIND      :SUNSHINE: SKY     :PK WND
================================================================================
1   2   3   4   5  6A  6B    7    8   9   10  11  12  13   14  15   16   17  18
                                     12Z  AVG MX 2MIN
DY MAX MIN AVG DEP HDD CDD  WTR  SNW DPTH SPD SPD DIR MIN PSBL S-S WX    SPD DR
================================================================================

 1  63  41  52   3  13   0 0.00    M    M  8.9 20 310   M    M   3        24 310
 2  64  41  53   4  12   0 0.00    M    M 12.8 26 300   M    M   0        29 300
 3  61  42  52   3  13   0    T    M    M  6.8 24 220   M    M   2        31 190
 4  59  40  50   1  15   0 0.00    M    M  9.0 20 310   M    M   4        24 310
 5  62  43  53   3  12   0    T    M    M  7.1 20 270   M    M   4        27 280
 6  67  38  53   3  12   0 0.00    M    M  9.1 25 310   M    M   0        29 310
 7  73  47  60  10   5   0 0.00    M    M  6.6 18 300   M    M   0        25 300
 8  76  48  62  12   3   0 0.00    M    M 10.7 26 280   M    M   2        37 280
 9  63  43  53   3  12   0 0.00    M    M 17.2 30 300   M    M   0        34 300
10  67  45  56   6   9   0 0.00    M    M 11.3 24 300   M    M   0        29 290
11  68  47  58   7   7   0 0.00    M    M 16.9 29 290   M    M   0        38 320
12  67  44  56   5   9   0 0.00    M    M 11.7 25  30   M    M   2        33  30
13  64  39  52   1  13   0 0.00    M    M  7.0 16 320   M    M   0        27 190
14  66  38  52   1  13   0 0.00    M    M  6.0 18 310   M    M   0        23 310
15  63  47  55   4  10   0 0.00    M    M 20.7 39 300   M    M   1        48 300
================================================================================
SM  983  643       158   0    T     M    161.8          M       18
================================================================================
AV 65.5 42.9                              10.8 FASTST   M    M   1    MAX(MPH)
                                 MISC ---->  # 39 300               # 48  300
================================================================================
NOTES:
# LAST OF SEVERAL OCCURRENCES

COLUMN 17 PEAK WIND IN M.P.H.

PRELIMINARY LOCAL CLIMATOLOGICAL DATA (WS FORM: F-6) , PAGE 2

                                          STATION:  WENATCHEE WA PANGBORN FIELD
                                          MONTH:    APRIL
                                          YEAR:     2014
                                          LATITUDE:   47 23 N
                                          LONGITUDE: 120 12 W

[TEMPERATURE DATA]      [PRECIPITATION DATA]       SYMBOLS USED IN COLUMN 16

AVERAGE MONTHLY: 54.2   TOTAL FOR MONTH:      T    1 = FOG OR MIST
DPTR FM NORMAL:   4.1   DPTR FM NORMAL:   -0.24    2 = FOG REDUCING VISIBILITY
HIGHEST:    76 ON  8    GRTST 24HR    T  ON  5- 5      TO 1/4 MILE OR LESS
LOWEST:     38 ON 14, 6                            3 = THUNDER
                        SNOW, ICE PELLETS, HAIL    4 = ICE PELLETS
                        TOTAL MONTH:    M          5 = HAIL
                        GRTST 24HR    M  ON   M    6 = FREEZING RAIN OR DRIZZLE
                        GRTST DEPTH:  M  ON   M    7 = DUSTSTORM OR SANDSTORM:
                                                       VSBY 1/2 MILE OR LESS
                                                   8 = SMOKE OR HAZE
[NO. OF DAYS WITH]      [WEATHER - DAYS WITH]      9 = BLOWING SNOW
                                                   X = TORNADO
MAX 32 OR BELOW:   0    0.01 INCH OR MORE:   0
MAX 90 OR ABOVE:   0    0.10 INCH OR MORE:   0
MIN 32 OR BELOW:   0    0.50 INCH OR MORE:   0
MIN  0 OR BELOW:   0    1.00 INCH OR MORE:   0

[HDD (BASE 65) ]
TOTAL THIS MO.   158    CLEAR  (SCALE 0-3)  13
DPTR FM NORMAL   -66    PTCLDY (SCALE 4-7)   2
TOTAL FM JUL 1  5372    CLOUDY (SCALE 8-10)  0
DPTR FM NORMAL    36

[CDD (BASE 65) ]
TOTAL THIS MO.     0
DPTR FM NORMAL     0    [PRESSURE DATA]
TOTAL FM JAN 1     0    HIGHEST SLP M ON M
DPTR FM NORMAL    -2    LOWEST  SLP  0.00 ON M

[REMARKS]
