000
CXUS56 KOTX 301500
CF6EAT
PRELIMINARY LOCAL CLIMATOLOGICAL DATA (WS FORM: F-6)

                                          STATION:   WENATCHEE WA PANGBORN FIELD
                                          MONTH:     MAY
                                          YEAR:      2016
                                          LATITUDE:   47 23 N
                                          LONGITUDE: 120 12 W

  TEMPERATURE IN F:       :PCPN:    SNOW:  WIND      :SUNSHINE: SKY     :PK WND
================================================================================
1   2   3   4   5  6A  6B    7    8   9   10  11  12  13   14  15   16   17  18
                                     12Z  AVG MX 2MIN
DY MAX MIN AVG DEP HDD CDD  WTR  SNW DPTH SPD SPD DIR MIN PSBL S-S WX    SPD DR
================================================================================

 1  78  47  63   8   2   0 0.00    M    M  5.9 14 300   M    M   0        16  10
 2  84  49  67  11   0   2 0.00    M    M  6.5 16 140   M    M   0        20 120
 3  81  54  68  12   0   3 0.01    M    M 10.1 26 310   M    M   2        38 340
 4  75  57  66  10   0   1 0.11    M    M 10.0 25 310   M    M   3        30 320
 5  68  55  62   6   3   0 0.02    M    M  6.3 10 290   M    M   7        14  40
 6  83  50  67  10   0   2 0.00    M    M  9.2 16 270   M    M   1        20 340
 7  89  57  73  16   0   8 0.00    M    M  8.6 25 300   M    M   0        31 300
 8  75  53  64   7   1   0 0.00    M    M 20.7 35 290   M    M   0 8      43 290
 9  71  50  61   3   4   0    T    M    M 14.6 28 290   M    M   3        33 290
10  75  47  61   3   4   0 0.00    M    M  4.8 12  80   M    M   0        14  80
11  78  52  65   7   0   0 0.00    M    M  7.8 16 130   M    M   0        25 110
12  81  49  65   6   0   0 0.00    M    M  5.2 14 310   M    M   0        17 310
13  81  52  67   8   0   2 0.00    M    M  5.6 13 150   M    M   0        18 130
14  66  53  60   1   5   0 0.02    M    M  7.4 17 320   M    M   5        20 330
15  64  54  59  -1   6   0 0.07    M    M  6.6 16 120   M    M   8        23 120
16  78  54  66   6   0   1 0.00    M    M  9.5 24 300   M    M   2        29 300
17  81  53  67   7   0   2 0.00    M    M  8.8 17 300   M    M   0        22 330
18  81  56  69   9   0   4 0.00    M    M 11.5 24 290   M    M   2        29 290
19  67  48  58  -3   7   0    T    M    M 12.9 24 260   M    M   4        29 290
20  66  44  55  -6  10   0 0.06    M    M  7.8 16  20   M    M   7        22  10
21  67  50  59  -2   6   0 0.65    M    M  9.1 20 300   M    M   7 1      24 300
22  69  52  61  -1   4   0 0.00    M    M 14.4 26 310   M    M   2        34 280
23  71  50  61  -1   4   0 0.00    M    M 15.2 24 310   M    M   4        30 310
24  76  52  64   2   1   0 0.00    M    M  9.1 21 300   M    M   4        25 310
25  79  54  67   5   0   2 0.00    M    M 12.1 29 300   M    M   0        34 310
26  74  55  65   2   0   0 0.00    M    M 14.5 33 310   M    M   1        39 310
27  68  47  58  -5   7   0 0.00    M    M 15.3 28 300   M    M   0        34 300
28  70  50  60  -3   5   0    T    M    M  9.0 20 310   M    M   3        22 310
29  75  53  64   1   1   0    T    M    M 13.0 30 300   M    M   0        34 300
================================================================================
SM 2171 1497        70  27  0.94    M    291.5          M       65
================================================================================
AV 74.9 51.6                              10.1 FASTST   M    M   2    MAX(MPH)
                                 MISC ---->  # 35 290               # 43  290
================================================================================
NOTES:
# LAST OF SEVERAL OCCURRENCES

COLUMN 17 PEAK WIND IN M.P.H.

PRELIMINARY LOCAL CLIMATOLOGICAL DATA (WS FORM: F-6) , PAGE 2

                                          STATION:  WENATCHEE WA PANGBORN FIELD
                                          MONTH:    MAY
                                          YEAR:     2016
                                          LATITUDE:   47 23 N
                                          LONGITUDE: 120 12 W

[TEMPERATURE DATA]      [PRECIPITATION DATA]       SYMBOLS USED IN COLUMN 16

AVERAGE MONTHLY: 63.2   TOTAL FOR MONTH:   0.94    1 = FOG OR MIST
DPTR FM NORMAL:   3.8   DPTR FM NORMAL:    0.32    2 = FOG REDUCING VISIBILITY
HIGHEST:    89 ON  7    GRTST 24HR  0.71 ON 20-21      TO 1/4 MILE OR LESS
LOWEST:     44 ON 20                               3 = THUNDER
                        SNOW, ICE PELLETS, HAIL    4 = ICE PELLETS
                        TOTAL MONTH:    M          5 = HAIL
                        GRTST 24HR    M  ON   M    6 = FREEZING RAIN OR DRIZZLE
                        GRTST DEPTH:  M  ON   M    7 = DUSTSTORM OR SANDSTORM:
                                                       VSBY 1/2 MILE OR LESS
                                                   8 = SMOKE OR HAZE
[NO. OF DAYS WITH]      [WEATHER - DAYS WITH]      9 = BLOWING SNOW
                                                   X = TORNADO
MAX 32 OR BELOW:   0    0.01 INCH OR MORE:   7
MAX 90 OR ABOVE:   0    0.10 INCH OR MORE:   2
MIN 32 OR BELOW:   0    0.50 INCH OR MORE:   1
MIN  0 OR BELOW:   0    1.00 INCH OR MORE:   0

[HDD (BASE 65) ]
TOTAL THIS MO.    70    CLEAR  (SCALE 0-3)  20
DPTR FM NORMAL  -123    PTCLDY (SCALE 4-7)   9
TOTAL FM JUL 1  4709    CLOUDY (SCALE 8-10)  0
DPTR FM NORMAL -1000

[CDD (BASE 65) ]
TOTAL THIS MO.    27
DPTR FM NORMAL    -5    [PRESSURE DATA]
TOTAL FM JAN 1    39    HIGHEST SLP M ON M
DPTR FM NORMAL   -31    LOWEST  SLP  0.00 ON M

[REMARKS]
