000
CXUS55 KEAX 290736
CF6EAX
PRELIMINARY LOCAL CLIMATOLOGICAL DATA (WS FORM: F-6)

                                          STATION:   Pleasant Hill NWS MO
                                          MONTH:     JUNE
                                          YEAR:      2017
                                          LATITUDE:   38 48 N
                                          LONGITUDE:  94 16 W

  TEMPERATURE IN F:       :PCPN:    SNOW:  WIND      :SUNSHINE: SKY     :PK WND
================================================================================
1   2   3   4   5  6A  6B    7    8   9   10  11  12  13   14  15   16   17  18
                                     12Z  AVG MX 2MIN
DY MAX MIN AVG DEP HDD CDD  WTR  SNW DPTH SPD SPD DIR MIN PSBL S-S WX    SPD DR
================================================================================

 1  79  61  70   1   0   5 0.04  0.0    0   M   M   M   0    0   0         0   0
 2  85  66  76   6   0  11 0.00  0.0    0   M   M   M   0    0   0         0   0
 3  86  66  76   6   0  11 0.00  0.0    0   M   M   M   0    0   0         0   0
 4  83  67  75   5   0  10 0.09  0.0    0   M   M   M   0    0   0         0   0
 5  91  62  77   7   0  12 0.00  0.0    0   M   M   M   0    0   0         0   0
 6  81  63  72   1   0   7 0.00  0.0    0   M   M   M   0    0   0         0   0
 7  81  60  71   0   0   6 0.00  0.0    0   M   M   M   0    0   0         0   0
 8  82  59  71   0   0   6 0.00  0.0    0   M   M   M   0    0   0         0   0
 9  84  57  71  -1   0   6 0.00  0.0    0   M   M   M   0    0   0         0   0
10  87  65  76   4   0  11 0.00  0.0    0   M   M   M   0    0   0         0   0
11  88  69  79   7   0  14 0.00  0.0    0   M   M   M   0    0   0         0   0
12  90  67  79   7   0  14 0.00  0.0    0   M   M   M   0    0   0         0   0
13  89  73  81   8   0  16 0.00  0.0    0   M   M   M   0    0   0         0   0
14  89  70  80   7   0  15 0.01  0.0    0   M   M   M   0    0   0         0   0
15  91  66  79   6   0  14 0.18  0.0    0   M   M   M   0    0   0         0   0
16  89  68  79   6   0  14 0.01  0.0    0   M   M   M   0    0   0         0   0
17  90  66  78   4   0  13 0.98  0.0    0   M   M   M   0    0   0         0   0
18  81  65  73  -1   0   8 0.11  0.0    0   M   M   M   0    0   0         0   0
19  84  61  73  -1   0   8 0.00  0.0    0   M   M   M   0    0   0         0   0
20  90  66  78   4   0  13 0.00  0.0    0   M   M   M   0    0   0         0   0
21  90  71  81   6   0  16 0.00  0.0    0   M   M   M   0    0   0         0   0
22  87  68  78   3   0  13 0.00  0.0    0   M   M   M   0    0   0         0   0
23  84  64  74  -1   0   9 0.03  0.0    0   M   M   M   0    0   0         0   0
24  80  57  69  -6   0   4 0.00  0.0    0   M   M   M   0    0   0         0   0
25  79  56  68  -8   0   3    T  0.0    0   M   M   M   0    0   0         0   0
26  73  51  62 -14   3   0 0.01  0.0    0   M   M   M   0    0   0         0   0
27  84  56  70  -6   0   5 0.00  0.0    0   M   M   M   0    0   0         0   0
28  88  70  79   3   0  14 0.00  0.0    0   M   M   M   0    0   0         0   0
================================================================================
SM 2385 1790         3 278  1.46     0.0     M            0      0
================================================================================
AV 85.2 63.9                                 M FASTST    0   0   0    MAX(MPH)
                                 MISC ---->     M   M               #  0    0
================================================================================
NOTES:
# LAST OF SEVERAL OCCURRENCES

COLUMN 17 PEAK WIND IN M.P.H.

PRELIMINARY LOCAL CLIMATOLOGICAL DATA (WS FORM: F-6) , PAGE 2

                                          STATION:  Pleasant Hill NWS MO
                                          MONTH:    JUNE
                                          YEAR:     2017
                                          LATITUDE:   38 48 N
                                          LONGITUDE:  94 16 W

[TEMPERATURE DATA]      [PRECIPITATION DATA]       SYMBOLS USED IN COLUMN 16

AVERAGE MONTHLY: 74.6   TOTAL FOR MONTH:   1.46    1 = FOG OR MIST
DPTR FM NORMAL:   1.6   DPTR FM NORMAL:   -4.25    2 = FOG REDUCING VISIBILITY
HIGHEST:    91 ON 15, 5 GRTST 24HR  0.98 ON 17-17      TO 1/4 MILE OR LESS
LOWEST:     51 ON 26                               3 = THUNDER
                        SNOW, ICE PELLETS, HAIL    4 = ICE PELLETS
                        TOTAL MONTH:   0.0 INCH    5 = HAIL
                        GRTST 24HR     0.0         6 = FREEZING RAIN OR DRIZZLE
                        GRTST DEPTH:   0           7 = DUSTSTORM OR SANDSTORM:
                                                       VSBY 1/2 MILE OR LESS
                                                   8 = SMOKE OR HAZE
[NO. OF DAYS WITH]      [WEATHER - DAYS WITH]      9 = BLOWING SNOW
                                                   X = TORNADO
MAX 32 OR BELOW:   0    0.01 INCH OR MORE:   9
MAX 90 OR ABOVE:   6    0.10 INCH OR MORE:   3
MIN 32 OR BELOW:   0    0.50 INCH OR MORE:   1
MIN  0 OR BELOW:   0    1.00 INCH OR MORE:   0

[HDD (BASE 65) ]
TOTAL THIS MO.     3    CLEAR  (SCALE 0-3)  28
DPTR FM NORMAL    -4    PTCLDY (SCALE 4-7)   0
TOTAL FM JUL 1  3905    CLOUDY (SCALE 8-10)  0
DPTR FM NORMAL -1249

[CDD (BASE 65) ]
TOTAL THIS MO.   278
DPTR FM NORMAL    48    [PRESSURE DATA]
TOTAL FM JAN 1   394    HIGHEST SLP  0.00 ON M
DPTR FM NORMAL    68    LOWEST  SLP  0.00 ON M

[REMARKS]
