000
CXUS55 KEAX 240736
CF6EAX
PRELIMINARY LOCAL CLIMATOLOGICAL DATA (WS FORM: F-6)

                                          STATION:   Pleasant Hill NWS MO
                                          MONTH:     MARCH
                                          YEAR:      2017
                                          LATITUDE:   38 48 N
                                          LONGITUDE:  94 16 W

  TEMPERATURE IN F:       :PCPN:    SNOW:  WIND      :SUNSHINE: SKY     :PK WND
================================================================================
1   2   3   4   5  6A  6B    7    8   9   10  11  12  13   14  15   16   17  18
                                     12Z  AVG MX 2MIN
DY MAX MIN AVG DEP HDD CDD  WTR  SNW DPTH SPD SPD DIR MIN PSBL S-S WX    SPD DR
================================================================================

 1  52  35  44   6  21   0 0.01  0.0    0   M   M   M   0    0   0 3       0   0
 2  56  27  42   4  23   0 0.00  0.0    0   M   M   M   0    0   0         0   0
 3  56  23  40   1  25   0 0.00  0.0    0   M   M   M   0    0   0         0   0
 4  70  48  59  20   6   0 0.00  0.0    0   M   M   M   0    0   0         0   0
 5  60  54  57  17   8   0    T  0.0    0   M   M   M   0    0   0         0   0
 6  74  48  61  21   4   0 0.43  0.0    0   M   M   M   0    0   0         0   0
 7  59  35  47   7  18   0 0.00  0.0    0   M   M   M   0    0   0         0   0
 8  67  39  53  12  12   0 0.00  0.0    0   M   M   M   0    0   0         0   0
 9  69  39  54  13  11   0 0.04  0.0    0   M   M   M   0    0   0         0   0
10  44  27  36  -6  29   0 0.00  0.0    0   M   M   M   0    0   0         0   0
11  35  27  31 -11  34   0 0.03  0.3    T   M   M   M   0    0   0         0   0
12  44  22  33  -9  32   0 0.01  0.0    0   M   M   M   0    0   0         0   0
13  40  27  34  -9  31   0 0.01  0.0    0   M   M   M   0    0   0         0   0
14  33  23  28 -15  37   0 0.02    T    0   M   M   M   0    0   0         0   0
15  35  17  26 -17  39   0 0.00  0.0    0   M   M   M   0    0   0         0   0
16  66  32  49   5  16   0 0.00  0.0    0   M   M   M   0    0   0         0   0
17  73  52  63  19   2   0    T  0.0    0   M   M   M   0    0   0         0   0
18  65  39  52   8  13   0 0.00  0.0    0   M   M   M   0    0   0         0   0
19  85  49  67  22   0   2    T  0.0    0   M   M   M   0    0   0         0   0
20  84  58  71  26   0   6 0.00  0.0    0   M   M   M   0    0   0         0   0
21  62  44  53   8  12   0 0.00  0.0    0   M   M   M   0    0   0         0   0
22  59  36  48   2  17   0    T  0.0    0   M   M   M   0    0   0         0   0
23  78  49  64  18   1   0    T  0.0    0   M   M   M   0    0   0         0   0
================================================================================
SM 1366  850       391   8  0.55     0.3     M            0      0
================================================================================
AV 59.4 37.0                                 M FASTST    0   0   0    MAX(MPH)
                                 MISC ---->     M   M               #  0    0
================================================================================
NOTES:
# LAST OF SEVERAL OCCURRENCES

COLUMN 17 PEAK WIND IN M.P.H.

PRELIMINARY LOCAL CLIMATOLOGICAL DATA (WS FORM: F-6) , PAGE 2

                                          STATION:  Pleasant Hill NWS MO
                                          MONTH:    MARCH
                                          YEAR:     2017
                                          LATITUDE:   38 48 N
                                          LONGITUDE:  94 16 W

[TEMPERATURE DATA]      [PRECIPITATION DATA]       SYMBOLS USED IN COLUMN 16

AVERAGE MONTHLY: 48.2   TOTAL FOR MONTH:   0.55    1 = FOG OR MIST
DPTR FM NORMAL:   6.0   DPTR FM NORMAL:   -1.64    2 = FOG REDUCING VISIBILITY
HIGHEST:    85 ON 19    GRTST 24HR  0.43 ON  6- 6      TO 1/4 MILE OR LESS
LOWEST:     17 ON 15                               3 = THUNDER
                        SNOW, ICE PELLETS, HAIL    4 = ICE PELLETS
                        TOTAL MONTH:   0.3 INCH    5 = HAIL
                        GRTST 24HR   0.3 ON   M    6 = FREEZING RAIN OR DRIZZLE
                        GRTST DEPTH:   T           7 = DUSTSTORM OR SANDSTORM:
                                                       VSBY 1/2 MILE OR LESS
                                                   8 = SMOKE OR HAZE
[NO. OF DAYS WITH]      [WEATHER - DAYS WITH]      9 = BLOWING SNOW
                                                   X = TORNADO
MAX 32 OR BELOW:   0    0.01 INCH OR MORE:   7
MAX 90 OR ABOVE:   0    0.10 INCH OR MORE:   1
MIN 32 OR BELOW:   9    0.50 INCH OR MORE:   0
MIN  0 OR BELOW:   0    1.00 INCH OR MORE:   0

[HDD (BASE 65) ]
TOTAL THIS MO.   391    CLEAR  (SCALE 0-3)  23
DPTR FM NORMAL  -133    PTCLDY (SCALE 4-7)   0
TOTAL FM JUL 1  3485    CLOUDY (SCALE 8-10)  0
DPTR FM NORMAL -1067

[CDD (BASE 65) ]
TOTAL THIS MO.     8
DPTR FM NORMAL     8    [PRESSURE DATA]
TOTAL FM JAN 1     8    HIGHEST SLP  0.00 ON M
DPTR FM NORMAL     8    LOWEST  SLP  0.00 ON M

[REMARKS]
