000
CXUS51 KAKQ 211010
CF6ECG
PRELIMINARY LOCAL CLIMATOLOGICAL DATA (WS FORM: F-6)

                                          STATION:   ELIZABETH CITY NC
                                          MONTH:     SEPTEMBER
                                          YEAR:      2014
                                          LATITUDE:   36 16 N
                                          LONGITUDE:  76 11 W

  TEMPERATURE IN F:       :PCPN:    SNOW:  WIND      :SUNSHINE: SKY     :PK WND
================================================================================
1   2   3   4   5  6A  6B    7    8   9   10  11  12  13   14  15   16   17  18
                                     12Z  AVG MX 2MIN
DY MAX MIN AVG DEP HDD CDD  WTR  SNW DPTH SPD SPD DIR MIN PSBL S-S WX    SPD DR
================================================================================

 1  91  76  84   8   0  19 0.00  0.0    0  9.4 16 190   M    M   1        20 220
 2  93  75  84   8   0  19 0.00  0.0    0  9.7 17 210   M    M   0        22 210
 3  90  75  83   8   0  18 0.11  0.0    0  8.1 18 230   M    M   3 1      24 250
 4  87  72  80   5   0  15 0.33  0.0    0  3.8 18 230   M    M   5 1      23 260
 5  89  71  80   5   0  15 0.00  0.0    0  4.7 12 200   M    M   1 1      20 140
 6  90  73  82   7   0  17 0.00  0.0    0  7.3 17 200   M    M   1        23 190
 7  80  72  76   2   0  11 0.08  0.0    0 10.2 20  30   M    M   8 1      23  30
 8  79  71  75   1   0  10 0.88  0.0    0  8.9 22  40   M    M   9 1      26  10
 9  82  72  77   3   0  12 0.23  0.0    0  7.9 17  60   M    M   7 1      21  10
10  82  67  75   1   0  10 0.02  0.0    0  7.0 14  50   M    M   6 1      20  60
11  86  65  76   2   0  11 0.00  0.0    0  6.9 20 220   M    M   1 1      24 190
12  79  71  75   2   0  10 0.00  0.0    0  8.9 20  30   M    M   9 1      24  30
13  84  67  76   3   0  11 2.90  0.0    0  7.0 21 350   M    M   9 123    25 350
14  74  65  70  -3   0   5 0.00  0.0    0 11.5 18  30   M    M   7        22  30
15  75  63  69  -3   0   4    T  0.0    0  5.9 10  80   M    M   9        26  30
16  83  65  74   2   0   9 0.00  0.0    0  5.5 10 290   M    M   4         M  M
17  77  65  71  -1   0   6 0.00  0.0    0 10.3 18  50   M    M   8        23  50
18  77  63  70  -2   0   5 0.00  0.0    0  7.1 15  40   M    M   1        18  20
19  78  58  68  -3   0   3 0.00  0.0    0  7.4 16  70   M    M   1        20  70
20  78  65  72   1   0   7 0.08  0.0    0 10.8 21  30   M    M   4 18     24  30
================================================================================
SM 1654 1371         0 217  4.63     0.0 158.3          M       94
================================================================================
AV 82.7 68.6                               7.9 FASTST   M    M   5    MAX(MPH)
                                 MISC ---->  # 22  40               # 26   10
================================================================================
NOTES:
# LAST OF SEVERAL OCCURRENCES

COLUMN 17 PEAK WIND IN M.P.H.

PRELIMINARY LOCAL CLIMATOLOGICAL DATA (WS FORM: F-6) , PAGE 2

                                          STATION:  ELIZABETH CITY NC
                                          MONTH:    SEPTEMBER
                                          YEAR:     2014
                                          LATITUDE:   36 16 N
                                          LONGITUDE:  76 11 W

[TEMPERATURE DATA]      [PRECIPITATION DATA]       SYMBOLS USED IN COLUMN 16

AVERAGE MONTHLY: 75.6   TOTAL FOR MONTH:   4.63    1 = FOG OR MIST
DPTR FM NORMAL:   2.1   DPTR FM NORMAL:    1.91    2 = FOG REDUCING VISIBILITY
HIGHEST:    93 ON  2    GRTST 24HR  2.90 ON 13-13      TO 1/4 MILE OR LESS
LOWEST:     58 ON 19                               3 = THUNDER
                        SNOW, ICE PELLETS, HAIL    4 = ICE PELLETS
                        TOTAL MONTH:   0.0 INCH    5 = HAIL
                        GRTST 24HR     0.0         6 = FREEZING RAIN OR DRIZZLE
                        GRTST DEPTH:   0           7 = DUSTSTORM OR SANDSTORM:
                                                       VSBY 1/2 MILE OR LESS
                                                   8 = SMOKE OR HAZE
[NO. OF DAYS WITH]      [WEATHER - DAYS WITH]      9 = BLOWING SNOW
                                                   X = TORNADO
MAX 32 OR BELOW:   0    0.01 INCH OR MORE:   8
MAX 90 OR ABOVE:   4    0.10 INCH OR MORE:   5
MIN 32 OR BELOW:   0    0.50 INCH OR MORE:   2
MIN  0 OR BELOW:   0    1.00 INCH OR MORE:   1

[HDD (BASE 65) ]
TOTAL THIS MO.     0    CLEAR  (SCALE 0-3)   8
DPTR FM NORMAL     0    PTCLDY (SCALE 4-7)   7
TOTAL FM JUL 1     0    CLOUDY (SCALE 8-10)  5
DPTR FM NORMAL     0

[CDD (BASE 65) ]
TOTAL THIS MO.   217
DPTR FM NORMAL    42    [PRESSURE DATA]
TOTAL FM JAN 1  1460    HIGHEST SLP M ON M
DPTR FM NORMAL   -11    LOWEST  SLP 29.89 ON  2

[REMARKS]
