000
CXUS52 KTAE 180800
CF6ECP
PRELIMINARY LOCAL CLIMATOLOGICAL DATA (WS FORM: F-6)

                                          STATION:   PANAMA CITY NW
                                          MONTH:     AUGUST
                                          YEAR:      2017
                                          LATITUDE:   30 21 N
                                          LONGITUDE:  85 48 W

  TEMPERATURE IN F:       :PCPN:    SNOW:  WIND      :SUNSHINE: SKY     :PK WND
================================================================================
1   2   3   4   5  6A  6B    7    8   9   10  11  12  13   14  15   16   17  18
                                     12Z  AVG MX 2MIN
DY MAX MIN AVG DEP HDD CDD  WTR  SNW DPTH SPD SPD DIR MIN PSBL S-S WX    SPD DR
================================================================================

 1  90  66  78   M   0  13 0.00  0.0    0  4.6 12  10   M    M   0        19 150
 2  93  68  81   M   0  16 0.00  0.0    0  4.2 13 210   M    M   2 3      16 200
 3  81  75  78   M   0  13 1.26  0.0    0  3.5 12 150   M    M   7 13     14 140
 4  80  75  78   M   0  13 1.29  0.0    0  4.4 17 260   M    M   6 13     22 260
 5  86  75  81   M   0  16 0.74  0.0    0  4.6 12 230   M    M   1 13     14 180
 6  88  75  82   M   0  17 0.14  0.0    0  5.6 18 180   M    M   3 13     24 160
 7  89  75  82   M   0  17    T  0.0    0  5.0 15 180   M    M   3 1      19 200
 8  91  74  83   M   0  18    T  0.0    0  3.7 14 170   M    M   3 1      23  40
 9  89  76  83   M   0  18 0.12  0.0    0  2.1 14 210   M    M   2 13     16 220
10  89  75  82   M   0  17 0.01  0.0    0  2.8 16 150   M    M   2 13     22  30
11  89  73  81   M   0  16 0.17  0.0    0  3.3 17 220   M    M   3 138    25  20
12  91  75  83   M   0  18 0.00  0.0    0  3.7 15 210   M    M   4 3      21 110
13  92  77  85   M   0  20 0.01  0.0    0  4.5 18 350   M    M   3 1      26  30
14  91  77  84   M   0  19 0.09  0.0    0  5.4 24 260   M    M   3 18     31 240
15  91  76  84   M   0  19 0.10  0.0    0  4.7 20 240   M    M   2 13     25 240
16  93  76  85   M   0  20 0.41  0.0    0  4.4 23 320   M    M   2 138    28 320
17  93  76  85   M   0  20 0.00  0.0    0  3.5 17 260   M    M   1        24  30
================================================================================
SM 1516 1264         0 290  4.34     0.0  70.0          M       47
================================================================================
AV 89.2 74.4                               4.1 FASTST   M    M   3    MAX(MPH)
                                 MISC ---->  # 24 260               # 31  240
================================================================================
NOTES:
# LAST OF SEVERAL OCCURRENCES

COLUMN 17 PEAK WIND IN M.P.H.

PRELIMINARY LOCAL CLIMATOLOGICAL DATA (WS FORM: F-6) , PAGE 2

                                          STATION:  PANAMA CITY NW
                                          MONTH:    AUGUST
                                          YEAR:     2017
                                          LATITUDE:   30 21 N
                                          LONGITUDE:  85 48 W

[TEMPERATURE DATA]      [PRECIPITATION DATA]       SYMBOLS USED IN COLUMN 16

AVERAGE MONTHLY: 81.8   TOTAL FOR MONTH:   4.34    1 = FOG OR MIST
DPTR FM NORMAL:     M   DPTR FM NORMAL:       M    2 = FOG REDUCING VISIBILITY
HIGHEST:    93 ON 17,16 GRTST 24HR  1.29 ON  4- 4      TO 1/4 MILE OR LESS
LOWEST:     66 ON  1                               3 = THUNDER
                        SNOW, ICE PELLETS, HAIL    4 = ICE PELLETS
                        TOTAL MONTH:   0.0 INCH    5 = HAIL
                        GRTST 24HR     0.0         6 = FREEZING RAIN OR DRIZZLE
                        GRTST DEPTH:   0           7 = DUSTSTORM OR SANDSTORM:
                                                       VSBY 1/2 MILE OR LESS
                                                   8 = SMOKE OR HAZE
[NO. OF DAYS WITH]      [WEATHER - DAYS WITH]      9 = BLOWING SNOW
                                                   X = TORNADO
MAX 32 OR BELOW:   0    0.01 INCH OR MORE:  11
MAX 90 OR ABOVE:   9    0.10 INCH OR MORE:   8
MIN 32 OR BELOW:   0    0.50 INCH OR MORE:   3
MIN  0 OR BELOW:   0    1.00 INCH OR MORE:   2

[HDD (BASE 65) ]
TOTAL THIS MO.     0    CLEAR  (SCALE 0-3)  13
DPTR FM NORMAL     M    PTCLDY (SCALE 4-7)   4
TOTAL FM JUL 1     0    CLOUDY (SCALE 8-10)  0
DPTR FM NORMAL     M

[CDD (BASE 65) ]
TOTAL THIS MO.   290
DPTR FM NORMAL     M    [PRESSURE DATA]
TOTAL FM JAN 1  1803    HIGHEST SLP M ON M
DPTR FM NORMAL     M    LOWEST  SLP 29.88 ON 14

[REMARKS]
