000
CXUS55 KVEF 200940
CF6EED
PRELIMINARY LOCAL CLIMATOLOGICAL DATA (WS FORM: F-6)

                                          STATION:   NEEDLES CA
                                          MONTH:     NOVEMBER
                                          YEAR:      2014
                                          LATITUDE:   34 46 N
                                          LONGITUDE: 114 37 W

  TEMPERATURE IN F:       :PCPN:    SNOW:  WIND      :SUNSHINE: SKY     :PK WND
================================================================================
1   2   3   4   5  6A  6B    7    8   9   10  11  12  13   14  15   16   17  18
                                     12Z  AVG MX 2MIN
DY MAX MIN AVG DEP HDD CDD  WTR  SNW DPTH SPD SPD DIR MIN PSBL S-S WX    SPD DR
================================================================================

 1  79  62  71   3   0   6 0.00  0.0    0 11.6 23 240   M    M   3        30 250
 2  73  55  64  -4   1   0 0.00  0.0    0  5.8 13 270   M    M   0        15 310
 3  72  54  63  -4   2   0 0.00  0.0    0 15.4 26  20   M    M   0        33  10
 4  75  56  66  -1   0   1 0.00  0.0    0 15.5 31  20   M    M   0        40  20
 5  84  56  70   4   0   5 0.00  0.0    0 12.6 29  30   M    M   0        37  30
 6  86  58  72   6   0   7 0.00  0.0    0  5.1 13  20   M    M   0        17  20
 7  85  53  69   3   0   4 0.00  0.0    0  4.0 12 250   M    M   0        13 250
 8  89  61  75  10   0  10 0.00  0.0    0  7.9 17  30   M    M   0        20  20
 9  87  56  72   7   0   7 0.00  0.0    0  4.0  9 280   M    M   0        11 110
10  86  59  73   9   0   8 0.00  0.0    0  5.2 15 210   M    M   0        18 200
11  83  58  71   7   0   6 0.00  0.0    0  7.3 18 200   M    M   0        24 210
12  79  62  71   8   0   6 0.00  0.0    0  6.0 13 150   M    M   0        16 160
13  81  58  70   7   0   5 0.00  0.0    0  6.9 20 180   M    M   0        26 170
14  76  58  67   5   0   2 0.00  0.0    0  5.5 14 190   M    M   0        18 200
15  80  52  66   4   0   1 0.00  0.0    0  6.8 16 250   M    M   0        19 210
16  67  51  59  -3   6   0 0.00  0.0    0 23.8 43  20   M    M   2 8      51  20
17  67  48  58  -3   7   0 0.00  0.0    0 14.1 31  10   M    M   0        38  20
18  72  49  61   0   4   0 0.00  0.0    0  8.6 17  40   M    M   0        26  30
19  70  42  56  -4   9   0 0.00  0.0    0  3.2  8 250   M    M   0        11  50
================================================================================
SM 1491 1048        29  68  0.00     0.0 169.3          M        5
================================================================================
AV 78.5 55.2                               8.9 FASTST   M    M   0    MAX(MPH)
                                 MISC ---->  # 43  20               # 51   20
================================================================================
NOTES:
# LAST OF SEVERAL OCCURRENCES

COLUMN 17 PEAK WIND IN M.P.H.

PRELIMINARY LOCAL CLIMATOLOGICAL DATA (WS FORM: F-6) , PAGE 2

                                          STATION:  NEEDLES CA
                                          MONTH:    NOVEMBER
                                          YEAR:     2014
                                          LATITUDE:   34 46 N
                                          LONGITUDE: 114 37 W

[TEMPERATURE DATA]      [PRECIPITATION DATA]       SYMBOLS USED IN COLUMN 16

AVERAGE MONTHLY: 66.8   TOTAL FOR MONTH:   0.00    1 = FOG OR MIST
DPTR FM NORMAL:   2.6   DPTR FM NORMAL:   -0.24    2 = FOG REDUCING VISIBILITY
HIGHEST:    89 ON  8    GRTST 24HR    T  ON 10-11      TO 1/4 MILE OR LESS
LOWEST:     42 ON 19                               3 = THUNDER
                        SNOW, ICE PELLETS, HAIL    4 = ICE PELLETS
                        TOTAL MONTH:   0.0 INCH    5 = HAIL
                        GRTST 24HR     0.0         6 = FREEZING RAIN OR DRIZZLE
                        GRTST DEPTH:   0           7 = DUSTSTORM OR SANDSTORM:
                                                       VSBY 1/2 MILE OR LESS
                                                   8 = SMOKE OR HAZE
[NO. OF DAYS WITH]      [WEATHER - DAYS WITH]      9 = BLOWING SNOW
                                                   X = TORNADO
MAX 32 OR BELOW:   0    0.01 INCH OR MORE:   0
MAX 90 OR ABOVE:   0    0.10 INCH OR MORE:   0
MIN 32 OR BELOW:   0    0.50 INCH OR MORE:   0
MIN  0 OR BELOW:   0    1.00 INCH OR MORE:   0

[HDD (BASE 65) ]
TOTAL THIS MO.    29    CLEAR  (SCALE 0-3)  18
DPTR FM NORMAL   -26    PTCLDY (SCALE 4-7)   1
TOTAL FM JUL 1    29    CLOUDY (SCALE 8-10)  0
DPTR FM NORMAL   -35

[CDD (BASE 65) ]
TOTAL THIS MO.    68
DPTR FM NORMAL    27    [PRESSURE DATA]
TOTAL FM JAN 1  5149    HIGHEST SLP M ON M
DPTR FM NORMAL   620    LOWEST  SLP 29.62 ON 10

[REMARKS]
