000
CXUS55 KVEF 210940
CF6EED
PRELIMINARY LOCAL CLIMATOLOGICAL DATA (WS FORM: F-6)

                                          STATION:   NEEDLES CA
                                          MONTH:     OCTOBER
                                          YEAR:      2014
                                          LATITUDE:   34 46 N
                                          LONGITUDE: 114 37 W

  TEMPERATURE IN F:       :PCPN:    SNOW:  WIND      :SUNSHINE: SKY     :PK WND
================================================================================
1   2   3   4   5  6A  6B    7    8   9   10  11  12  13   14  15   16   17  18
                                     12Z  AVG MX 2MIN
DY MAX MIN AVG DEP HDD CDD  WTR  SNW DPTH SPD SPD DIR MIN PSBL S-S WX    SPD DR
================================================================================

 1  94  67  81   0   0  16 0.00  0.0    0  9.7 23  30   M    M   0        28  30
 2  91  70  81   0   0  16 0.00  0.0    0 14.7 30  20   M    M   0        37  30
 3 100  69  85   5   0  20 0.00  0.0    0 10.0 21  30   M    M   0        26  30
 4 102  74  88   8   0  23 0.00  0.0    0  9.4 22  30   M    M   0        26  30
 5 100  67  84   5   0  19 0.00  0.0    0 10.6 24  30   M    M   0        29  30
 6  98  68  83   4   0  18 0.00  0.0    0  4.7 10 240   M    M   0        13  30
 7  88  73  81   3   0  16 0.01  0.0    0  5.7 15 150   M    M   0        17 140
 8  80  70  75  -3   0  10 0.09  0.0    0  4.7 14 250   M    M   7        15 240
 9  91  67  79   1   0  14 0.00  0.0    0  4.4 16 210   M    M   0 8      19 190
10  93  69  81   4   0  16 0.00  0.0    0  5.8 13 110   M    M   0        17 110
11  96  68  82   5   0  17 0.00  0.0    0  5.1 14 250   M    M   0        16 110
12  97  67  82   6   0  17 0.00  0.0    0  9.1 26  20   M    M   0        34  10
13  90  68  79   3   0  14 0.00  0.0    0 11.5 24  20   M    M   0        29  20
14  94  61  78   2   0  13 0.00  0.0    0  5.3 14 210   M    M   0        19 200
15  94  67  81   6   0  16 0.00  0.0    0  7.4 20 200   M    M   0        25 160
16  92  63  78   3   0  13 0.00  0.0    0  5.1 15 120   M    M   0        20 160
17  90  68  79   5   0  14 0.00  0.0    0  3.6 13 140   M    M   0        16 130
18  92  69  81   7   0  16 0.00  0.0    0  3.7 10 280   M    M   0        14  20
19  95  66  81   7   0  16 0.00  0.0    0  4.6 13 270   M    M   0        14 260
20  93  68  81   8   0  16 0.00  0.0    0  4.0 12 240   M    M   0        14 180
================================================================================
SM 1870 1359         0 320  0.10     0.0 139.1          M        7
================================================================================
AV 93.5 67.9                               7.0 FASTST   M    M   0    MAX(MPH)
                                 MISC ---->  # 30  20               # 37   30
================================================================================
NOTES:
# LAST OF SEVERAL OCCURRENCES

COLUMN 17 PEAK WIND IN M.P.H.

PRELIMINARY LOCAL CLIMATOLOGICAL DATA (WS FORM: F-6) , PAGE 2

                                          STATION:  NEEDLES CA
                                          MONTH:    OCTOBER
                                          YEAR:     2014
                                          LATITUDE:   34 46 N
                                          LONGITUDE: 114 37 W

[TEMPERATURE DATA]      [PRECIPITATION DATA]       SYMBOLS USED IN COLUMN 16

AVERAGE MONTHLY: 80.7   TOTAL FOR MONTH:   0.10    1 = FOG OR MIST
DPTR FM NORMAL:   3.7   DPTR FM NORMAL:   -0.06    2 = FOG REDUCING VISIBILITY
HIGHEST:   102 ON  4    GRTST 24HR  0.10 ON  7- 8      TO 1/4 MILE OR LESS
LOWEST:     61 ON 14                               3 = THUNDER
                        SNOW, ICE PELLETS, HAIL    4 = ICE PELLETS
                        TOTAL MONTH:   0.0 INCH    5 = HAIL
                        GRTST 24HR     0.0         6 = FREEZING RAIN OR DRIZZLE
                        GRTST DEPTH:   0           7 = DUSTSTORM OR SANDSTORM:
                                                       VSBY 1/2 MILE OR LESS
                                                   8 = SMOKE OR HAZE
[NO. OF DAYS WITH]      [WEATHER - DAYS WITH]      9 = BLOWING SNOW
                                                   X = TORNADO
MAX 32 OR BELOW:   0    0.01 INCH OR MORE:   2
MAX 90 OR ABOVE:  18    0.10 INCH OR MORE:   0
MIN 32 OR BELOW:   0    0.50 INCH OR MORE:   0
MIN  0 OR BELOW:   0    1.00 INCH OR MORE:   0

[HDD (BASE 65) ]
TOTAL THIS MO.     0    CLEAR  (SCALE 0-3)  19
DPTR FM NORMAL     0    PTCLDY (SCALE 4-7)   1
TOTAL FM JUL 1     0    CLOUDY (SCALE 8-10)  0
DPTR FM NORMAL     0

[CDD (BASE 65) ]
TOTAL THIS MO.   320
DPTR FM NORMAL    78    [PRESSURE DATA]
TOTAL FM JAN 1  4946    HIGHEST SLP M ON M
DPTR FM NORMAL   527    LOWEST  SLP 29.62 ON  1

[REMARKS]
