000
CXUS55 KVEF 290940
CF6EED
PRELIMINARY LOCAL CLIMATOLOGICAL DATA (WS FORM: F-6)

                                          STATION:   NEEDLES CA
                                          MONTH:     APRIL
                                          YEAR:      2017
                                          LATITUDE:   34 46 N
                                          LONGITUDE: 114 37 W

  TEMPERATURE IN F:       :PCPN:    SNOW:  WIND      :SUNSHINE: SKY     :PK WND
================================================================================
1   2   3   4   5  6A  6B    7    8   9   10  11  12  13   14  15   16   17  18
                                     12Z  AVG MX 2MIN
DY MAX MIN AVG DEP HDD CDD  WTR  SNW DPTH SPD SPD DIR MIN PSBL S-S WX    SPD DR
================================================================================

 1  84  54  69   1   0   4 0.00  0.0    0  9.7 28  20   M    M   1        39  20
 2  91  57  74   6   0   9 0.00  0.0    0  8.0 21 250   M    M   0        34 270
 3  89  64  77   9   0  12 0.00  0.0    0 11.3 41  30   M    M   0 8      53  30
 4  80  58  69   1   0   4 0.00  0.0    0 11.7 23  20   M    M   0        29  20
 5  86  58  72   3   0   7 0.00  0.0    0  7.5 17  40   M    M   0        24 230
 6  93  56  75   6   0  10 0.00  0.0    0  6.0 17 260   M    M   0        22 220
 7  90  68  79  10   0  14 0.00  0.0    0  8.3 17 230   M    M   0        21 230
 8  87  64  76   6   0  11 0.00  0.0    0 10.8 28 300   M    M   0        36 240
 9  78  58  68  -2   0   3 0.00  0.0    0 13.7 26  20   M    M   0        32  10
10  86  51  69  -1   0   4 0.00  0.0    0  5.2 14  20   M    M   0        18  20
11  90  54  72   2   0   7 0.00  0.0    0  4.5 16 220   M    M   0        22 230
12  93  59  76   5   0  11 0.00  0.0    0  5.2 14 190   M    M   0        19 210
13  93  68  81  10   0  16 0.00  0.0    0 11.0 23 290   M    M   0        32 250
14  85  59  72   1   0   7 0.00  0.0    0  7.2 16 270   M    M   0        19 150
15  92  59  76   4   0  11 0.00  0.0    0  4.7 15  20   M    M   0        18  20
16  95  61  78   6   0  13 0.00  0.0    0  7.7 18 210   M    M   0        23 210
17  91  70  81   9   0  16 0.00  0.0    0  6.9 17 260   M    M   0        22 250
18  95  68  82  10   0  17 0.00  0.0    0 12.0 28 290   M    M   0        37 290
19  91  66  79   6   0  14 0.00  0.0    0  6.5 16 270   M    M   0        21  20
20  94  65  80   7   0  15 0.00  0.0    0  9.2 20 270   M    M   0        27 270
21  89  72  81   7   0  16 0.00  0.0    0 16.4 32  10   M    M   0        42  10
22  95  68  82   8   0  17 0.00  0.0    0  9.9 26  20   M    M   0        30  20
23  99  64  82   8   0  17 0.00  0.0    0 10.6 26 260   M    M   0        37 240
24  93  68  81   6   0  16 0.00  0.0    0 11.3 25 280   M    M   1        31 290
25  91  69  80   5   0  15 0.00  0.0    0 13.2 32 340   M    M   0        38 340
26  93  62  78   3   0  13 0.00  0.0    0  7.3 21 290   M    M   0        27 290
27  93  71  82   6   0  17 0.00  0.0    0  7.4 25 290   M    M   0        32 290
28  81  66  74  -2   0   9 0.00  0.0    0 20.8 33  30   M    M   0        44  30
================================================================================
SM 2517 1757         0 325  0.00     0.0 264.0          M        2
================================================================================
AV 89.9 62.8                               9.4 FASTST   M    M   0    MAX(MPH)
                                 MISC ---->  # 41  30               # 53   30
================================================================================
NOTES:
# LAST OF SEVERAL OCCURRENCES

COLUMN 17 PEAK WIND IN M.P.H.

PRELIMINARY LOCAL CLIMATOLOGICAL DATA (WS FORM: F-6) , PAGE 2

                                          STATION:  NEEDLES CA
                                          MONTH:    APRIL
                                          YEAR:     2017
                                          LATITUDE:   34 46 N
                                          LONGITUDE: 114 37 W

[TEMPERATURE DATA]      [PRECIPITATION DATA]       SYMBOLS USED IN COLUMN 16

AVERAGE MONTHLY: 76.3   TOTAL FOR MONTH:   0.00    1 = FOG OR MIST
DPTR FM NORMAL:   4.7   DPTR FM NORMAL:   -0.21    2 = FOG REDUCING VISIBILITY
HIGHEST:    99 ON 23    GRTST 24HR  0.00 ON 28-28      TO 1/4 MILE OR LESS
LOWEST:     51 ON 10                               3 = THUNDER
                        SNOW, ICE PELLETS, HAIL    4 = ICE PELLETS
                        TOTAL MONTH:   0.0 INCH    5 = HAIL
                        GRTST 24HR     0.0         6 = FREEZING RAIN OR DRIZZLE
                        GRTST DEPTH:   0           7 = DUSTSTORM OR SANDSTORM:
                                                       VSBY 1/2 MILE OR LESS
                                                   8 = SMOKE OR HAZE
[NO. OF DAYS WITH]      [WEATHER - DAYS WITH]      9 = BLOWING SNOW
                                                   X = TORNADO
MAX 32 OR BELOW:   0    0.01 INCH OR MORE:   0
MAX 90 OR ABOVE:  18    0.10 INCH OR MORE:   0
MIN 32 OR BELOW:   0    0.50 INCH OR MORE:   0
MIN  0 OR BELOW:   0    1.00 INCH OR MORE:   0

[HDD (BASE 65) ]
TOTAL THIS MO.     0    CLEAR  (SCALE 0-3)  28
DPTR FM NORMAL   -19    PTCLDY (SCALE 4-7)   0
TOTAL FM JUL 1   757    CLOUDY (SCALE 8-10)  0
DPTR FM NORMAL  -410

[CDD (BASE 65) ]
TOTAL THIS MO.   325
DPTR FM NORMAL   118    [PRESSURE DATA]
TOTAL FM JAN 1   595    HIGHEST SLP M ON M
DPTR FM NORMAL   305    LOWEST  SLP 29.45 ON 27

[REMARKS]
