000
CXUS55 KGJT 301000
CF6EEO
PRELIMINARY LOCAL CLIMATOLOGICAL DATA (WS FORM: F-6)

                                          STATION:   MEEKER CO
                                          MONTH:     OCTOBER
                                          YEAR:      2014
                                          LATITUDE:   40  2 N
                                          LONGITUDE: 107 53 W

  TEMPERATURE IN F:       :PCPN:    SNOW:  WIND      :SUNSHINE: SKY     :PK WND
================================================================================
1   2   3   4   5  6A  6B    7    8   9   10  11  12  13   14  15   16   17  18
                                     12Z  AVG MX 2MIN
DY MAX MIN AVG DEP HDD CDD  WTR  SNW DPTH SPD SPD DIR MIN PSBL S-S WX    SPD DR
================================================================================

 1  48  35  42  -8  23   0 0.58    M    M  3.6 16 360   M    M   8 1      20 340
 2  56  32  44  -6  21   0 0.00    M    M  3.2 13 270   M    M   5 12     19 230
 3  62  30  46  -4  19   0 0.00    M    M  6.0 18 230   M    M   0        23 230
 4  66  31  49   0  16   0 0.00    M    M  4.6 17 240   M    M   0        20 240
 5  67  32  50   1  15   0 0.00    M    M  5.1 17 250   M    M   0        23 240
 6  71  33  52   4  13   0 0.00    M    M  3.8 14 290   M    M   0        17 300
 7  72  33  53   5  12   0 0.00    M    M  3.5  9  90   M    M   0        12 110
 8  72  39  56   8   9   0 0.00    M    M  2.2 12 140   M    M   1        14 230
 9  55  48  52   5  13   0 0.07    M    M  2.7 13  40   M    M  10        15  30
10  64  41  53   6  12   0 0.02    M    M  4.3 13 240   M    M   4        15  50
11  67  39  53   7  12   0 0.00    M    M  6.0 23 250   M    M   3 8      28 240
12  50  35  43  -3  22   0 0.37    M    M  8.6 30 330   M    M   8 1      39 340
13  53  31  42  -4  23   0 0.00    M    M  3.6 15 120   M    M   4 12     19 110
14  68  28  48   3  17   0 0.00    M    M  3.9 12  90   M    M   0        16 100
15  71  29  50   5  15   0 0.00    M    M  5.3 20 210   M    M   0        25 240
16  70  40  55  11  10   0 0.00    M    M  3.7 15 280   M    M   0        20 270
17  71  34  53   9  12   0 0.00    M    M  3.3 10 280   M    M   0        13 250
18  71  33  52   8  13   0 0.00    M    M  4.3 13 260   M    M   0        17 250
19  72  34  53  10  12   0 0.00    M    M  2.2 12  70   M    M   1 8      13  60
20  71  34  53  10  12   0 0.00    M    M  3.5 14 300   M    M   1 8      19 300
21  66  39  53  11  12   0 0.32    M    M  7.8 28 280   M    M   2 13     34 280
22  61  38  50   8  15   0 0.04    M    M  4.3 16 310   M    M   3 1      20 310
23  68  32  50   8  15   0 0.00    M    M  4.6 16 210   M    M   0        21 240
24  74  34  54  13  11   0 0.00    M    M  5.2 22 230   M    M   0        27 220
25  75  31  53  12  12   0 0.00    M    M  5.3 21 240   M    M   0        26 190
26  68  38  53  12  12   0 0.36    M    M 12.3 29 220   M    M   3 13     35 220
27  48  29  39  -1  26   0    T    M    M  4.7 13 240   M    M   5        16 240
28  55  23  39  -1  26   0 0.00    M    M  3.9 13 290   M    M   0        16 290
29  62  24  43   3  22   0 0.00    M    M  4.0 16 290   M    M   0        21 250
================================================================================
SM 1874  979       452   0  1.76    M    135.5          M       58
================================================================================
AV 64.6 33.8                               4.7 FASTST   M    M   2    MAX(MPH)
                                 MISC ---->  # 30 330               # 39  340
================================================================================
NOTES:
# LAST OF SEVERAL OCCURRENCES

COLUMN 17 PEAK WIND IN M.P.H.

PRELIMINARY LOCAL CLIMATOLOGICAL DATA (WS FORM: F-6) , PAGE 2

                                          STATION:  MEEKER CO
                                          MONTH:    OCTOBER
                                          YEAR:     2014
                                          LATITUDE:   40  2 N
                                          LONGITUDE: 107 53 W

[TEMPERATURE DATA]      [PRECIPITATION DATA]       SYMBOLS USED IN COLUMN 16

AVERAGE MONTHLY: 49.2   TOTAL FOR MONTH:   1.76    1 = FOG OR MIST
DPTR FM NORMAL:   4.3   DPTR FM NORMAL:    0.03    2 = FOG REDUCING VISIBILITY
HIGHEST:    75 ON 25    GRTST 24HR  0.70 ON  1- 2      TO 1/4 MILE OR LESS
LOWEST:     23 ON 28                               3 = THUNDER
                        SNOW, ICE PELLETS, HAIL    4 = ICE PELLETS
                        TOTAL MONTH:    M          5 = HAIL
                        GRTST 24HR    M  ON   M    6 = FREEZING RAIN OR DRIZZLE
                        GRTST DEPTH:  M  ON   M    7 = DUSTSTORM OR SANDSTORM:
                                                       VSBY 1/2 MILE OR LESS
                                                   8 = SMOKE OR HAZE
[NO. OF DAYS WITH]      [WEATHER - DAYS WITH]      9 = BLOWING SNOW
                                                   X = TORNADO
MAX 32 OR BELOW:   0    0.01 INCH OR MORE:   7
MAX 90 OR ABOVE:   0    0.10 INCH OR MORE:   4
MIN 32 OR BELOW:  12    0.50 INCH OR MORE:   1
MIN  0 OR BELOW:   0    1.00 INCH OR MORE:   0

[HDD (BASE 65) ]
TOTAL THIS MO.   452    CLEAR  (SCALE 0-3)  19
DPTR FM NORMAL  -132    PTCLDY (SCALE 4-7)   8
TOTAL FM JUL 1   667    CLOUDY (SCALE 8-10)  2
DPTR FM NORMAL  -224

[CDD (BASE 65) ]
TOTAL THIS MO.     0
DPTR FM NORMAL     0    [PRESSURE DATA]
TOTAL FM JAN 1   197    HIGHEST SLP M ON M
DPTR FM NORMAL    25    LOWEST  SLP 29.53 ON 26

[REMARKS]
