000
CXUS55 KGJT 261000
CF6EEO
PRELIMINARY LOCAL CLIMATOLOGICAL DATA (WS FORM: F-6)

                                          STATION:   MEEKER CO
                                          MONTH:     JUNE
                                          YEAR:      2017
                                          LATITUDE:   40  2 N
                                          LONGITUDE: 107 53 W

  TEMPERATURE IN F:       :PCPN:    SNOW:  WIND      :SUNSHINE: SKY     :PK WND
================================================================================
1   2   3   4   5  6A  6B    7    8   9   10  11  12  13   14  15   16   17  18
                                     12Z  AVG MX 2MIN
DY MAX MIN AVG DEP HDD CDD  WTR  SNW DPTH SPD SPD DIR MIN PSBL S-S WX    SPD DR
================================================================================

 1  77  41  59   2   6   0 0.67    M    M  5.7 23 110   M    M   3 13     29 110
 2  74  45  60   3   5   0 0.00    M    M  6.3 29 320   M    M   0 3      34 330
 3  80  39  60   2   5   0 0.00    M    M  4.1 12 110   M    M   0        14  20
 4  87  41  64   6   1   0 0.00    M    M  4.5 14 270   M    M   0        18 270
 5  82  47  65   7   0   0    T    M    M  8.5 38 230   M    M   1 3      50 240
 6  86  50  68  10   0   3 0.00    M    M  6.4 25 250   M    M   1        32 250
 7  83  53  68   9   0   3 0.00    M    M  6.5 23  30   M    M   2 3      30  30
 8  88  47  68   9   0   3 0.00    M    M  7.9 24 220   M    M   0        32 200
 9  87  42  65   6   0   0 0.00    M    M 10.6 28 230   M    M   0        38 220
10  87  47  67   8   0   2 0.00    M    M 11.5 30 200   M    M   0        40 190
11  85  47  66   6   0   1 0.00    M    M  9.5 25 210   M    M   0        33 220
12  83  44  64   4   1   0 0.00    M    M 13.0 43 220   M    M   0 8      60 220
13  70  31  51  -9  14   0 0.00    M    M 10.3 30 240   M    M   3 8      39 240
14  80  34  57  -3   8   0 0.00    M    M  5.2 21 280   M    M   0        29 260
15  86  37  62   1   3   0 0.00    M    M  4.9 17 280   M    M   0        24 250
16  88  42  65   4   0   0 0.00    M    M  7.9 24 300   M    M   0        32 250
17  85  47  66   5   0   1 0.00    M    M  5.8 20  20   M    M   1        24 270
18  85  43  64   2   1   0 0.00    M    M  5.5 15 360   M    M   0        22 320
19  85  45  65   3   0   0 0.00    M    M  5.0 12  10   M    M   0        14  10
20  96  47  72  10   0   7 0.00    M    M  5.6 25 260   M    M   0        32 270
21  94  51  73  11   0   8 0.00    M    M  6.3 26 350   M    M   0        34 360
22  93  50  72  10   0   7 0.11    M    M  7.8 32 260   M    M   1 38     45 260
23  82  44  63   0   2   0 0.00    M    M  4.1 17  10   M    M   0        23 360
24  82  41  62  -1   3   0 0.00    M    M  6.6 17  30   M    M   0        23  30
25  87  41  64   1   1   0 0.00    M    M  5.3 17 360   M    M   0        22 360
================================================================================
SM 2112 1096        50  35  0.78    M    174.8          M       12
================================================================================
AV 84.5 43.8                               7.0 FASTST   M    M   0    MAX(MPH)
                                 MISC ---->  # 43 220               # 60  220
================================================================================
NOTES:
# LAST OF SEVERAL OCCURRENCES

COLUMN 17 PEAK WIND IN M.P.H.

PRELIMINARY LOCAL CLIMATOLOGICAL DATA (WS FORM: F-6) , PAGE 2

                                          STATION:  MEEKER CO
                                          MONTH:    JUNE
                                          YEAR:     2017
                                          LATITUDE:   40  2 N
                                          LONGITUDE: 107 53 W

[TEMPERATURE DATA]      [PRECIPITATION DATA]       SYMBOLS USED IN COLUMN 16

AVERAGE MONTHLY: 64.2   TOTAL FOR MONTH:   0.78    1 = FOG OR MIST
DPTR FM NORMAL:   4.0   DPTR FM NORMAL:   -0.29    2 = FOG REDUCING VISIBILITY
HIGHEST:    96 ON 20    GRTST 24HR  0.67 ON  1- 1      TO 1/4 MILE OR LESS
LOWEST:     31 ON 13                               3 = THUNDER
                        SNOW, ICE PELLETS, HAIL    4 = ICE PELLETS
                        TOTAL MONTH:    M          5 = HAIL
                        GRTST 24HR    M  ON   M    6 = FREEZING RAIN OR DRIZZLE
                        GRTST DEPTH:  M  ON   M    7 = DUSTSTORM OR SANDSTORM:
                                                       VSBY 1/2 MILE OR LESS
                                                   8 = SMOKE OR HAZE
[NO. OF DAYS WITH]      [WEATHER - DAYS WITH]      9 = BLOWING SNOW
                                                   X = TORNADO
MAX 32 OR BELOW:   0    0.01 INCH OR MORE:   2
MAX 90 OR ABOVE:   3    0.10 INCH OR MORE:   2
MIN 32 OR BELOW:   1    0.50 INCH OR MORE:   1
MIN  0 OR BELOW:   0    1.00 INCH OR MORE:   0

[HDD (BASE 65) ]
TOTAL THIS MO.    50    CLEAR  (SCALE 0-3)  24
DPTR FM NORMAL   -84    PTCLDY (SCALE 4-7)   1
TOTAL FM JUL 1  6765    CLOUDY (SCALE 8-10)  0
DPTR FM NORMAL -1202

[CDD (BASE 65) ]
TOTAL THIS MO.    35
DPTR FM NORMAL    21    [PRESSURE DATA]
TOTAL FM JAN 1    35    HIGHEST SLP M ON M
DPTR FM NORMAL    20    LOWEST  SLP 29.47 ON M

[REMARKS]
