000
CXUS54 KBMX 281216
CF6EET
PRELIMINARY LOCAL CLIMATOLOGICAL DATA (WS FORM: F-6)

                                          STATION:   SHELBY COUNTY AIRPORT
                                          MONTH:     FEBRUARY
                                          YEAR:      2015
                                          LATITUDE:   33 10 N
                                          LONGITUDE:  86 47 W

  TEMPERATURE IN F:       :PCPN:    SNOW:  WIND      :SUNSHINE: SKY     :PK WND
================================================================================
1   2   3   4   5  6A  6B    7    8   9   10  11  12  13   14  15   16   17  18
                                     12Z  AVG MX 2MIN
DY MAX MIN AVG DEP HDD CDD  WTR  SNW DPTH SPD SPD DIR MIN PSBL S-S WX    SPD DR
================================================================================

 1  60  42  51   5  14   0 0.66  0.0    0  5.3 16 300   M    M   7 13     22 260
 2  57  29  43  -3  22   0    T  0.0    0 10.1 25 320   M    M   6        32 310
 3  49  28  39  -7  26   0 0.00  0.0    0  1.1  7  60   M    M   0        12  40
 4  52  34  43  -3  22   0 0.00  0.0    0  1.2 10 140   M    M   1        14 150
 5  50  30  40  -6  25   0 0.00  0.0    0  8.0 16 350   M    M   3        23 350
 6  56  27  42  -5  23   0 0.00  0.0    0  2.3  9 230   M    M   0        16 220
 7  67  30  49   2  16   0 0.00  0.0    0  4.5 14 180   M    M   0 8      20 180
 8  70  45  58  11   7   0 0.00  0.0    0  5.9 15 210   M    M   4        20 200
 9  68  41  55   8  10   0 0.04  0.0    0  8.3 20 320   M    M   8 1      28 350
10  50  34  42  -5  23   0 0.00  0.0    0  7.8 17 350   M    M   5        28 330
11  63  30  47  -1  18   0 0.00  0.0    0  2.2 10 310   M    M   0 18     13 320
12  49  29  39  -9  26   0 0.00  0.0    0  9.6 22 310   M    M   0 8      31 350
13  46  26  36 -12  29   0 0.00  0.0    0  4.0 14 350   M    M   0        19 350
14  64  29  47  -1  18   0 0.00  0.0    0  5.0 15 350   M    M   0        24 360
15  48  28  38 -10  27   0 0.00  0.0    0  6.2 14 350   M    M   1        21 360
16  55  34  45  -4  20   0 0.99  0.0    0  6.0 22 330   M    M   9 1      32 330
17  38  26  32 -17  33   0 0.00  0.0    0  9.0 18 320   M    M   5        26 310
18  44  24  34 -15  31   0 0.00  0.0    0  9.4 23 290   M    M   3        33 300
19  33  19  26 -23  39   0 0.00  0.0    0  6.8 16 310   M    M   0        23 350
20  38  21  30 -20  35   0 0.00  0.0    0  5.9 13 130   M    M   9        20 120
21  64  38  51   1  14   0 0.65  0.0    0 11.4 21 170   M    M  10 1      28 180
22  62  41  52   2  13   0 0.76  0.0    0  4.5 13 330   M    M  10 1      18 330
23  44  34  39 -11  26   0 0.75  0.0    0  7.5 15 330   M    M   8 18     21 320
24  47  32  40 -11  25   0    T  0.0    0  4.2  9 310   M    M   7        13 310
25  37  34  36 -15  29   0 0.70    T    0  3.9 10  50   M    M   7 1      15 100
26  39  30  35 -16  30   0 0.00  0.0    0  5.2 14 330   M    M   7 1      19 330
27  47  30  39 -12  26   0 0.00  0.0    0  6.6 13 350   M    M   3 1      19  10
================================================================================
SM 1397  845       627   0  4.55    T    161.9          M      113
================================================================================
AV 51.7 31.3                               6.0 FASTST   M    M   4    MAX(MPH)
                                 MISC ---->  # 25 320               # 33  300
================================================================================
NOTES:
# LAST OF SEVERAL OCCURRENCES

COLUMN 17 PEAK WIND IN M.P.H.

PRELIMINARY LOCAL CLIMATOLOGICAL DATA (WS FORM: F-6) , PAGE 2

                                          STATION:  SHELBY COUNTY AIRPORT
                                          MONTH:    FEBRUARY
                                          YEAR:     2015
                                          LATITUDE:   33 10 N
                                          LONGITUDE:  86 47 W

[TEMPERATURE DATA]      [PRECIPITATION DATA]       SYMBOLS USED IN COLUMN 16

AVERAGE MONTHLY: 41.5   TOTAL FOR MONTH:   4.55    1 = FOG OR MIST
DPTR FM NORMAL:  -6.8   DPTR FM NORMAL:   -0.99    2 = FOG REDUCING VISIBILITY
HIGHEST:    70 ON  8    GRTST 24HR  1.27 ON 21-22      TO 1/4 MILE OR LESS
LOWEST:     19 ON 19                               3 = THUNDER
                        SNOW, ICE PELLETS, HAIL    4 = ICE PELLETS
                        TOTAL MONTH:    T          5 = HAIL
                        GRTST 24HR    T  ON 25-25  6 = FREEZING RAIN OR DRIZZLE
                        GRTST DEPTH:   0           7 = DUSTSTORM OR SANDSTORM:
                                                       VSBY 1/2 MILE OR LESS
                                                   8 = SMOKE OR HAZE
[NO. OF DAYS WITH]      [WEATHER - DAYS WITH]      9 = BLOWING SNOW
                                                   X = TORNADO
MAX 32 OR BELOW:   0    0.01 INCH OR MORE:   7
MAX 90 OR ABOVE:   0    0.10 INCH OR MORE:   6
MIN 32 OR BELOW:  17    0.50 INCH OR MORE:   6
MIN  0 OR BELOW:   0    1.00 INCH OR MORE:   0

[HDD (BASE 65) ]
TOTAL THIS MO.   627    CLEAR  (SCALE 0-3)  13
DPTR FM NORMAL   176    PTCLDY (SCALE 4-7)   9
TOTAL FM JUL 1  2229    CLOUDY (SCALE 8-10)  5
DPTR FM NORMAL   114

[CDD (BASE 65) ]
TOTAL THIS MO.     0
DPTR FM NORMAL     0    [PRESSURE DATA]
TOTAL FM JAN 1     0    HIGHEST SLP M ON M
DPTR FM NORMAL    -1    LOWEST  SLP 29.68 ON 16

[REMARKS]
