000
CXUS56 KEKA 301230
CF6EKA
PRELIMINARY LOCAL CLIMATOLOGICAL DATA (WS FORM: F-6)

                                          STATION:   EUREKA CA
                                          MONTH:     OCTOBER
                                          YEAR:      2014
                                          LATITUDE:   40 47 N
                                          LONGITUDE: 124 10 W

  TEMPERATURE IN F:       :PCPN:    SNOW:  WIND      :SUNSHINE: SKY     :PK WND
================================================================================
1   2   3   4   5  6A  6B    7    8   9   10  11  12  13   14  15   16   17  18
                                     12Z  AVG MX 2MIN
DY MAX MIN AVG DEP HDD CDD  WTR  SNW DPTH SPD SPD DIR MIN PSBL S-S WX    SPD DR
================================================================================

 1  66  47  57   1   8   0 0.00  0.0    0  4.9 14 360   M    M   0        26  M
 2  72  48  60   4   5   0 0.00  0.0    0  2.2  6 300   M    M   0         9  M
 3  80  50  65   9   0   0 0.00  0.0    0  1.5  9 290   M    M   0        10  M
 4  75  50  63   8   2   0 0.00  0.0    0  1.8  7 360   M    M   0         9  M
 5  71  52  62   7   3   0 0.00  0.0    0  2.0  8 290   M    M   0        10  M
 6  60  51  56   1   9   0 0.00  0.0    0  3.1  8 310   M    M   6 2      12  M
 7  62  51  57   2   8   0 0.00  0.0    0  3.3  8 310   M    M   9 1      13  M
 8  59  52  56   1   9   0 0.00  0.0    0  2.5  8 330   M    M  10 1      10  M
 9  58  54  56   1   9   0    T  0.0    0  3.1  6 340   M    M  10 1      10  M
10  57  54  56   1   9   0 0.01  0.0    0  3.0  9 360   M    M  10 1      14  M
11  62  52  57   2   8   0 0.00  0.0    0  3.8 14 360   M    M   0 1      18  M
12  65  47  56   1   9   0 0.00  0.0    0  2.3 10 300   M    M   1 18     12  M
13  65  45  55   0  10   0 0.00  0.0    0  1.6  6 320   M    M   8 2      10 320
14  67  51  59   4   6   0 0.47  0.0    0  4.8 14 210   M    M  10 13     22 210
15  66  52  59   4   6   0 0.39  0.0    0  6.3 12 230   M    M   5 1      22 170
16  72  50  61   7   4   0 0.00  0.0    0  4.6 12 240   M    M   5        22  M
17  68  59  64  10   1   0 0.25  0.0    0  7.5 16 170   M    M  10 1      26 170
18  69  56  63   9   2   0 0.02  0.0    0  3.2 12 280   M    M   5 1      18  M
19  74  56  65  11   0   0 0.04  0.0    0  8.3 16 150   M    M   3 1      24 150
20  68  53  61   7   4   0 0.52  0.0    0  8.2 14 260   M    M   8        26 260
21  67  54  61   7   4   0 0.00  0.0    0  5.8 10 170   M    M   8 1      17  M
22  67  58  63   9   2   0 0.45  0.0    0 10.7 17 180   M    M  10        25 180
23  62  55  59   5   6   0 0.79  0.0    0  5.5 12 190   M    M  10 1      30 170
24  73  55  64  10   1   0 0.26  0.0    0 10.5 23 180   M    M   6 1      44 180
25  64  50  57   3   8   0 0.66  0.0    0 11.9 23 200   M    M  10 1      37 200
26  62  47  55   1  10   0 0.10    M    0  3.3  9 310   M    M   6 1      14  M
27  60  46  53  -1  12   0 0.00  0.0    0  2.7  8 330   M    M   5 1      12  M
28  69  45  57   4   8   0 0.05    M    0  3.1 10 220   M    M   9 1      17 220
29  67  58  63  10   2   0    T  0.0    0  1.6  8 320   M    M   9 1       9  M
================================================================================
SM 1927 1498       165   0  4.01     0.0 133.1          M      173
================================================================================
AV 66.4 51.7                               4.6 FASTST   M    M   6    MAX(MPH)
                                 MISC ---->  # 23 180               # 44  180
================================================================================
NOTES:
# LAST OF SEVERAL OCCURRENCES

COLUMN 17 PEAK WIND IN M.P.H.

PRELIMINARY LOCAL CLIMATOLOGICAL DATA (WS FORM: F-6) , PAGE 2

                                          STATION:  EUREKA CA
                                          MONTH:    OCTOBER
                                          YEAR:     2014
                                          LATITUDE:   40 47 N
                                          LONGITUDE: 124 10 W

[TEMPERATURE DATA]      [PRECIPITATION DATA]       SYMBOLS USED IN COLUMN 16

AVERAGE MONTHLY: 59.1   TOTAL FOR MONTH:   4.01    1 = FOG OR MIST
DPTR FM NORMAL:   4.5   DPTR FM NORMAL:    2.02    2 = FOG REDUCING VISIBILITY
HIGHEST:    80 ON  3    GRTST 24HR  0.79 ON 23-23      TO 1/4 MILE OR LESS
LOWEST:     45 ON 28,13                            3 = THUNDER
                        SNOW, ICE PELLETS, HAIL    4 = ICE PELLETS
                        TOTAL MONTH:   0.0 INCH    5 = HAIL
                        GRTST 24HR     0.0         6 = FREEZING RAIN OR DRIZZLE
                        GRTST DEPTH:   0           7 = DUSTSTORM OR SANDSTORM:
                                                       VSBY 1/2 MILE OR LESS
                                                   8 = SMOKE OR HAZE
[NO. OF DAYS WITH]      [WEATHER - DAYS WITH]      9 = BLOWING SNOW
                                                   X = TORNADO
MAX 32 OR BELOW:   0    0.01 INCH OR MORE:  13
MAX 90 OR ABOVE:   0    0.10 INCH OR MORE:   9
MIN 32 OR BELOW:   0    0.50 INCH OR MORE:   3
MIN  0 OR BELOW:   0    1.00 INCH OR MORE:   0

[HDD (BASE 65) ]
TOTAL THIS MO.   165    CLEAR  (SCALE 0-3)   8
DPTR FM NORMAL  -140    PTCLDY (SCALE 4-7)  10
TOTAL FM JUL 1   688    CLOUDY (SCALE 8-10) 11
DPTR FM NORMAL  -282

[CDD (BASE 65) ]
TOTAL THIS MO.     0
DPTR FM NORMAL     0    [PRESSURE DATA]
TOTAL FM JAN 1     4    HIGHEST SLP M ON M
DPTR FM NORMAL     4    LOWEST  SLP M ON M

[REMARKS]
