000
CXUS51 KRLX 261400
CF6EKN
PRELIMINARY LOCAL CLIMATOLOGICAL DATA (WS FORM: F-6)

                                          STATION:   ELKINS WV
                                          MONTH:     FEBRUARY
                                          YEAR:      2015
                                          LATITUDE:   38 52 N
                                          LONGITUDE:  79 51 W

  TEMPERATURE IN F:       :PCPN:    SNOW:  WIND      :SUNSHINE: SKY     :PK WND
================================================================================
1   2   3   4   5  6A  6B    7    8   9   10  11  12  13   14  15   16   17  18
                                     12Z  AVG MX 2MIN
DY MAX MIN AVG DEP HDD CDD  WTR  SNW DPTH SPD SPD DIR MIN PSBL S-S WX    SPD DR
================================================================================

 1  43  17  30   0  35   0 0.23    T    0  3.4 20 180   M    M   9 1      29 170
 2  47  16  32   2  33   0 0.53  2.0    1 10.8 29 290   M    M  10 1      37 300
 3  31  12  22  -8  43   0    T    T    2  3.4 14 240   M    M   6        17 260
 4  50  16  33   3  32   0 0.00  0.0    0  2.7 13 220   M    M   4        17 230
 5  42   2  22  -8  43   0 0.07  0.8    1  9.0 23 310   M    M   6 1      28 320
 6  31  -1  15 -16  50   0 0.00  0.0    1  3.3 17 240   M    M   4 18     25 250
 7  51  12  32   1  33   0 0.00  0.0    0  3.0 23 240   M    M   4        34 230
 8  62  27  45  14  20   0    T  0.0    0  8.0 21 240   M    M   2        29 220
 9  51  29  40   9  25   0 0.15  0.0    0  3.8 10 320   M    M   8 12     14 340
10  29  24  27  -4  38   0    T  0.0    0  5.3  M   M   M    M  10 1       M  M
11  47  24  36   5  29   0 0.00  0.0    0  3.9 13 300   M    M   9 1      17 330
12  34   9  22 -10  43   0 0.13  6.0    T 11.9 23 320   M    M  10 1269   34 280
13  20  -6   7 -25  58   0    T    M    3  2.9 17 320   M    M   4 1      24 350
14  33   4  19 -13  46   0 0.10  2.3    2 15.2 36 300   M    M  10 129    49 300
15   8  -9   0 -32  65   0 0.01    T    4 10.4 24 300   M    M   6 1289   32 300
16  16 -12   2 -30  63   0 0.38  4.0    4  0.7  8 160   M    M   7 18      9 170
17  24   3  14 -18  51   0 0.03  1.6   10  4.1 14 290   M    M   5 18     16 300
18  24   2  13 -20  52   0 0.02  3.5    6  9.0 28 240   M    M   9 18     37 290
19   4  -1   2 -31  63   0 0.02  1.1    9 10.7 20 270   M    M  10 189    32 260
20  17  -6   6 -27  59   0    T  0.4    8  2.4 17 260   M    M   5 8      25 270
21  35  -6  15 -18  50   0 0.92    M    8  4.6 16 160   M    M   9 128    23 160
22  38  28  33  -1  32   0 0.05    T   11  4.3 12 330   M    M   9 1      15 330
23  28  -7  11 -23  54   0    T    T   10  6.2 15 320   M    M   7 18     22 310
24  35 -15  10 -24  55   0    T    T    9  3.8 16 270   M    M   0 18     27 250
25  34  20  27  -7  38   0 0.00  0.0    9  3.7 17 290   M    M   4        25 270
================================================================================
SM  834  182      1110   0  2.64    21.7 146.5          M      167
================================================================================
AV 33.4  7.3                               5.9 FASTST   M    M   7    MAX(MPH)
                                 MISC ---->  # 36 300               # 49  300
================================================================================
NOTES:
# LAST OF SEVERAL OCCURRENCES

COLUMN 17 PEAK WIND IN M.P.H.

PRELIMINARY LOCAL CLIMATOLOGICAL DATA (WS FORM: F-6) , PAGE 2

                                          STATION:  ELKINS WV
                                          MONTH:    FEBRUARY
                                          YEAR:     2015
                                          LATITUDE:   38 52 N
                                          LONGITUDE:  79 51 W

[TEMPERATURE DATA]      [PRECIPITATION DATA]       SYMBOLS USED IN COLUMN 16

AVERAGE MONTHLY: 20.3   TOTAL FOR MONTH:   2.64    1 = FOG OR MIST
DPTR FM NORMAL: -11.5   DPTR FM NORMAL:   -0.11    2 = FOG REDUCING VISIBILITY
HIGHEST:    62 ON  8    GRTST 24HR  0.96 ON 21-22      TO 1/4 MILE OR LESS
LOWEST:    -15 ON 24                               3 = THUNDER
                        SNOW, ICE PELLETS, HAIL    4 = ICE PELLETS
                        TOTAL MONTH:  21.7 INCHES  5 = HAIL
                        GRTST 24HR   6.0 ON 12-12  6 = FREEZING RAIN OR DRIZZLE
                        GRTST DEPTH:  11 ON 22     7 = DUSTSTORM OR SANDSTORM:
                                                       VSBY 1/2 MILE OR LESS
                                                   8 = SMOKE OR HAZE
[NO. OF DAYS WITH]      [WEATHER - DAYS WITH]      9 = BLOWING SNOW
                                                   X = TORNADO
MAX 32 OR BELOW:  11    0.01 INCH OR MORE:  13
MAX 90 OR ABOVE:   0    0.10 INCH OR MORE:   7
MIN 32 OR BELOW:  25    0.50 INCH OR MORE:   2
MIN  0 OR BELOW:   9    1.00 INCH OR MORE:   0

[HDD (BASE 65) ]
TOTAL THIS MO.  1110    CLEAR  (SCALE 0-3)   2
DPTR FM NORMAL   281    PTCLDY (SCALE 4-7)  12
TOTAL FM JUL 1  4491    CLOUDY (SCALE 8-10) 11
DPTR FM NORMAL   261

[CDD (BASE 65) ]
TOTAL THIS MO.     0
DPTR FM NORMAL     0    [PRESSURE DATA]
TOTAL FM JAN 1     0    HIGHEST SLP M ON M
DPTR FM NORMAL     0    LOWEST  SLP 29.46 ON  2

[REMARKS]
