000
CXUS56 KLKN 251001
CF6EKO
PRELIMINARY LOCAL CLIMATOLOGICAL DATA (WS FORM: F-6)

                                          STATION:   ELKO AIRPORT NV
                                          MONTH:     OCTOBER
                                          YEAR:      2014
                                          LATITUDE:   40 49 N
                                          LONGITUDE: 115 47 W

  TEMPERATURE IN F:       :PCPN:    SNOW:  WIND      :SUNSHINE: SKY     :PK WND
================================================================================
1   2   3   4   5  6A  6B    7    8   9   10  11  12  13   14  15   16   17  18
                                     12Z  AVG MX 2MIN
DY MAX MIN AVG DEP HDD CDD  WTR  SNW DPTH SPD SPD DIR MIN PSBL S-S WX    SPD DR
================================================================================

 1  59  27  43  -9  22   0 0.00  0.0    0  3.2 13 230   M    M   1 8      17 230
 2  70  24  47  -5  18   0 0.00  0.0    0  4.4 16 270   M    M   0        22 270
 3  75  32  54   2  11   0 0.00  0.0    0  2.5 10 190   M    M   0        15 190
 4  79  31  55   4  10   0 0.00  0.0    0  2.5 15 340   M    M   0        18 340
 5  79  33  56   5   9   0 0.00  0.0    0  3.4 15 260   M    M   0        24 260
 6  82  34  58   8   7   0 0.00  0.0    0  3.6 14 230   M    M   0        20 210
 7  81  35  58   8   7   0 0.00  0.0    0  2.0 10 160   M    M   0        13 200
 8  81  35  58   8   7   0 0.00  0.0    0  3.3 12 130   M    M   0        16 170
 9  78  32  55   6  10   0 0.00  0.0    0  5.0 20 280   M    M   0        28 290
10  74  33  54   5  11   0 0.00  0.0    0  3.8 18 260   M    M   0        23 270
11  75  31  53   5  12   0 0.00  0.0    0  7.6 36 330   M    M   0 8      47 340
12  62  31  47  -1  18   0 0.00  0.0    0  5.5 32 330   M    M   1 8      42 330
13  74  27  51   3  14   0 0.00  0.0    0  3.1 12  80   M    M   0        14  80
14  78  35  57  10   8   0 0.00  0.0    0 11.9 29 170   M    M   0        41 170
15  70  44  57  10   8   0 0.00  0.0    0 14.8 32 250   M    M   0        43 170
16  67  42  55   9  10   0 0.00  0.0    0  5.0 12 260   M    M   0        15 210
17  74  34  54   8  11   0 0.00  0.0    0  2.8 13 160   M    M   0 8      18 150
18  74  29  52   6  13   0 0.00  0.0    0  2.5 10  30   M    M   0        13  30
19  77  34  56  11   9   0 0.00  0.0    0  4.6 16 210   M    M   0        23 250
20  78  38  58  13   7   0    T  0.0    0  9.3 23 170   M    M   2        28 160
21  58  30  44  -1  21   0 0.00  0.0    0  8.3 21 270   M    M   2        24 260
22  66  24  45   1  20   0 0.00  0.0    0  3.1 13 240   M    M   1        15 220
23  73  36  55  11  10   0 0.00  0.0    0  4.7 17 260   M    M   0        20 270
24  79  28  54  10  11   0 0.00  0.0    0  6.1 23 170   M    M   0        30 170
================================================================================
SM 1763  779       284   0    T      0.0 123.0          M        7
================================================================================
AV 73.5 32.5                               5.1 FASTST   M    M   0    MAX(MPH)
                                 MISC ---->  # 36 330               # 47  340
================================================================================
NOTES:
# LAST OF SEVERAL OCCURRENCES

COLUMN 17 PEAK WIND IN M.P.H.

PRELIMINARY LOCAL CLIMATOLOGICAL DATA (WS FORM: F-6) , PAGE 2

                                          STATION:  ELKO AIRPORT NV
                                          MONTH:    OCTOBER
                                          YEAR:     2014
                                          LATITUDE:   40 49 N
                                          LONGITUDE: 115 47 W

[TEMPERATURE DATA]      [PRECIPITATION DATA]       SYMBOLS USED IN COLUMN 16

AVERAGE MONTHLY: 53.0   TOTAL FOR MONTH:      T    1 = FOG OR MIST
DPTR FM NORMAL:   5.1   DPTR FM NORMAL:   -0.54    2 = FOG REDUCING VISIBILITY
HIGHEST:    82 ON  6    GRTST 24HR    T  ON 20-20      TO 1/4 MILE OR LESS
LOWEST:     24 ON 22, 2                            3 = THUNDER
                        SNOW, ICE PELLETS, HAIL    4 = ICE PELLETS
                        TOTAL MONTH:   0.0 INCH    5 = HAIL
                        GRTST 24HR     0.0         6 = FREEZING RAIN OR DRIZZLE
                        GRTST DEPTH:   0           7 = DUSTSTORM OR SANDSTORM:
                                                       VSBY 1/2 MILE OR LESS
                                                   8 = SMOKE OR HAZE
[NO. OF DAYS WITH]      [WEATHER - DAYS WITH]      9 = BLOWING SNOW
                                                   X = TORNADO
MAX 32 OR BELOW:   0    0.01 INCH OR MORE:   0
MAX 90 OR ABOVE:   0    0.10 INCH OR MORE:   0
MIN 32 OR BELOW:  12    0.50 INCH OR MORE:   0
MIN  0 OR BELOW:   0    1.00 INCH OR MORE:   0

[HDD (BASE 65) ]
TOTAL THIS MO.   284    CLEAR  (SCALE 0-3)  24
DPTR FM NORMAL  -126    PTCLDY (SCALE 4-7)   0
TOTAL FM JUL 1   395    CLOUDY (SCALE 8-10)  0
DPTR FM NORMAL  -273

[CDD (BASE 65) ]
TOTAL THIS MO.     0
DPTR FM NORMAL     0    [PRESSURE DATA]
TOTAL FM JAN 1   549    HIGHEST SLP M ON M
DPTR FM NORMAL   166    LOWEST  SLP 29.64 ON 15

[REMARKS]
