000
CXUS56 KLKN 251009
CF6EKO
PRELIMINARY LOCAL CLIMATOLOGICAL DATA (WS FORM: F-6)

                                          STATION:   ELKO AIRPORT NV
                                          MONTH:     DECEMBER
                                          YEAR:      2014
                                          LATITUDE:   40 49 N
                                          LONGITUDE: 115 47 W

  TEMPERATURE IN F:       :PCPN:    SNOW:  WIND      :SUNSHINE: SKY     :PK WND
================================================================================
1   2   3   4   5  6A  6B    7    8   9   10  11  12  13   14  15   16   17  18
                                     12Z  AVG MX 2MIN
DY MAX MIN AVG DEP HDD CDD  WTR  SNW DPTH SPD SPD DIR MIN PSBL S-S WX    SPD DR
================================================================================

 1  53  30  42  13  23   0    T    T    0  2.9 16 250   M    M   5        19 250
 2  43  24  34   6  31   0 0.00  0.0    0  4.3 13 170   M    M   3 1      17 150
 3  54  34  44  16  21   0 0.00  0.0    0 11.1 25 170   M    M   5        33 160
 4  53  32  43  15  22   0    T  0.0    0  1.9 16 180   M    M   5        21 180
 5  51  25  38  10  27   0 0.00  0.0    0  3.4 12  60   M    M   0        14  50
 6  56  32  44  17  21   0 0.00  0.0    0  4.6 14 250   M    M   1        16 250
 7  52  24  38  11  27   0 0.00  0.0    0  4.3 10  40   M    M   0        12  40
 8  53  22  38  11  27   0 0.00  0.0    0  2.0  9  80   M    M   0        10  70
 9  49  22  36   9  29   0 0.00  0.0    0  2.8  8  30   M    M   0         9  70
10  49  21  35   9  30   0 0.00  0.0    0  5.8 13  80   M    M   0        14  50
11  56  45  51  25  14   0 0.00  0.0    0 17.7 43 170   M    M   2        55 170
12  53  34  44  18  21   0 0.15    T    0 11.0 30 170   M    M   5 1      39 180
13  40  26  33   7  32   0    T    T    0  5.2 17 320   M    M   7        20 320
14  37  21  29   3  36   0 0.00  0.0    T  3.4 10 250   M    M   2        13 220
15  36  20  28   2  37   0    T    T    T  6.6 14  30   M    M   4        17 360
16  37  24  31   5  34   0 0.03  0.4    0  4.5 10  50   M    M   8 1      14 210
17  28  20  24  -1  41   0    T    T    T  2.4 12  70   M    M   8 12     14  70
18  38  22  30   5  35   0    T  0.1    T  1.3  7 210   M    M   8 1       8 200
19  45  23  34   9  31   0 0.11  0.3    0  2.4 14 270   M    M   7 1      16 300
20  39  30  35  10  30   0 0.46  0.9    T  5.2 16 210   M    M   9 1      19 220
21  51  37  44  19  21   0 0.06  0.0    0 11.1 25 260   M    M  10        32 250
22  48  31  40  15  25   0 0.03  0.0    0 12.4 29 290   M    M   6 1      37 290
23  44  23  34   9  31   0 0.00  0.0    0  2.6 12 210   M    M   0        15 210
24  45  22  34   9  31   0 0.09  0.3    0  6.5 38 270   M    M   5 1      47 270
================================================================================
SM 1110  644       677   0  0.93     2.0 135.4          M      100
================================================================================
AV 46.2 26.8                               5.6 FASTST   M    M   4    MAX(MPH)
                                 MISC ---->  # 43 170               # 55  170
================================================================================
NOTES:
# LAST OF SEVERAL OCCURRENCES

COLUMN 17 PEAK WIND IN M.P.H.

PRELIMINARY LOCAL CLIMATOLOGICAL DATA (WS FORM: F-6) , PAGE 2

                                          STATION:  ELKO AIRPORT NV
                                          MONTH:    DECEMBER
                                          YEAR:     2014
                                          LATITUDE:   40 49 N
                                          LONGITUDE: 115 47 W

[TEMPERATURE DATA]      [PRECIPITATION DATA]       SYMBOLS USED IN COLUMN 16

AVERAGE MONTHLY: 36.5   TOTAL FOR MONTH:   0.93    1 = FOG OR MIST
DPTR FM NORMAL:  10.3   DPTR FM NORMAL:    0.02    2 = FOG REDUCING VISIBILITY
HIGHEST:    56 ON 11, 6 GRTST 24HR  0.46 ON 20-20      TO 1/4 MILE OR LESS
LOWEST:     20 ON 17,15                            3 = THUNDER
                        SNOW, ICE PELLETS, HAIL    4 = ICE PELLETS
                        TOTAL MONTH:   2.0 INCHES  5 = HAIL
                        GRTST 24HR   0.9 ON   M    6 = FREEZING RAIN OR DRIZZLE
                        GRTST DEPTH:   0           7 = DUSTSTORM OR SANDSTORM:
                                                       VSBY 1/2 MILE OR LESS
                                                   8 = SMOKE OR HAZE
[NO. OF DAYS WITH]      [WEATHER - DAYS WITH]      9 = BLOWING SNOW
                                                   X = TORNADO
MAX 32 OR BELOW:   1    0.01 INCH OR MORE:   7
MAX 90 OR ABOVE:   0    0.10 INCH OR MORE:   3
MIN 32 OR BELOW:  20    0.50 INCH OR MORE:   0
MIN  0 OR BELOW:   0    1.00 INCH OR MORE:   0

[HDD (BASE 65) ]
TOTAL THIS MO.   677    CLEAR  (SCALE 0-3)  10
DPTR FM NORMAL  -252    PTCLDY (SCALE 4-7)  11
TOTAL FM JUL 1  2037    CLOUDY (SCALE 8-10)  3
DPTR FM NORMAL  -630

[CDD (BASE 65) ]
TOTAL THIS MO.     0
DPTR FM NORMAL     0    [PRESSURE DATA]
TOTAL FM JAN 1   549    HIGHEST SLP M ON M
DPTR FM NORMAL   166    LOWEST  SLP 29.47 ON 24

[REMARKS]
