000
CXUS54 KEPZ 271200
CF6ELP
PRELIMINARY LOCAL CLIMATOLOGICAL DATA (WS FORM: F-6)

                                          STATION:   EL PASO
                                          MONTH:     AUGUST
                                          YEAR:      2016
                                          LATITUDE:   31 47 N
                                          LONGITUDE: 106 24 W

  TEMPERATURE IN F:       :PCPN:    SNOW:  WIND      :SUNSHINE: SKY     :PK WND
================================================================================
1   2   3   4   5  6A  6B    7    8   9   10  11  12  13   14  15   16   17  18
                                     12Z  AVG MX 2MIN
DY MAX MIN AVG DEP HDD CDD  WTR  SNW DPTH SPD SPD DIR MIN PSBL S-S WX    SPD DR
================================================================================

 1  96  74  85   3   0  20 0.00  0.0    0  9.3 24 240   M    M   6        31 250
 2  95  74  85   3   0  20    T  0.0    0  7.5 31 160   M    M   6 3      40 170
 3  92  70  81  -1   0  16 0.08  0.0    0  7.1 22 200   M    M   6        29 190
 4  95  67  81  -1   0  16    T  0.0    0  9.4 16 190   M    M   3 13     20 190
 5 100  71  86   4   0  21 0.11  0.0    0  7.1 25 240   M    M   4 3      30 240
 6  99  74  87   5   0  22    T  0.0    0  9.8 26 100   M    M   4 38     32  90
 7 101  76  89   7   0  24 0.00  0.0    0  9.4 23  40   M    M   5        29  40
 8 102  78  90   8   0  25 0.07  0.0    0  7.8 25 160   M    M   5 378    33 160
 9  91  74  83   1   0  18    T  0.0    0  8.6 22 240   M    M   8        28 260
10  90  69  80  -2   0  15 0.03  0.0    0  7.5 26 180   M    M   7        35 180
11  97  71  84   2   0  19 0.02  0.0    0  8.3 18 240   M    M   7        22 240
12 102  69  86   5   0  21 0.48  0.0    0  9.6 29  30   M    M   5 13     37  30
13  87  65  76  -5   0  11 1.01  0.0    0  9.7 35  50   M    M   7 13     45  60
14  88  69  79  -2   0  14    T  0.0    0  9.1 17 110   M    M   5        23  70
15  92  64  78  -3   0  13 0.00  0.0    0  4.7 15 120   M    M   1        21 110
16  93  69  81   0   0  16 0.00  0.0    0  7.7 17 100   M    M   1        22  90
17  93  69  81   0   0  16 0.00  0.0    0  7.6 18  70   M    M   1        22  50
18  95  71  83   2   0  18 0.00  0.0    0  6.6 29 140   M    M   2 7      36 140
19  96  68  82   1   0  17    T  0.0    0  5.9 17 320   M    M   3        21 320
20  84  73  79  -2   0  14    T  0.0    0  6.5 20  40   M    M   8        24  50
21  86  63  75  -6   0  10 1.53    T    0  9.4 45 300   M    M   7 135    55 300
22  89  66  78  -3   0  13    T  0.0    0  6.5 21  70   M    M   6 3      28  80
23  91  66  79  -2   0  14 0.41  0.0    0  5.9 24 190   M    M   6 13     32 210
24  90  68  79  -2   0  14 0.00  0.0    0  6.9 18 240   M    M   5        24 210
25  88  68  78  -2   0  13 0.00  0.0    0  6.7 28  80   M    M   5 3      33  80
26  91  66  79  -1   0  14    T  0.0    0  5.5 22 350   M    M   3        27  20
================================================================================
SM 2423 1812         0 434  3.74    T    200.1          M      126
================================================================================
AV 93.2 69.7                               7.7 FASTST   M    M   5    MAX(MPH)
                                 MISC ---->  # 45 300               # 55  300
================================================================================
NOTES:
# LAST OF SEVERAL OCCURRENCES

COLUMN 17 PEAK WIND IN M.P.H.

PRELIMINARY LOCAL CLIMATOLOGICAL DATA (WS FORM: F-6) , PAGE 2

                                          STATION:  EL PASO
                                          MONTH:    AUGUST
                                          YEAR:     2016
                                          LATITUDE:   31 47 N
                                          LONGITUDE: 106 24 W

[TEMPERATURE DATA]      [PRECIPITATION DATA]       SYMBOLS USED IN COLUMN 16

AVERAGE MONTHLY: 81.4   TOTAL FOR MONTH:   3.74    1 = FOG OR MIST
DPTR FM NORMAL:   0.1   DPTR FM NORMAL:    1.98    2 = FOG REDUCING VISIBILITY
HIGHEST:   102 ON 12, 8 GRTST 24HR  1.53 ON 21-21      TO 1/4 MILE OR LESS
LOWEST:     63 ON 21                               3 = THUNDER
                        SNOW, ICE PELLETS, HAIL    4 = ICE PELLETS
                        TOTAL MONTH:    T          5 = HAIL
                        GRTST 24HR    T  ON 21-21  6 = FREEZING RAIN OR DRIZZLE
                        GRTST DEPTH:   0           7 = DUSTSTORM OR SANDSTORM:
                                                       VSBY 1/2 MILE OR LESS
                                                   8 = SMOKE OR HAZE
[NO. OF DAYS WITH]      [WEATHER - DAYS WITH]      9 = BLOWING SNOW
                                                   X = TORNADO
MAX 32 OR BELOW:   0    0.01 INCH OR MORE:   9
MAX 90 OR ABOVE:  20    0.10 INCH OR MORE:   5
MIN 32 OR BELOW:   0    0.50 INCH OR MORE:   2
MIN  0 OR BELOW:   0    1.00 INCH OR MORE:   2

[HDD (BASE 65) ]
TOTAL THIS MO.     0    CLEAR  (SCALE 0-3)   5
DPTR FM NORMAL     0    PTCLDY (SCALE 4-7)  21
TOTAL FM JUL 1     0    CLOUDY (SCALE 8-10)  0
DPTR FM NORMAL     0

[CDD (BASE 65) ]
TOTAL THIS MO.   434
DPTR FM NORMAL    10    [PRESSURE DATA]
TOTAL FM JAN 1  2164    HIGHEST SLP M ON M
DPTR FM NORMAL   309    LOWEST  SLP 29.62 ON  8

[REMARKS]
