000
CXUS56 KLKN 251009
CF6ELY
PRELIMINARY LOCAL CLIMATOLOGICAL DATA (WS FORM: F-6)

                                          STATION:   ELY AIRPORT NV
                                          MONTH:     MAY
                                          YEAR:      2016
                                          LATITUDE:   39 16 N
                                          LONGITUDE: 114 51 W

  TEMPERATURE IN F:       :PCPN:    SNOW:  WIND      :SUNSHINE: SKY     :PK WND
================================================================================
1   2   3   4   5  6A  6B    7    8   9   10  11  12  13   14  15   16   17  18
                                     12Z  AVG MX 2MIN
DY MAX MIN AVG DEP HDD CDD  WTR  SNW DPTH SPD SPD DIR MIN PSBL S-S WX    SPD DR
================================================================================

 1  52  31  42  -5  23   0    T  0.0    0 12.3 22 360   M    M   6        27 350
 2  59  29  44  -3  21   0 0.00  0.0    0  5.8 16 200   M    M   5        20 180
 3  67  31  49   2  16   0 0.00  0.0    0  6.3 15 180   M    M   1        20 160
 4  72  35  54   7  11   0 0.00  0.0    0 10.2 28 160   M    M   0        35 150
 5  70  35  53   5  12   0 0.00  0.0    0 12.9 35 150   M    M   1        44 140
 6  61  41  51   3  14   0 0.03  0.0    0 10.5 29 140   M    M   5        37 130
 7  54  31  43  -5  22   0 0.05  0.0    0  8.2 24 120   M    M   4        28 110
 8  58  38  48  -1  17   0 0.11  0.0    0  4.5 16 240   M    M   8 1      22 270
 9  69  39  54   5  11   0 0.03  0.0    0  9.6 24 310   M    M   5 38     32 310
10  58  25  42  -7  23   0 0.00  0.0    0  7.6 21 310   M    M   1        27 310
11  64  26  45  -4  20   0 0.00  0.0    0  5.8 14 190   M    M   0        15 170
12  74  30  52   2  13   0 0.00  0.0    0  8.6 16 190   M    M   0        19 190
13  78  36  57   7   8   0 0.00  0.0    0 10.1 20 210   M    M   0        32 160
14  76  41  59   9   6   0 0.00  0.0    0 14.3 31 180   M    M   0        42 170
15  67  39  53   3  12   0 0.00  0.0    0 10.3 22 300   M    M   1        28 320
16  59  33  46  -5  19   0 0.05  0.0    0  8.3 23 320   M    M   6        28 320
17  62  41  52   1  13   0 0.04  0.0    0 13.0 29  10   M    M   6        36  10
18  70  34  52   1  13   0 0.01  0.0    0  8.8 20 360   M    M   1        25  10
19  74  37  56   4   9   0 0.15  0.0    0 15.0 33 180   M    M   4 38     43 190
20  61  42  52   0  13   0    T  0.0    0 16.8 38 170   M    M   5 8      59 160
21  58  26  42 -10  23   0    T  0.0    0  6.9 24 310   M    M   3        32 310
22  58  35  47  -5  18   0    T  0.0    0  6.3 22 240   M    M   6        28 240
23  62  32  47  -6  18   0 0.00  0.0    0  7.4 22 140   M    M   7        29 160
24  56  32  44  -9  21   0 0.04  0.0    0  5.7 23 300   M    M   7 3      28 300
================================================================================
SM 1539  819       376   0  0.51     0.0 225.2          M       82
================================================================================
AV 64.1 34.1                               9.4 FASTST   M    M   3    MAX(MPH)
                                 MISC ---->  # 38 170               # 59  160
================================================================================
NOTES:
# LAST OF SEVERAL OCCURRENCES

COLUMN 17 PEAK WIND IN M.P.H.

PRELIMINARY LOCAL CLIMATOLOGICAL DATA (WS FORM: F-6) , PAGE 2

                                          STATION:  ELY AIRPORT NV
                                          MONTH:    MAY
                                          YEAR:     2016
                                          LATITUDE:   39 16 N
                                          LONGITUDE: 114 51 W

[TEMPERATURE DATA]      [PRECIPITATION DATA]       SYMBOLS USED IN COLUMN 16

AVERAGE MONTHLY: 49.1   TOTAL FOR MONTH:   0.51    1 = FOG OR MIST
DPTR FM NORMAL:  -0.7   DPTR FM NORMAL:   -0.35    2 = FOG REDUCING VISIBILITY
HIGHEST:    78 ON 13    GRTST 24HR  0.15 ON 19-19      TO 1/4 MILE OR LESS
LOWEST:     25 ON 10                               3 = THUNDER
                        SNOW, ICE PELLETS, HAIL    4 = ICE PELLETS
                        TOTAL MONTH:   0.0 INCH    5 = HAIL
                        GRTST 24HR     0.0         6 = FREEZING RAIN OR DRIZZLE
                        GRTST DEPTH:   0           7 = DUSTSTORM OR SANDSTORM:
                                                       VSBY 1/2 MILE OR LESS
                                                   8 = SMOKE OR HAZE
[NO. OF DAYS WITH]      [WEATHER - DAYS WITH]      9 = BLOWING SNOW
                                                   X = TORNADO
MAX 32 OR BELOW:   0    0.01 INCH OR MORE:   9
MAX 90 OR ABOVE:   0    0.10 INCH OR MORE:   2
MIN 32 OR BELOW:  10    0.50 INCH OR MORE:   0
MIN  0 OR BELOW:   0    1.00 INCH OR MORE:   0

[HDD (BASE 65) ]
TOTAL THIS MO.   376    CLEAR  (SCALE 0-3)  11
DPTR FM NORMAL    11    PTCLDY (SCALE 4-7)  13
TOTAL FM JUL 1  7166    CLOUDY (SCALE 8-10)  0
DPTR FM NORMAL  -102

[CDD (BASE 65) ]
TOTAL THIS MO.     0
DPTR FM NORMAL     0    [PRESSURE DATA]
TOTAL FM JAN 1     0    HIGHEST SLP M ON M
DPTR FM NORMAL     0    LOWEST  SLP 29.47 ON M

[REMARKS]
