000
CXUS56 KLKN 251009
CF6ELY
PRELIMINARY LOCAL CLIMATOLOGICAL DATA (WS FORM: F-6)

                                          STATION:   ELY AIRPORT NV
                                          MONTH:     SEPTEMBER
                                          YEAR:      2017
                                          LATITUDE:   39 16 N
                                          LONGITUDE: 114 51 W

  TEMPERATURE IN F:       :PCPN:    SNOW:  WIND      :SUNSHINE: SKY     :PK WND
================================================================================
1   2   3   4   5  6A  6B    7    8   9   10  11  12  13   14  15   16   17  18
                                     12Z  AVG MX 2MIN
DY MAX MIN AVG DEP HDD CDD  WTR  SNW DPTH SPD SPD DIR MIN PSBL S-S WX    SPD DR
================================================================================

 1  88  40  64   2   1   0 0.00  0.0    0  8.1 15 180   M    M   0        18  20
 2  91  42  67   5   0   2 0.00  0.0    0  8.1 20 360   M    M   0        24  10
 3  92  48  70   8   0   5 0.00  0.0    0  8.2 18 200   M    M   0        23 210
 4  92  47  70   9   0   5 0.00  0.0    0  9.2 21 140   M    M   0 3      28 160
 5  93  46  70   9   0   5 0.00  0.0    0  8.1 24 110   M    M   0        29 110
 6  88  50  69   8   0   4    T  0.0    0 10.5 36 160   M    M   0 3      47 160
 7  84  50  67   7   0   2 0.05  0.0    0  9.0 30 170   M    M   4 3      36 170
 8  80  47  64   4   1   0 0.41  0.0    0  8.6 24 170   M    M   3 3      32 160
 9  72  49  61   1   4   0 0.09  0.0    0  6.0 15 190   M    M   5 1      19 200
10  82  43  63   4   2   0 0.00  0.0    0  6.2 13  50   M    M   1 8      17 340
11  84  44  64   5   1   0 0.02  0.0    0  7.8 28 170   M    M   2 3      41 180
12  80  52  66   8   0   1 0.16  0.0    0  9.4 25 250   M    M   1 13     32 250
13  80  49  65   7   0   0 0.09  0.0    0  8.6 26 210   M    M   2 138    33 230
14  75  50  63   5   2   0 0.07  0.0    0 14.3 32 160   M    M   4 3      39 160
15  64  33  49  -8  16   0    T  0.0    0  8.7 20 320   M    M   4        29 320
16  68  27  48  -9  17   0 0.00  0.0    0  6.9 13 180   M    M   0        16 150
17  73  37  55  -1  10   0 0.00  0.0    0  8.5 25 210   M    M   2        30 210
18  76  48  62   6   3   0 0.00  0.0    0 17.7 30 190   M    M   M        39 180
19  69  38  54  -1  11   0 0.00  0.0    0 10.1 22 200   M    M   M        31 250
20  75  31  53  -2  12   0 0.00  0.0    0 14.3 28 180   M    M   0        41 220
21  58  31  45 -10  20   0 0.78    M    0  8.3 20  10   M    M   9 12     31  10
22  43  28  36 -18  29   0 0.05    M    0  7.3 14 350   M    M   6 12      M  M
23  46  28  37 -17  28   0 0.00  0.0    0  9.1 16 320   M    M   8 12     20 310
24  52  28  40 -13  25   0 0.00  0.0    0  5.5 12 300   M    M   3        17 320
================================================================================
SM 1805  986       182  24  1.72     0.0 218.5          M       54
================================================================================
AV 75.2 41.1                               9.1 FASTST   M    M   2    MAX(MPH)
                                 MISC ---->  # 36 160               # 47  160
================================================================================
NOTES:
# LAST OF SEVERAL OCCURRENCES

COLUMN 17 PEAK WIND IN M.P.H.

PRELIMINARY LOCAL CLIMATOLOGICAL DATA (WS FORM: F-6) , PAGE 2

                                          STATION:  ELY AIRPORT NV
                                          MONTH:    SEPTEMBER
                                          YEAR:     2017
                                          LATITUDE:   39 16 N
                                          LONGITUDE: 114 51 W

[TEMPERATURE DATA]      [PRECIPITATION DATA]       SYMBOLS USED IN COLUMN 16

AVERAGE MONTHLY: 58.2   TOTAL FOR MONTH:   1.72    1 = FOG OR MIST
DPTR FM NORMAL:   0.1   DPTR FM NORMAL:    1.07    2 = FOG REDUCING VISIBILITY
HIGHEST:    93 ON  5    GRTST 24HR  0.78 ON 21-21      TO 1/4 MILE OR LESS
LOWEST:     27 ON 16                               3 = THUNDER
                        SNOW, ICE PELLETS, HAIL    4 = ICE PELLETS
                        TOTAL MONTH:   0.0 INCH    5 = HAIL
                        GRTST 24HR     0.0         6 = FREEZING RAIN OR DRIZZLE
                        GRTST DEPTH:   0           7 = DUSTSTORM OR SANDSTORM:
                                                       VSBY 1/2 MILE OR LESS
                                                   8 = SMOKE OR HAZE
[NO. OF DAYS WITH]      [WEATHER - DAYS WITH]      9 = BLOWING SNOW
                                                   X = TORNADO
MAX 32 OR BELOW:   0    0.01 INCH OR MORE:   9
MAX 90 OR ABOVE:   4    0.10 INCH OR MORE:   3
MIN 32 OR BELOW:   6    0.50 INCH OR MORE:   1
MIN  0 OR BELOW:   0    1.00 INCH OR MORE:   0

[HDD (BASE 65) ]
TOTAL THIS MO.   182    CLEAR  (SCALE 0-3)  14
DPTR FM NORMAL    10    PTCLDY (SCALE 4-7)   7
TOTAL FM JUL 1   188    CLOUDY (SCALE 8-10)  1
DPTR FM NORMAL   -48

[CDD (BASE 65) ]
TOTAL THIS MO.    24
DPTR FM NORMAL    20    [PRESSURE DATA]
TOTAL FM JAN 1   433    HIGHEST SLP M ON M
DPTR FM NORMAL   217    LOWEST  SLP 29.59 ON 14

[REMARKS]
