000
CXUS56 KLKN 271009
CF6ELY
PRELIMINARY LOCAL CLIMATOLOGICAL DATA (WS FORM: F-6)

                                          STATION:   ELY AIRPORT NV
                                          MONTH:     AUGUST
                                          YEAR:      2015
                                          LATITUDE:   39 16 N
                                          LONGITUDE: 114 51 W

  TEMPERATURE IN F:       :PCPN:    SNOW:  WIND      :SUNSHINE: SKY     :PK WND
================================================================================
1   2   3   4   5  6A  6B    7    8   9   10  11  12  13   14  15   16   17  18
                                     12Z  AVG MX 2MIN
DY MAX MIN AVG DEP HDD CDD  WTR  SNW DPTH SPD SPD DIR MIN PSBL S-S WX    SPD DR
================================================================================

 1  90  52  71   3   0   6 0.00  0.0    0  9.0 22 230   M    M   0        28 230
 2  83  60  72   4   0   7    T  0.0    0  7.9 24 160   M    M   3        30 160
 3  88  49  69   1   0   4    T  0.0    0  8.7 25 360   M    M   3 3      32 360
 4  89  48  69   1   0   4 0.00  0.0    0  9.8 23 220   M    M   0        30 230
 5  88  51  70   2   0   5 0.00  0.0    0 12.5 25 210   M    M   0        37 210
 6  88  46  67  -1   0   2    T  0.0    0  9.7 29 220   M    M   1        37 220
 7  81  45  63  -5   2   0 0.17  0.0    0  9.1 38 310   M    M   5 13     54 310
 8  77  39  58 -10   7   0 0.03  0.0    0  8.4 28 180   M    M   1 3      33 150
 9  84  39  62  -6   3   0 0.00  0.0    0  9.3 20 160   M    M   1        28 180
10  88  49  69   1   0   4 0.00  0.0    0 11.8 26 150   M    M   3        37 150
11  84  52  68   1   0   3 0.01  0.0    0 13.2 36 150   M    M   3 3      45 150
12  85  58  72   5   0   7 0.00  0.0    0 11.2 22 150   M    M   2 3      26 150
13  90  54  72   5   0   7    T  0.0    0 11.2 36 220   M    M   1 3      45 220
14  91  54  73   6   0   8 0.00  0.0    0 11.9 28 190   M    M   1        34 190
15  92  54  73   6   0   8 0.00  0.0    0  8.5 21 220   M    M   0        28 210
16  91  50  71   5   0   6 0.00  0.0    0  7.5 17 240   M    M   0        22 240
17  92  48  70   4   0   5 0.00  0.0    0  9.2 22 280   M    M   0        29 290
18  88  41  65  -1   0   0 0.00  0.0    0 11.2 23 320   M    M   0        28 310
19  88  41  65  -1   0   0 0.00  0.0    0  9.1 23 270   M    M   0        35 310
20  89  46  68   2   0   3 0.00  0.0    0  8.9 16 210   M    M   0        26 220
21  90  46  68   3   0   3 0.00  0.0    0 10.6 24 210   M    M   0        31 220
22  90  45  68   3   0   3 0.00  0.0    0  6.3 17 250   M    M   0 8      24 240
23  90  53  72   7   0   7 0.00  0.0    0 10.4 22 200   M    M   1        32 210
24  91  47  69   4   0   4 0.00  0.0    0  8.9 18 210   M    M   0        27 210
25  88  48  68   4   0   3    T  0.0    0 13.0 36 120   M    M   2        46 120
26  84  50  67   3   0   2 0.18  0.0    0 11.2 25  40   M    M   3 13     32  10
================================================================================
SM 2279 1265        12 101  0.39     0.0 258.5          M       30
================================================================================
AV 87.7 48.7                               9.9 FASTST   M    M   1    MAX(MPH)
                                 MISC ---->  # 38 310               # 54  310
================================================================================
NOTES:
# LAST OF SEVERAL OCCURRENCES

COLUMN 17 PEAK WIND IN M.P.H.

PRELIMINARY LOCAL CLIMATOLOGICAL DATA (WS FORM: F-6) , PAGE 2

                                          STATION:  ELY AIRPORT NV
                                          MONTH:    AUGUST
                                          YEAR:     2015
                                          LATITUDE:   39 16 N
                                          LONGITUDE: 114 51 W

[TEMPERATURE DATA]      [PRECIPITATION DATA]       SYMBOLS USED IN COLUMN 16

AVERAGE MONTHLY: 68.2   TOTAL FOR MONTH:   0.39    1 = FOG OR MIST
DPTR FM NORMAL:   1.5   DPTR FM NORMAL:   -0.37    2 = FOG REDUCING VISIBILITY
HIGHEST:    92 ON 17,15 GRTST 24HR  0.18 ON 26-26      TO 1/4 MILE OR LESS
LOWEST:     39 ON  9, 8                            3 = THUNDER
                        SNOW, ICE PELLETS, HAIL    4 = ICE PELLETS
                        TOTAL MONTH:   0.0 INCH    5 = HAIL
                        GRTST 24HR     0.0         6 = FREEZING RAIN OR DRIZZLE
                        GRTST DEPTH:   0           7 = DUSTSTORM OR SANDSTORM:
                                                       VSBY 1/2 MILE OR LESS
                                                   8 = SMOKE OR HAZE
[NO. OF DAYS WITH]      [WEATHER - DAYS WITH]      9 = BLOWING SNOW
                                                   X = TORNADO
MAX 32 OR BELOW:   0    0.01 INCH OR MORE:   4
MAX 90 OR ABOVE:  10    0.10 INCH OR MORE:   2
MIN 32 OR BELOW:   0    0.50 INCH OR MORE:   0
MIN  0 OR BELOW:   0    1.00 INCH OR MORE:   0

[HDD (BASE 65) ]
TOTAL THIS MO.    12    CLEAR  (SCALE 0-3)  25
DPTR FM NORMAL   -15    PTCLDY (SCALE 4-7)   1
TOTAL FM JUL 1    31    CLOUDY (SCALE 8-10)  0
DPTR FM NORMAL   -19

[CDD (BASE 65) ]
TOTAL THIS MO.   101
DPTR FM NORMAL    29    [PRESSURE DATA]
TOTAL FM JAN 1   290    HIGHEST SLP M ON M
DPTR FM NORMAL    83    LOWEST  SLP 29.72 ON 21

[REMARKS]
