000
CXUS53 KTOP 190800
CF6EMP
PRELIMINARY LOCAL CLIMATOLOGICAL DATA (WS FORM: F-6)

                                          STATION:   Emporia KS
                                          MONTH:     NOVEMBER
                                          YEAR:      2017
                                          LATITUDE:   38 19 N
                                          LONGITUDE:  96 12 W

  TEMPERATURE IN F:       :PCPN:    SNOW:  WIND      :SUNSHINE: SKY     :PK WND
================================================================================
1   2   3   4   5  6A  6B    7    8   9   10  11  12  13   14  15   16   17  18
                                     12Z  AVG MX 2MIN
DY MAX MIN AVG DEP HDD CDD  WTR  SNW DPTH SPD SPD DIR MIN PSBL S-S WX    SPD DR
================================================================================

 1  58  28  43  -8  22   0 0.00    M    M  9.5 17 150   M    M   2 1      22 160
 2  59  43  51   0  14   0 0.00    M    M 10.5 18  10   M    M   8 1      24  10
 3  45  36  41  -9  24   0 0.00    M    M  8.1 17  60   M    M   7 1      24  40
 4  52  40  46  -4  19   0 0.00    M    M  4.2 13 180   M    M   9 12     17 170
 5  56  36  46  -4  19   0    T    M    M  9.8 20 350   M    M   6 12     27 340
 6  48  31  40  -9  25   0 0.00    M    M  9.1 15  40   M    M   4        20  20
 7  44  28  36 -13  29   0 0.00    M    M  9.8 20  20   M    M   6        23  20
 8  52  24  38 -10  27   0 0.00    M    M  5.1 12 180   M    M   0        14  80
 9  52  28  40  -8  25   0 0.00    M    M  8.1 17  30   M    M   0        22  20
10  48  26  37 -10  28   0 0.00    M    M 10.5 17 100   M    M   4        22  80
11  47  33  40  -7  25   0 0.03    M    M 11.3 24 170   M    M   9 18     33 170
12  51  43  47   1  18   0 0.00    M    M  6.8 14  10   M    M  10 18     17 350
13  53  43  48   2  17   0 0.00    M    M  8.1 15 160   M    M  10        19 150
14  55  51  53   8  12   0 0.00    M    M 11.9 16 160   M    M  10 12     23 150
15  59  39  49   4  16   0 0.01    M    M  9.6 24 340   M    M   3 1      30 350
16  60  28  44   0  21   0 0.00    M    M 10.2 20 150   M    M   2        26 140
17  76  54  65  21   0   0 0.00    M    M 15.5 29 190   M    M   5 1      37 200
18  60  33  47   3  18   0 0.02    M    M 16.7 33 330   M    M   5 1      43 330
================================================================================
SM  975  644       359   0  0.06    M    174.8          M      100
================================================================================
AV 54.2 35.8                               9.7 FASTST   M    M   6    MAX(MPH)
                                 MISC ---->  # 33 330               # 43  330
================================================================================
NOTES:
# LAST OF SEVERAL OCCURRENCES

COLUMN 17 PEAK WIND IN M.P.H.

PRELIMINARY LOCAL CLIMATOLOGICAL DATA (WS FORM: F-6) , PAGE 2

                                          STATION:  Emporia KS
                                          MONTH:    NOVEMBER
                                          YEAR:     2017
                                          LATITUDE:   38 19 N
                                          LONGITUDE:  96 12 W

[TEMPERATURE DATA]      [PRECIPITATION DATA]       SYMBOLS USED IN COLUMN 16

AVERAGE MONTHLY: 45.0   TOTAL FOR MONTH:   0.06    1 = FOG OR MIST
DPTR FM NORMAL:  -2.5   DPTR FM NORMAL:   -1.47    2 = FOG REDUCING VISIBILITY
HIGHEST:    76 ON 17    GRTST 24HR  0.03 ON 11-11      TO 1/4 MILE OR LESS
LOWEST:     24 ON  8                               3 = THUNDER
                        SNOW, ICE PELLETS, HAIL    4 = ICE PELLETS
                        TOTAL MONTH:    M          5 = HAIL
                        GRTST 24HR    M  ON   M    6 = FREEZING RAIN OR DRIZZLE
                        GRTST DEPTH:  M  ON   M    7 = DUSTSTORM OR SANDSTORM:
                                                       VSBY 1/2 MILE OR LESS
                                                   8 = SMOKE OR HAZE
[NO. OF DAYS WITH]      [WEATHER - DAYS WITH]      9 = BLOWING SNOW
                                                   X = TORNADO
MAX 32 OR BELOW:   0    0.01 INCH OR MORE:   3
MAX 90 OR ABOVE:   0    0.10 INCH OR MORE:   0
MIN 32 OR BELOW:   7    0.50 INCH OR MORE:   0
MIN  0 OR BELOW:   0    1.00 INCH OR MORE:   0

[HDD (BASE 65) ]
TOTAL THIS MO.   359    CLEAR  (SCALE 0-3)   5
DPTR FM NORMAL    41    PTCLDY (SCALE 4-7)   7
TOTAL FM JUL 1   621    CLOUDY (SCALE 8-10)  6
DPTR FM NORMAL   -24

[CDD (BASE 65) ]
TOTAL THIS MO.     0
DPTR FM NORMAL     0    [PRESSURE DATA]
TOTAL FM JAN 1  1355    HIGHEST SLP M ON M
DPTR FM NORMAL   -47    LOWEST  SLP 29.37 ON 18

[REMARKS]
