000
CXUS53 KMKX 300659
CF6ENW
PRELIMINARY LOCAL CLIMATOLOGICAL DATA (WS FORM: F-6)

                                          STATION:   KENOSHA WI
                                          MONTH:     APRIL
                                          YEAR:      2016
                                          LATITUDE:   42 35 N
                                          LONGITUDE:  87 56 W

  TEMPERATURE IN F:       :PCPN:    SNOW:  WIND      :SUNSHINE: SKY     :PK WND
================================================================================
1   2   3   4   5  6A  6B    7    8   9   10  11  12  13   14  15   16   17  18
                                     12Z  AVG MX 2MIN
DY MAX MIN AVG DEP HDD CDD  WTR  SNW DPTH SPD SPD DIR MIN PSBL S-S WX    SPD DR
================================================================================

 1  50  35  43   2  22   0 0.02    M    M  9.0 23 290   M    M   8 1      30 290
 2  39  24  32  -9  33   0 0.06    M    M 15.1 37 300   M    M   6 1289   49 310
 3  70  24  47   6  18   0 0.00    M    M 15.3 36 240   M    M   5        49 260
 4  35  23  29 -13  36   0    T    M    M 11.7 20  10   M    M   9 8      28  10
 5  41  20  31 -11  34   0 0.02    M    0  8.9 18 170   M    M   3        32 160
 6  48  39  44   2  21   0 0.91    M    0 10.9 21 170   M    M  10 138    26 180
 7  40  33  37  -6  28   0 0.05    M    0 10.8 22 330   M    M  10 18     31 330
 8  40  25  33 -10  32   0 0.07    M    0 11.8 28 300   M    M   9 18     37 300
 9  35  21  28 -15  37   0    T    M    0 11.0 18 160   M    M   2        25 160
10  49  33  41  -3  24   0 0.27    M    0 13.7 26 210   M    M  10 1      35 220
11  50  33  42  -2  23   0 0.00  0.0    0 12.0 24 290   M    M   2 1      34 290
12  43  25  34 -10  31   0 0.00    M    M  7.2 15 110   M    M   1        18 120
13  45  32  39  -6  26   0 0.00    M    M  7.4 15  70   M    M   8        17  80
14  54  34  44  -1  21   0 0.00    M    M  8.1 15 150   M    M   0        19 150
15  59  35  47   1  18   0 0.00  0.0    0  8.2 14 130   M    M   0        16 130
16  68  37  53   7  12   0 0.00  0.0    0  6.2 12  90   M    M   0        15 100
17  72  38  55   9  10   0 0.00  0.0    0  4.2 14 110   M    M   0        17 110
18  78  42  60  13   5   0 0.00  0.0    0  5.5 16  30   M    M   0        20  30
19  53  42  48   1  17   0    T    M    0 12.8 23  70   M    M   6        28  50
20  63  42  53   6  12   0 0.11    M    0  9.5 17 110   M    M   4 1      22 120
21  70  49  60  12   5   0 0.02    M    0  5.5 16 240   M    M   6 128    21 240
22  54  38  46  -2  19   0 0.00  0.0    0 12.5 23  20   M    M   5 12     31  10
23  55  36  46  -2  19   0 0.00  0.0    0  7.8 14 110   M    M   0        18 100
24  66  36  51   2  14   0 0.00  0.0    0  7.7 15 130   M    M   2        21 130
25  82  48  65  16   0   0 0.15    M    0 11.1 25 210   M    M   4 123    32 210
26  52  41  47  -2  18   0 0.00  0.0    0 12.8 21  30   M    M  10 12     26  40
27  54  39  47  -3  18   0 0.16  0.0    0 15.7 24  60   M    M   4 1      32  70
28  48  39  44  -6  21   0 0.60  0.0    0 14.1 28 110   M    M  10 13     34 110
29  49  40  45  -5  20   0 0.01    M    M  8.1 17  40   M    M   9 1      22  50
================================================================================
SM 1562 1003       594   0  2.45     0.0 294.6          M      143
================================================================================
AV 53.9 34.6                              10.2 FASTST   M    M   5    MAX(MPH)
                                 MISC ---->  # 37 300               # 49  310
================================================================================
NOTES:
# LAST OF SEVERAL OCCURRENCES

COLUMN 17 PEAK WIND IN M.P.H.

PRELIMINARY LOCAL CLIMATOLOGICAL DATA (WS FORM: F-6) , PAGE 2

                                          STATION:  KENOSHA WI
                                          MONTH:    APRIL
                                          YEAR:     2016
                                          LATITUDE:   42 35 N
                                          LONGITUDE:  87 56 W

[TEMPERATURE DATA]      [PRECIPITATION DATA]       SYMBOLS USED IN COLUMN 16

AVERAGE MONTHLY: 44.2   TOTAL FOR MONTH:   2.45    1 = FOG OR MIST
DPTR FM NORMAL:  -1.3   DPTR FM NORMAL:   -0.99    2 = FOG REDUCING VISIBILITY
HIGHEST:    82 ON 25    GRTST 24HR  0.93 ON  5- 6      TO 1/4 MILE OR LESS
LOWEST:     20 ON  5                               3 = THUNDER
                        SNOW, ICE PELLETS, HAIL    4 = ICE PELLETS
                        TOTAL MONTH:   0.0 INCH    5 = HAIL
                        GRTST 24HR     0.0         6 = FREEZING RAIN OR DRIZZLE
                        GRTST DEPTH:   0           7 = DUSTSTORM OR SANDSTORM:
                                                       VSBY 1/2 MILE OR LESS
                                                   8 = SMOKE OR HAZE
[NO. OF DAYS WITH]      [WEATHER - DAYS WITH]      9 = BLOWING SNOW
                                                   X = TORNADO
MAX 32 OR BELOW:   0    0.01 INCH OR MORE:  13
MAX 90 OR ABOVE:   0    0.10 INCH OR MORE:   6
MIN 32 OR BELOW:   8    0.50 INCH OR MORE:   2
MIN  0 OR BELOW:   0    1.00 INCH OR MORE:   0

[HDD (BASE 65) ]
TOTAL THIS MO.   594    CLEAR  (SCALE 0-3)  11
DPTR FM NORMAL    27    PTCLDY (SCALE 4-7)  10
TOTAL FM JUL 1  5691    CLOUDY (SCALE 8-10)  8
DPTR FM NORMAL  -900

[CDD (BASE 65) ]
TOTAL THIS MO.     0
DPTR FM NORMAL     0    [PRESSURE DATA]
TOTAL FM JAN 1     0    HIGHEST SLP M ON M
DPTR FM NORMAL     0    LOWEST  SLP 29.45 ON  3

[REMARKS]
