000
CXUS53 KMKX 270646
CF6ENW
PRELIMINARY LOCAL CLIMATOLOGICAL DATA (WS FORM: F-6)

                                          STATION:   KENOSHA WI
                                          MONTH:     JULY
                                          YEAR:      2015
                                          LATITUDE:   42 35 N
                                          LONGITUDE:  87 56 W

  TEMPERATURE IN F:       :PCPN:    SNOW:  WIND      :SUNSHINE: SKY     :PK WND
================================================================================
1   2   3   4   5  6A  6B    7    8   9   10  11  12  13   14  15   16   17  18
                                     12Z  AVG MX 2MIN
DY MAX MIN AVG DEP HDD CDD  WTR  SNW DPTH SPD SPD DIR MIN PSBL S-S WX    SPD DR
================================================================================

 1  66  50  58 -12   7   0 0.00  0.0    0  5.7 15  70   M    M   3        19  80
 2  68  44  56 -14   9   0 0.00  0.0    0  6.6 16  70   M    M   1 1      19  60
 3  75  50  63  -8   2   0 0.00  0.0    0  3.7 12 130   M    M   0        15 110
 4  81  54  68  -3   0   3 0.00  0.0    0  5.1 10 170   M    M   0 18     14 180
 5  83  56  70  -1   0   5 0.00  0.0    0  6.4 16 150   M    M   0 18     19 130
 6  85  59  72   1   0   7 0.15  0.0    0  8.7 25 260   M    M   3 138    32 270
 7  73  49  61 -10   4   0 0.22    M    0 11.0 20  30   M    M   4 18     29  30
 8  65  47  56 -15   9   0 0.01    M    0  5.7 10 110   M    M   4 1      14  90
 9  74  57  66  -5   0   1 0.00  0.0    0  5.4 12  90   M    M   4 1      17  10
10  80  55  68  -3   0   3 0.00  0.0    0  4.2 10 110   M    M   0 18     15 130
11  78  56  67  -4   0   2 0.02  0.0    0  4.7 13 140   M    M   4 1      16 140
12  81  62  72   1   0   7 0.00  0.0    0  6.3 15 110   M    M   5 18     18 120
13  88  66  77   6   0  12 0.58    M    M 11.8 47 280   M    M   3 138    62 280
14  81  59  70  -1   0   5    T    M    M 10.2 18  30   M    M   4        25  10
15  73  53  63  -8   2   0 0.00    M    M  6.8 13  70   M    M   1        18  20
16  74  54  64  -7   1   0 0.88  0.0    0  7.9 20 150   M    M   6 13     26 170
17  89  67  78   7   0  13 0.00  0.0    0  7.9 15 260   M    M   2 13     24 270
18  85  70  78   7   0  13 1.33  0.0    0  8.6 30 300   M    M   1 13     47 300
19  80  62  71   0   0   6 0.00  0.0    0  8.0 16 300   M    M   0        21 250
20  83  60  72   1   0   7    T  0.0    0  8.1 18 260   M    M   1        26 250
21  79  59  69  -2   0   4 0.00  0.0    0  7.1 17 300   M    M   1        22 290
22  82  57  70  -1   0   5 0.00  0.0    0  4.6 10 230   M    M   1        14 280
23  84  58  71   0   0   6 0.00    M    M  3.9 13 110   M    M   0        16 120
24  83  60  72   1   0   7 0.00    M    M  6.1 18 210   M    M   0 1      25 190
25  87  59  73   2   0   8 0.00    M    M  8.1 17  70   M    M   3        23 280
26  78  56  67  -4   0   2 0.00    M    M  3.7  9 100   M    M   1        11  90
================================================================================
SM 2055 1479        34 116  3.19     0.0 176.3          M       52
================================================================================
AV 79.0 56.9                               6.8 FASTST   M    M   2    MAX(MPH)
                                 MISC ---->  # 47 280               # 62  280
================================================================================
NOTES:
# LAST OF SEVERAL OCCURRENCES

COLUMN 17 PEAK WIND IN M.P.H.

PRELIMINARY LOCAL CLIMATOLOGICAL DATA (WS FORM: F-6) , PAGE 2

                                          STATION:  KENOSHA WI
                                          MONTH:    JULY
                                          YEAR:     2015
                                          LATITUDE:   42 35 N
                                          LONGITUDE:  87 56 W

[TEMPERATURE DATA]      [PRECIPITATION DATA]       SYMBOLS USED IN COLUMN 16

AVERAGE MONTHLY: 68.0   TOTAL FOR MONTH:   3.19    1 = FOG OR MIST
DPTR FM NORMAL:  -3.0   DPTR FM NORMAL:    0.21    2 = FOG REDUCING VISIBILITY
HIGHEST:    89 ON 17    GRTST 24HR  1.33 ON 18-18      TO 1/4 MILE OR LESS
LOWEST:     44 ON  2                               3 = THUNDER
                        SNOW, ICE PELLETS, HAIL    4 = ICE PELLETS
                        TOTAL MONTH:   0.0 INCH    5 = HAIL
                        GRTST 24HR     0.0         6 = FREEZING RAIN OR DRIZZLE
                        GRTST DEPTH:   0           7 = DUSTSTORM OR SANDSTORM:
                                                       VSBY 1/2 MILE OR LESS
                                                   8 = SMOKE OR HAZE
[NO. OF DAYS WITH]      [WEATHER - DAYS WITH]      9 = BLOWING SNOW
                                                   X = TORNADO
MAX 32 OR BELOW:   0    0.01 INCH OR MORE:   7
MAX 90 OR ABOVE:   0    0.10 INCH OR MORE:   5
MIN 32 OR BELOW:   0    0.50 INCH OR MORE:   3
MIN  0 OR BELOW:   0    1.00 INCH OR MORE:   1

[HDD (BASE 65) ]
TOTAL THIS MO.    34    CLEAR  (SCALE 0-3)  18
DPTR FM NORMAL    29    PTCLDY (SCALE 4-7)   8
TOTAL FM JUL 1    34    CLOUDY (SCALE 8-10)  0
DPTR FM NORMAL    29

[CDD (BASE 65) ]
TOTAL THIS MO.   116
DPTR FM NORMAL   -57    [PRESSURE DATA]
TOTAL FM JAN 1   216    HIGHEST SLP M ON M
DPTR FM NORMAL   -90    LOWEST  SLP 29.54 ON 13

[REMARKS]
