000
CXUS56 KOTX 301500
CF6EPH
PRELIMINARY LOCAL CLIMATOLOGICAL DATA (WS FORM: F-6)

                                          STATION:   EPHRATA WA AIRPORT
                                          MONTH:     OCTOBER
                                          YEAR:      2014
                                          LATITUDE:   47 18 N
                                          LONGITUDE: 119 31 W

  TEMPERATURE IN F:       :PCPN:    SNOW:  WIND      :SUNSHINE: SKY     :PK WND
================================================================================
1   2   3   4   5  6A  6B    7    8   9   10  11  12  13   14  15   16   17  18
                                     12Z  AVG MX 2MIN
DY MAX MIN AVG DEP HDD CDD  WTR  SNW DPTH SPD SPD DIR MIN PSBL S-S WX    SPD DR
================================================================================

 1  70  46  58   0   7   0 0.00    M    M 11.4 26 300   M    M   0        32 300
 2  68  48  58   1   7   0 0.00    M    M  6.8 29 320   M    M   0        35 310
 3  70  41  56  -1   9   0 0.00    M    M  5.3 12 170   M    M   0        15 140
 4  73  48  61   5   4   0 0.00    M    M  3.3  9 230   M    M   1        12 230
 5  79  47  63   7   2   0 0.00    M    M  4.8 13 220   M    M   0        16 220
 6  88  47  68  13   0   3 0.00    M    M  8.4 20 220   M    M   0        24 230
 7  84  55  70  15   0   5 0.00    M    M  6.5 16 310   M    M   0        22 340
 8  78  51  65  11   0   0 0.00    M    M  5.4 18  20   M    M   0        22  20
 9  78  47  63   9   2   0 0.00    M    M  3.7 12 310   M    M   0        13  30
10  76  46  61   8   4   0    T    M    M  6.7 14 190   M    M   1        16 190
11  75  53  64  11   1   0    T    M    M 13.1 37 330   M    M   3 8      43 320
12  68  46  57   5   8   0 0.00    M    M  6.8 20 230   M    M   2        24 230
13  72  46  59   7   6   0 0.00    M    M  5.3 12 180   M    M   1        17 160
14  67  52  60   9   5   0 0.12    M    M  8.3 21 190   M    M   5 1      26 180
15  62  43  53   2  12   0    T    M    M  9.7 26 220   M    M   5        33 210
16  63  38  51   1  14   0 0.00    M    M  5.9 13 350   M    M   1 8      16 360
17  60  47  54   4  11   0 0.04    M    M  6.0 13  20   M    M   6        16  40
18  65  45  55   6  10   0 0.01    M    M  6.6 16 320   M    M   2 1      19 310
19  70  50  60  11   5   0 0.00    M    M  6.7 14 350   M    M   0        17 330
20  63  44  54   6  11   0 0.21    M    M  5.9 16 310   M    M   5 1      18 310
21  66  43  55   7  10   0 0.00    M    M  5.1 17 220   M    M   4 12     20 220
22  56  43  50   2  15   0 0.28    M    M  6.4 22 160   M    M   8 1      28 170
23  60  41  51   4  14   0 0.03    M    M  6.5 21 230   M    M   4        26 230
24  55  40  48   1  17   0 0.18    M    M  6.2 13 360   M    M   5 1      15 360
25  58  47  53   7  12   0 0.03    M    M  8.8 24 210   M    M   5 1      32 200
26  57  44  51   5  14   0 0.00    M    M 12.6 26 230   M    M   1        32 230
27  54  37  46   1  19   0 0.00    M    M  4.8 15 320   M    M   2        19 320
28  52  41  47   2  18   0 0.11    M    M  3.4  9 360   M    M  10 1      11  10
29  56  40  48   4  17   0 0.00    M    M  3.9 12 350   M    M   6 128    13 350
================================================================================
SM 1943 1316       254   8  1.01    M    194.3          M       77
================================================================================
AV 67.0 45.4                               6.7 FASTST   M    M   3    MAX(MPH)
                                 MISC ---->  # 37 330               # 43  320
================================================================================
NOTES:
# LAST OF SEVERAL OCCURRENCES

COLUMN 17 PEAK WIND IN M.P.H.

PRELIMINARY LOCAL CLIMATOLOGICAL DATA (WS FORM: F-6) , PAGE 2

                                          STATION:  EPHRATA WA AIRPORT
                                          MONTH:    OCTOBER
                                          YEAR:     2014
                                          LATITUDE:   47 18 N
                                          LONGITUDE: 119 31 W

[TEMPERATURE DATA]      [PRECIPITATION DATA]       SYMBOLS USED IN COLUMN 16

AVERAGE MONTHLY: 56.2   TOTAL FOR MONTH:   1.01    1 = FOG OR MIST
DPTR FM NORMAL:   5.3   DPTR FM NORMAL:    0.53    2 = FOG REDUCING VISIBILITY
HIGHEST:    88 ON  6    GRTST 24HR  0.29 ON 22-23      TO 1/4 MILE OR LESS
LOWEST:     37 ON 27                               3 = THUNDER
                        SNOW, ICE PELLETS, HAIL    4 = ICE PELLETS
                        TOTAL MONTH:    M          5 = HAIL
                        GRTST 24HR    M  ON   M    6 = FREEZING RAIN OR DRIZZLE
                        GRTST DEPTH:  M  ON   M    7 = DUSTSTORM OR SANDSTORM:
                                                       VSBY 1/2 MILE OR LESS
                                                   8 = SMOKE OR HAZE
[NO. OF DAYS WITH]      [WEATHER - DAYS WITH]      9 = BLOWING SNOW
                                                   X = TORNADO
MAX 32 OR BELOW:   0    0.01 INCH OR MORE:   9
MAX 90 OR ABOVE:   0    0.10 INCH OR MORE:   5
MIN 32 OR BELOW:   0    0.50 INCH OR MORE:   0
MIN  0 OR BELOW:   0    1.00 INCH OR MORE:   0

[HDD (BASE 65) ]
TOTAL THIS MO.   254    CLEAR  (SCALE 0-3)  18
DPTR FM NORMAL  -157    PTCLDY (SCALE 4-7)  10
TOTAL FM JUL 1   292    CLOUDY (SCALE 8-10)  1
DPTR FM NORMAL  -246

[CDD (BASE 65) ]
TOTAL THIS MO.     8
DPTR FM NORMAL     8    [PRESSURE DATA]
TOTAL FM JAN 1  1137    HIGHEST SLP M ON M
DPTR FM NORMAL   368    LOWEST  SLP  0.00 ON M

[REMARKS]
