000
CXUS56 KOTX 240900
CF6EPH
PRELIMINARY LOCAL CLIMATOLOGICAL DATA (WS FORM: F-6)

                                          STATION:   EPHRATA WA AIRPORT
                                          MONTH:     MAY
                                          YEAR:      2016
                                          LATITUDE:   47 18 N
                                          LONGITUDE: 119 31 W

  TEMPERATURE IN F:       :PCPN:    SNOW:  WIND      :SUNSHINE: SKY     :PK WND
================================================================================
1   2   3   4   5  6A  6B    7    8   9   10  11  12  13   14  15   16   17  18
                                     12Z  AVG MX 2MIN
DY MAX MIN AVG DEP HDD CDD  WTR  SNW DPTH SPD SPD DIR MIN PSBL S-S WX    SPD DR
================================================================================

 1  77  49  63   9   2   0 0.00    M    M  8.3 18  50   M    M   0        26  40
 2  83  47  65  10   0   0 0.00    M    M  5.9 13 160   M    M   0        16  30
 3  86  51  69  14   0   4    T    M    M  9.0 26 300   M    M   0        33 300
 4  76  56  66  10   0   1    T    M    M  6.8 16 180   M    M   2        20 310
 5  71  57  64   8   1   0    T    M    M 12.0 23 350   M    M   5        27 350
 6  84  57  71  15   0   6 0.00    M    M 15.3 24  10   M    M   1        30 350
 7  88  59  74  18   0   9 0.00    M    M  9.9 22 310   M    M   0        27 310
 8  81  53  67  10   0   2 0.00    M    M 20.4 35 300   M    M   0        43 310
 9  69  50  60   3   5   0    T    M    M 13.9 32 350   M    M   3        39 340
10  75  44  60   2   5   0 0.00    M    M  6.5 15 320   M    M   0        18 330
11  78  43  61   3   4   0 0.00    M    M  6.8 17 200   M    M   0        29 180
12  81  50  66   8   0   1    T    M    M  8.2 17  30   M    M   1        20  30
13  80  54  67   8   0   2 0.00    M    M 13.4 24  30   M    M   0        30  50
14  66  55  61   2   4   0    T    M    M 12.0 23  30   M    M   5        29  30
15  59  50  55  -4  10   0 0.24    M    M  4.8 16 250   M    M   9 1      20 260
16  74  47  61   1   4   0 0.00    M    M  5.9 16 170   M    M   2        20 160
17  80  48  64   4   1   0 0.00    M    M  7.9 17 180   M    M   0        23 160
18  81  50  66   6   0   1    T    M    M  7.5 22 290   M    M   1        27 310
19  67  48  58  -2   7   0 0.01    M    M 11.2 25 290   M    M   6        30 300
20  70  45  58  -3   7   0 0.16    M    M 10.6 20  10   M    M   6 1      34  30
21  67  52  60  -1   5   0 0.11    M    M  7.3 15 310   M    M   7 1      19 300
22  71  50  61   0   4   0 0.00    M    M 12.5 23 260   M    M   5        28 260
23  70  48  59  -3   6   0 0.00    M    M  8.5 18 310   M    M   5        22 310
================================================================================
SM 1734 1163        65  26  0.52    M    224.6          M       58
================================================================================
AV 75.4 50.6                               9.8 FASTST   M    M   3    MAX(MPH)
                                 MISC ---->  # 35 300               # 43  310
================================================================================
NOTES:
# LAST OF SEVERAL OCCURRENCES

COLUMN 17 PEAK WIND IN M.P.H.

PRELIMINARY LOCAL CLIMATOLOGICAL DATA (WS FORM: F-6) , PAGE 2

                                          STATION:  EPHRATA WA AIRPORT
                                          MONTH:    MAY
                                          YEAR:     2016
                                          LATITUDE:   47 18 N
                                          LONGITUDE: 119 31 W

[TEMPERATURE DATA]      [PRECIPITATION DATA]       SYMBOLS USED IN COLUMN 16

AVERAGE MONTHLY: 63.0   TOTAL FOR MONTH:   0.52    1 = FOG OR MIST
DPTR FM NORMAL:   4.8   DPTR FM NORMAL:    0.08    2 = FOG REDUCING VISIBILITY
HIGHEST:    88 ON  7    GRTST 24HR  0.27 ON 20-21      TO 1/4 MILE OR LESS
LOWEST:     43 ON 11                               3 = THUNDER
                        SNOW, ICE PELLETS, HAIL    4 = ICE PELLETS
                        TOTAL MONTH:    M          5 = HAIL
                        GRTST 24HR    M  ON   M    6 = FREEZING RAIN OR DRIZZLE
                        GRTST DEPTH:  M  ON   M    7 = DUSTSTORM OR SANDSTORM:
                                                       VSBY 1/2 MILE OR LESS
                                                   8 = SMOKE OR HAZE
[NO. OF DAYS WITH]      [WEATHER - DAYS WITH]      9 = BLOWING SNOW
                                                   X = TORNADO
MAX 32 OR BELOW:   0    0.01 INCH OR MORE:   4
MAX 90 OR ABOVE:   0    0.10 INCH OR MORE:   3
MIN 32 OR BELOW:   0    0.50 INCH OR MORE:   0
MIN  0 OR BELOW:   0    1.00 INCH OR MORE:   0

[HDD (BASE 65) ]
TOTAL THIS MO.    65    CLEAR  (SCALE 0-3)  15
DPTR FM NORMAL  -113    PTCLDY (SCALE 4-7)   7
TOTAL FM JUL 1  4839    CLOUDY (SCALE 8-10)  1
DPTR FM NORMAL -1036

[CDD (BASE 65) ]
TOTAL THIS MO.    26
DPTR FM NORMAL     6    [PRESSURE DATA]
TOTAL FM JAN 1    31    HIGHEST SLP M ON M
DPTR FM NORMAL     9    LOWEST  SLP  0.00 ON M

[REMARKS]
