000
CXUS51 KCLE 300800
CF6ERI
PRELIMINARY LOCAL CLIMATOLOGICAL DATA (WS FORM: F-6)

                                          STATION:   ERIE PA
                                          MONTH:     JUNE
                                          YEAR:      2015
                                          LATITUDE:   42  4 N
                                          LONGITUDE:  80 11 W

  TEMPERATURE IN F:       :PCPN:    SNOW:  WIND      :SUNSHINE: SKY     :PK WND
================================================================================
1   2   3   4   5  6A  6B    7    8   9   10  11  12  13   14  15   16   17  18
                                     12Z  AVG MX 2MIN
DY MAX MIN AVG DEP HDD CDD  WTR  SNW DPTH SPD SPD DIR MIN PSBL S-S WX    SPD DR
================================================================================

 1  54  46  50 -13  15   0    T  0.0    0 11.9 25  30   M    M   9 1      32  30
 2  65  51  58  -5   7   0 0.00  0.0    0 10.9 17  40   M    M   4        22  40
 3  70  51  61  -2   4   0 0.00  0.0    0  8.4 20  50   M    M   0        23  50
 4  78  57  68   4   0   3 0.00  0.0    0  9.2 18 160   M    M   5        24 140
 5  80  63  72   8   0   7 0.00  0.0    0  8.3 18 160   M    M   4 18     25  40
 6  64  51  58  -6   7   0 0.00  0.0    0 13.8 24  40   M    M   4        30  40
 7  84  50  67   2   0   2 0.07  0.0    0 14.2 24 210   M    M   2        30 210
 8  78  63  71   6   0   6 0.29  0.0    0  9.2 23 190   M    M   8 1      30 190
 9  69  60  65   0   0   0 0.16  0.0    0  9.7 20 260   M    M   5 18     26 270
10  87  61  74   8   0   9 0.05  0.0    0 11.4 26 210   M    M   2 38     37 210
11  74  61  68   2   0   3 0.00  0.0    0  3.3  9 340   M    M   3 18     20 360
12  90  62  76  10   0  11 0.59  0.0    0  9.2 33 250   M    M   5 18     47 270
13  72  60  66   0   0   1 0.27  0.0    0  5.5 14  40   M    M   7 18     18  50
14  82  66  74   7   0   9 1.04  0.0    0  8.1 17 240   M    M   5 18     27 240
15  80  70  75   8   0  10 0.02  0.0    0  8.6 16 260   M    M   7 18     24 260
16  73  57  65  -2   0   0 0.57  0.0    0  9.0 17 260   M    M   4 1      23 270
17  75  55  65  -3   0   0 0.00  0.0    0  2.3 12 170   M    M   1        14 180
18  79  64  72   4   0   7 0.03  0.0    0  8.0 18 260   M    M   6 18     24 250
19  72  58  65  -3   0   0    T  0.0    0  7.8 16  50   M    M   6 1      20  50
20  78  56  67  -1   0   2 0.00  0.0    0  3.2  9  50   M    M   4 1      11 360
21  77  67  72   3   0   7 0.00  0.0    0  8.8 16 260   M    M   5 8      22 260
22  86  67  77   8   0  12 0.04  0.0    0  9.9 21 180   M    M   1 8      27 180
23  79  60  70   1   0   5 0.33  0.0    0 11.2 26 280   M    M   3 13     38 290
24  75  57  66  -4   0   1 0.00  0.0    0  5.4 13 290   M    M   1 8      18 270
25  75  56  66  -4   0   1 0.00  0.0    0  4.3 10 160   M    M   3        14 160
26  73  56  65  -5   0   0 0.00  0.0    0 10.3 22  50   M    M   1 18     28  50
27  68  61  65  -5   0   0 1.19  0.0    0 13.2 24 140   M    M   9 1      34 130
28  65  57  61  -9   4   0 0.31  0.0    0  9.4 18 290   M    M  10 18     25 300
29  77  56  67  -3   0   2    T  0.0    0  5.2 14 190   M    M   6        17 200
================================================================================
SM 2179 1699        37  98  4.96     0.0 249.7          M      130
================================================================================
AV 75.1 58.6                               8.6 FASTST   M    M   4    MAX(MPH)
                                 MISC ---->  # 33 250               # 47  270
================================================================================
NOTES:
# LAST OF SEVERAL OCCURRENCES

COLUMN 17 PEAK WIND IN M.P.H.

PRELIMINARY LOCAL CLIMATOLOGICAL DATA (WS FORM: F-6) , PAGE 2

                                          STATION:  ERIE PA
                                          MONTH:    JUNE
                                          YEAR:     2015
                                          LATITUDE:   42  4 N
                                          LONGITUDE:  80 11 W

[TEMPERATURE DATA]      [PRECIPITATION DATA]       SYMBOLS USED IN COLUMN 16

AVERAGE MONTHLY: 66.9   TOTAL FOR MONTH:   4.96    1 = FOG OR MIST
DPTR FM NORMAL:  -0.0   DPTR FM NORMAL:    1.32    2 = FOG REDUCING VISIBILITY
HIGHEST:    90 ON 12    GRTST 24HR  1.22 ON 27-28      TO 1/4 MILE OR LESS
LOWEST:     46 ON  1                               3 = THUNDER
                        SNOW, ICE PELLETS, HAIL    4 = ICE PELLETS
                        TOTAL MONTH:   0.0 INCH    5 = HAIL
                        GRTST 24HR     0.0         6 = FREEZING RAIN OR DRIZZLE
                        GRTST DEPTH:   0           7 = DUSTSTORM OR SANDSTORM:
                                                       VSBY 1/2 MILE OR LESS
                                                   8 = SMOKE OR HAZE
[NO. OF DAYS WITH]      [WEATHER - DAYS WITH]      9 = BLOWING SNOW
                                                   X = TORNADO
MAX 32 OR BELOW:   0    0.01 INCH OR MORE:  14
MAX 90 OR ABOVE:   1    0.10 INCH OR MORE:   9
MIN 32 OR BELOW:   0    0.50 INCH OR MORE:   4
MIN  0 OR BELOW:   0    1.00 INCH OR MORE:   2

[HDD (BASE 65) ]
TOTAL THIS MO.    37    CLEAR  (SCALE 0-3)   8
DPTR FM NORMAL   -24    PTCLDY (SCALE 4-7)  17
TOTAL FM JUL 1  6651    CLOUDY (SCALE 8-10)  4
DPTR FM NORMAL   504

[CDD (BASE 65) ]
TOTAL THIS MO.    98
DPTR FM NORMAL   -19    [PRESSURE DATA]
TOTAL FM JAN 1   210    HIGHEST SLP M ON M
DPTR FM NORMAL    54    LOWEST  SLP 29.58 ON 28

[REMARKS]
