000
CXUS51 KCLE 291245
CF6ERI
PRELIMINARY LOCAL CLIMATOLOGICAL DATA (WS FORM: F-6)

                                          STATION:   ERIE PA
                                          MONTH:     MAY
                                          YEAR:      2015
                                          LATITUDE:   42  4 N
                                          LONGITUDE:  80 11 W

  TEMPERATURE IN F:       :PCPN:    SNOW:  WIND      :SUNSHINE: SKY     :PK WND
================================================================================
1   2   3   4   5  6A  6B    7    8   9   10  11  12  13   14  15   16   17  18
                                     12Z  AVG MX 2MIN
DY MAX MIN AVG DEP HDD CDD  WTR  SNW DPTH SPD SPD DIR MIN PSBL S-S WX    SPD DR
================================================================================

 1  61  37  49  -4  16   0 0.00  0.0    0  4.1 16 320   M    M   3 1      21 340
 2  67  40  54   1  11   0 0.00  0.0    0  4.7 10 310   M    M   0        12 300
 3  73  52  63  10   2   0 0.00  0.0    0  5.9 13 290   M    M   1        18 260
 4  81  55  68  14   0   3 0.07  0.0    0  9.9 25 220   M    M   4        34 220
 5  64  50  57   3   8   0 0.19  0.0    0  4.6 16  60   M    M   8 128    21  50
 6  67  49  58   4   7   0 0.36  0.0    0  3.1  9  50   M    M   5 18     13  10
 7  77  50  64  10   1   0 0.00  0.0    0  3.1  8  10   M    M   0 1      10 340
 8  86  64  75  20   0  10 0.00  0.0    0  6.9 15 190   M    M   1 8      21 230
 9  87  60  74  19   0   9    T  0.0    0  8.1 20 160   M    M   2        25 160
10  85  65  75  19   0  10 0.09  0.0    0  5.9 14 200   M    M   4        17 200
11  85  65  75  19   0  10 0.15  0.0    0  9.2 29 270   M    M   4 13     52 260
12  68  50  59   3   6   0 0.02  0.0    0 15.2 25 270   M    M   8 1      36 280
13  50  40  45 -11  20   0 0.00  0.0    0  8.6 18 270   M    M   8        27 270
14  59  36  48  -9  17   0 0.00  0.0    0  5.7 14  40   M    M   0        17  40
15  73  52  63   6   2   0 0.29  0.0    0  9.2 23 170   M    M   6 18     28 170
16  73  64  69  12   0   4 0.25  0.0    0  6.5 20 240   M    M   8 138    26 230
17  78  63  71  13   0   6 0.01  0.0    0  4.7 12 180   M    M   6        16 180
18  78  68  73  15   0   8 0.12  0.0    0 10.2 15 270   M    M   4 1      20 180
19  70  49  60   2   5   0 0.00  0.0    0 10.9 20 260   M    M   7        26 270
20  52  42  47 -12  18   0 0.00  0.0    0  7.3 15 340   M    M   5        21 320
21  59  47  53  -6  12   0 0.00  0.0    0  7.2 16 240   M    M   8        23 250
22  58  40  49 -10  16   0    T  0.0    0  9.7 22 300   M    M   2        30 270
23  67  36  52  -8  13   0 0.00  0.0    0  5.3 12 280   M    M   0        16 280
24  79  51  65   5   0   0 0.00  0.0    0  7.3 15 200   M    M   2        19 210
25  85  66  76  16   0  11 0.05  0.0    0 13.0 24 200   M    M   4        30 190
26  84  68  76  15   0  11 0.06  0.0    0 10.7 17 190   M    M   3 3      23 180
27  84  63  74  13   0   9 0.37  0.0    0 13.7 20 190   M    M   6 13     25 200
28  76  59  68   7   0   3    T  0.0    0  5.6 12 190   M    M   2         M  M
================================================================================
SM 2026 1481       154  94  2.03     0.0 216.3          M      111
================================================================================
AV 72.4 52.9                               7.7 FASTST   M    M   4    MAX(MPH)
                                 MISC ---->  # 29 270               # 52  260
================================================================================
NOTES:
# LAST OF SEVERAL OCCURRENCES

COLUMN 17 PEAK WIND IN M.P.H.

PRELIMINARY LOCAL CLIMATOLOGICAL DATA (WS FORM: F-6) , PAGE 2

                                          STATION:  ERIE PA
                                          MONTH:    MAY
                                          YEAR:     2015
                                          LATITUDE:   42  4 N
                                          LONGITUDE:  80 11 W

[TEMPERATURE DATA]      [PRECIPITATION DATA]       SYMBOLS USED IN COLUMN 16

AVERAGE MONTHLY: 62.6   TOTAL FOR MONTH:   2.03    1 = FOG OR MIST
DPTR FM NORMAL:   5.7   DPTR FM NORMAL:   -1.06    2 = FOG REDUCING VISIBILITY
HIGHEST:    87 ON  9    GRTST 24HR  0.55 ON  5- 6      TO 1/4 MILE OR LESS
LOWEST:     36 ON 23,14                            3 = THUNDER
                        SNOW, ICE PELLETS, HAIL    4 = ICE PELLETS
                        TOTAL MONTH:   0.0 INCH    5 = HAIL
                        GRTST 24HR     0.0         6 = FREEZING RAIN OR DRIZZLE
                        GRTST DEPTH:   0           7 = DUSTSTORM OR SANDSTORM:
                                                       VSBY 1/2 MILE OR LESS
                                                   8 = SMOKE OR HAZE
[NO. OF DAYS WITH]      [WEATHER - DAYS WITH]      9 = BLOWING SNOW
                                                   X = TORNADO
MAX 32 OR BELOW:   0    0.01 INCH OR MORE:  13
MAX 90 OR ABOVE:   0    0.10 INCH OR MORE:   7
MIN 32 OR BELOW:   0    0.50 INCH OR MORE:   0
MIN  0 OR BELOW:   0    1.00 INCH OR MORE:   0

[HDD (BASE 65) ]
TOTAL THIS MO.   154    CLEAR  (SCALE 0-3)  12
DPTR FM NORMAL   -98    PTCLDY (SCALE 4-7)  15
TOTAL FM JUL 1  6606    CLOUDY (SCALE 8-10)  1
DPTR FM NORMAL   535

[CDD (BASE 65) ]
TOTAL THIS MO.    94
DPTR FM NORMAL    67    [PRESSURE DATA]
TOTAL FM JAN 1    94    HIGHEST SLP M ON M
DPTR FM NORMAL    60    LOWEST  SLP 29.85 ON 11

[REMARKS]
