000
CXUS53 KDMX 240920
CF6EST
PRELIMINARY LOCAL CLIMATOLOGICAL DATA (WS FORM: F-6)

                                          STATION:   ESTHERVILLE IA
                                          MONTH:     FEBRUARY
                                          YEAR:      2017
                                          LATITUDE:   43 24 N
                                          LONGITUDE:  94 45 W

  TEMPERATURE IN F:       :PCPN:    SNOW:  WIND      :SUNSHINE: SKY     :PK WND
================================================================================
1   2   3   4   5  6A  6B    7    8   9   10  11  12  13   14  15   16   17  18
                                     12Z  AVG MX 2MIN
DY MAX MIN AVG DEP HDD CDD  WTR  SNW DPTH SPD SPD DIR MIN PSBL S-S WX    SPD DR
================================================================================

 1  31  11  21   4  44   0    T    M    M 18.6 26 330   M    M   6        34 330
 2  20  10  15  -2  50   0 0.00  0.0    M 15.8 28 320   M    M   2        34 320
 3  20   7  14  -3  51   0 0.00  0.0    M 10.0 18 240   M    M   1        21 230
 4  34  11  23   5  42   0 0.00  0.0    M 17.3 33 180   M    M   3        43 190
 5  28  16  22   4  43   0 0.00  0.0    M 10.2 24 320   M    M   3        29 320
 6  39  20  30  12  35   0 0.00  0.0    M  7.5 16 190   M    M   2 1      19 190
 7  35  10  23   5  42   0 0.00  0.0    M 19.7 31 320   M    M   7 1      37 320
 8  17   4  11  -7  54   0 0.00  0.0    M 16.4 24 350   M    M   5        29 350
 9  21   5  13  -6  52   0 0.00  0.0    M 13.9 26 170   M    M   1        32 170
10  47  18  33  14  32   0 0.00  0.0    M 13.1 31 180   M    M   0        36 180
11  41  34  38  19  27   0 0.13    M    M  6.5 18 300   M    M   7 1      22 300
12  40  30  35  15  30   0 0.00  0.0    M 15.3 29 320   M    M   0        37 320
13  44  27  36  16  29   0 0.00  0.0    M 13.7 25 250   M    M   0        31 230
14  44  27  36  16  29   0 0.00  0.0    M 17.3 29 330   M    M   0        36 320
15  37  21  29   9  36   0 0.00  0.0    0  8.6 24 340   M    M   0        29 340
16  52  28  40  19  25   0 0.00  0.0    0  8.8 14 200   M    M   0 1      17 200
17  57  33  45  24  20   0 0.00  0.0    0 11.5 24 240   M    M   0        28 240
18  57  31  44  23  21   0 0.00  0.0    0  5.8 14 290   M    M   0 12     14 300
19  62  31  47  25  18   0 0.00  0.0    0 11.8 23 170   M    M   3 12     28 170
20  55  38  47  25  18   0 0.18    M    0 15.5 26 260   M    M   5 1      35 260
21  64  32  48  26  17   0 0.00  0.0    0 11.8 22 220   M    M   0 1      37 220
22  62  34  48  25  17   0 0.00  0.0    0 13.5 25 340   M    M   2        30 330
23  35  26  31   8  34   0 0.04    M    M 20.7 33  30   M    M  10 12     39  30
================================================================================
SM  942  504       766   0  0.35     0.0 303.3          M       57
================================================================================
AV 41.0 21.9                              13.2 FASTST   M    M   2    MAX(MPH)
                                 MISC ---->  # 33 180               # 43  190
================================================================================
NOTES:
# LAST OF SEVERAL OCCURRENCES

COLUMN 17 PEAK WIND IN M.P.H.

PRELIMINARY LOCAL CLIMATOLOGICAL DATA (WS FORM: F-6) , PAGE 2

                                          STATION:  ESTHERVILLE IA
                                          MONTH:    FEBRUARY
                                          YEAR:     2017
                                          LATITUDE:   43 24 N
                                          LONGITUDE:  94 45 W

[TEMPERATURE DATA]      [PRECIPITATION DATA]       SYMBOLS USED IN COLUMN 16

AVERAGE MONTHLY: 31.4   TOTAL FOR MONTH:   0.35    1 = FOG OR MIST
DPTR FM NORMAL:  11.7   DPTR FM NORMAL:    0.06    2 = FOG REDUCING VISIBILITY
HIGHEST:    64 ON 21    GRTST 24HR  0.18 ON 20-20      TO 1/4 MILE OR LESS
LOWEST:      4 ON  8                               3 = THUNDER
                        SNOW, ICE PELLETS, HAIL    4 = ICE PELLETS
                        TOTAL MONTH:   0.0 INCH    5 = HAIL
                        GRTST 24HR     0.0         6 = FREEZING RAIN OR DRIZZLE
                        GRTST DEPTH:   0           7 = DUSTSTORM OR SANDSTORM:
                                                       VSBY 1/2 MILE OR LESS
                                                   8 = SMOKE OR HAZE
[NO. OF DAYS WITH]      [WEATHER - DAYS WITH]      9 = BLOWING SNOW
                                                   X = TORNADO
MAX 32 OR BELOW:   6    0.01 INCH OR MORE:   3
MAX 90 OR ABOVE:   0    0.10 INCH OR MORE:   2
MIN 32 OR BELOW:  19    0.50 INCH OR MORE:   0
MIN  0 OR BELOW:   0    1.00 INCH OR MORE:   0

[HDD (BASE 65) ]
TOTAL THIS MO.   766    CLEAR  (SCALE 0-3)  17
DPTR FM NORMAL  -278    PTCLDY (SCALE 4-7)   5
TOTAL FM JUL 1  4793    CLOUDY (SCALE 8-10)  1
DPTR FM NORMAL  -922

[CDD (BASE 65) ]
TOTAL THIS MO.     0
DPTR FM NORMAL     0    [PRESSURE DATA]
TOTAL FM JAN 1     0    HIGHEST SLP M ON M
DPTR FM NORMAL     0    LOWEST  SLP 29.43 ON  7

[REMARKS]
