000
CXUS53 KDMX 190920
CF6EST
PRELIMINARY LOCAL CLIMATOLOGICAL DATA (WS FORM: F-6)

                                          STATION:   ESTHERVILLE IA
                                          MONTH:     OCTOBER
                                          YEAR:      2014
                                          LATITUDE:   43 24 N
                                          LONGITUDE:  94 45 W

  TEMPERATURE IN F:       :PCPN:    SNOW:  WIND      :SUNSHINE: SKY     :PK WND
================================================================================
1   2   3   4   5  6A  6B    7    8   9   10  11  12  13   14  15   16   17  18
                                     12Z  AVG MX 2MIN
DY MAX MIN AVG DEP HDD CDD  WTR  SNW DPTH SPD SPD DIR MIN PSBL S-S WX    SPD DR
================================================================================

 1  70  53  62   8   3   0 0.22  0.0    0  8.1 20 160   M    M   7 13     26 150
 2  58  44  51  -3  14   0 0.82    M    0  9.2 20 350   M    M   7 123    26 280
 3  50  35  43 -10  22   0    T    M    0 17.5 31 320   M    M   6        45 320
 4  50  32  41 -12  24   0 0.00  0.0    0 13.0 23 300   M    M   1        30 310
 5  59  35  47  -5  18   0    T  0.0    0  9.5 22 310   M    M  10        34 270
 6  64  35  50  -2  15   0 0.00  0.0    0 10.6 23 290   M    M   1        34 270
 7  63  39  51  -1  14   0    T  0.0    0 11.8 26 300   M    M   3        35 320
 8  69  34  52   1  13   0 0.17    M    0  9.1 22 260   M    M   3 1      30 260
 9  55  33  44  -7  21   0 0.01    M    0  7.3 13 360   M    M   5        17 360
10  53  28  41  -9  24   0 0.00  0.0    0  6.1 13 360   M    M   0        17 360
11  57  26  42  -8  23   0 0.00  0.0    0  7.0 15 180   M    M   0 1      18 190
12  62  33  48  -2  17   0 0.00  0.0    0 13.3 24 150   M    M   2 1      31 160
13  52  49  51   2  14   0    T    M    0 12.7 28 360   M    M  10 1      36  10
14  64  40  52   3  13   0 0.00  0.0    0 17.3 32 360   M    M   2        40 350
15  69  33  51   3  14   0 0.00  0.0    0  5.4 12 350   M    M   0        15 330
16  74  34  54   6  11   0 0.00  0.0    0 11.6 23 210   M    M   0        31 300
17  56  38  47   0  18   0 0.00  0.0    0 17.2 26 320   M    M  10        37 310
18  56  35  46  -1  19   0 0.00  0.0    0  6.9 15 330   M    M   4        18 330
================================================================================
SM 1081  656       297   0  1.22     0.0 193.6          M       71
================================================================================
AV 60.1 36.4                              10.8 FASTST   M    M   4    MAX(MPH)
                                 MISC ---->  # 32 360               # 45  320
================================================================================
NOTES:
# LAST OF SEVERAL OCCURRENCES

COLUMN 17 PEAK WIND IN M.P.H.

PRELIMINARY LOCAL CLIMATOLOGICAL DATA (WS FORM: F-6) , PAGE 2

                                          STATION:  ESTHERVILLE IA
                                          MONTH:    OCTOBER
                                          YEAR:     2014
                                          LATITUDE:   43 24 N
                                          LONGITUDE:  94 45 W

[TEMPERATURE DATA]      [PRECIPITATION DATA]       SYMBOLS USED IN COLUMN 16

AVERAGE MONTHLY: 48.2   TOTAL FOR MONTH:   1.22    1 = FOG OR MIST
DPTR FM NORMAL:  -2.3   DPTR FM NORMAL:   -0.33    2 = FOG REDUCING VISIBILITY
HIGHEST:    74 ON 16    GRTST 24HR  0.97 ON  1- 2      TO 1/4 MILE OR LESS
LOWEST:     26 ON 11                               3 = THUNDER
                        SNOW, ICE PELLETS, HAIL    4 = ICE PELLETS
                        TOTAL MONTH:   0.0 INCH    5 = HAIL
                        GRTST 24HR     0.0         6 = FREEZING RAIN OR DRIZZLE
                        GRTST DEPTH:   0           7 = DUSTSTORM OR SANDSTORM:
                                                       VSBY 1/2 MILE OR LESS
                                                   8 = SMOKE OR HAZE
[NO. OF DAYS WITH]      [WEATHER - DAYS WITH]      9 = BLOWING SNOW
                                                   X = TORNADO
MAX 32 OR BELOW:   0    0.01 INCH OR MORE:   4
MAX 90 OR ABOVE:   0    0.10 INCH OR MORE:   3
MIN 32 OR BELOW:   3    0.50 INCH OR MORE:   1
MIN  0 OR BELOW:   0    1.00 INCH OR MORE:   0

[HDD (BASE 65) ]
TOTAL THIS MO.   297    CLEAR  (SCALE 0-3)  10
DPTR FM NORMAL    32    PTCLDY (SCALE 4-7)   5
TOTAL FM JUL 1   511    CLOUDY (SCALE 8-10)  3
DPTR FM NORMAL    38

[CDD (BASE 65) ]
TOTAL THIS MO.     0
DPTR FM NORMAL    -4    [PRESSURE DATA]
TOTAL FM JAN 1   435    HIGHEST SLP M ON M
DPTR FM NORMAL  -156    LOWEST  SLP 29.56 ON M

[REMARKS]
